{"id":2327,"date":"2020-02-10T19:15:09","date_gmt":"2020-02-10T18:15:09","guid":{"rendered":"http:\/\/agora.xtec.cat\/institutlesmargues\/?page_id=2327"},"modified":"2020-02-10T20:06:04","modified_gmt":"2020-02-10T19:06:04","slug":"plataforma-moodle","status":"publish","type":"page","link":"https:\/\/agora.xtec.cat\/institutlesmargues\/projecte-educatiu\/plataforma-moodle\/","title":{"rendered":"Plataforma Moodle"},"content":{"rendered":"<p>Moodle (<em>Modular Object-Oriented Dynamic Learning Environment<\/em>) \u00e9s un programa que t\u00e9 com a objectiu crear entorns virtuals d&#8217;ensenyament i aprenentge. Els programes d&#8217;aquest tipus tamb\u00e9 reben el nom d&#8217;Entorns Virtuals d&#8217;Aprenentantge (EVA).<br \/>\nDavant altres sistemes semblants disponibles a la xarxa, Moodle t\u00e9 un avantatge important, entre molts d&#8217;altres: \u00e9s d&#8217;\u00fas lliure. Moodle \u00e9s propietat intel\u00b7lectual de\u00a0<a class=\"urlextern\" title=\"http:\/\/dougiamas.com\/\" href=\"http:\/\/dougiamas.com\/\" rel=\"nofollow\">Martin Dougiamas<\/a>, qui en va ser el creador original, per\u00f2 que el va alliberar sota\u00a0<a class=\"urlextern\" title=\"http:\/\/www.gnu.org\/copyleft\/gpl.html\" href=\"http:\/\/www.gnu.org\/copyleft\/gpl.html\" rel=\"nofollow\">llic\u00e8ncia p\u00fablica GNU<\/a>.<\/p>\n<p>Inicialment, Moodle va ser creat com a eina i marc que donessin suport a una visi\u00f3 de l&#8217;aprenentatge que tenia en compte diversos conceptes te\u00f2rics:<\/p>\n<ul>\n<li class=\"level1\">\n<div class=\"li\"><strong>Constructivisme<\/strong>: les persones\u00a0<em>constru\u00efm<\/em>\u00a0nou coneixement en interacci\u00f3 amb l&#8217;entorn.<\/div>\n<\/li>\n<li class=\"level2\">\n<div class=\"li\"><strong>Construccionisme<\/strong>: l&#8217;aprenentatge \u00e9s particularment efectiu quan constru\u00efm alguna cosa per tal que els altres l&#8217;experimentin.<\/div>\n<\/li>\n<li class=\"level2\">\n<div class=\"li\"><strong>Constructivisme social<\/strong>: amplia les idees anteriors a un grup social en el qual les persones que interactuen construeixen el coneixement de manera conjunta i cooperativa.<\/div>\n<\/li>\n<\/ul>\n<p><a href=\"https:\/\/agora.xtec.cat\/institutlesmargues\/wp-content\/uploads\/usu540\/2020\/02\/moodle.png\"><img loading=\"lazy\" decoding=\"async\" class=\"alignnone wp-image-2328\" src=\"https:\/\/agora.xtec.cat\/institutlesmargues\/wp-content\/uploads\/usu540\/2020\/02\/moodle.png\" alt=\"\" width=\"405\" height=\"103\" srcset=\"https:\/\/agora.xtec.cat\/institutlesmargues\/wp-content\/uploads\/usu540\/2020\/02\/moodle.png 444w, https:\/\/agora.xtec.cat\/institutlesmargues\/wp-content\/uploads\/usu540\/2020\/02\/moodle-300x76.png 300w\" sizes=\"auto, (max-width: 405px) 100vw, 405px\" \/><\/a><\/p>\n","protected":false},"excerpt":{"rendered":"<p>Moodle (Modular Object-Oriented Dynamic Learning Environment) \u00e9s un programa que t\u00e9 com a objectiu crear entorns virtuals d&#8217;ensenyament i aprenentge. Els programes d&#8217;aquest tipus tamb\u00e9 reben el nom d&#8217;Entorns Virtuals d&#8217;Aprenentantge (EVA). Davant altres sistemes semblants disponibles a la xarxa, Moodle t\u00e9 un avantatge important, entre molts d&#8217;altres: \u00e9s d&#8217;\u00fas lliure. Moodle \u00e9s propietat intel\u00b7lectual [&hellip;]<\/p>\n","protected":false},"author":1,"featured_media":0,"parent":57,"menu_order":0,"comment_status":"closed","ping_status":"closed","template":"","meta":{"_bbp_topic_count":0,"_bbp_reply_count":0,"_bbp_total_topic_count":0,"_bbp_total_reply_count":0,"_bbp_voice_count":0,"_bbp_anonymous_reply_count":0,"_bbp_topic_count_hidden":0,"_bbp_reply_count_hidden":0,"_bbp_forum_subforum_count":0,"site-sidebar-layout":"default","site-content-layout":"","ast-site-content-layout":"","site-content-style":"default","site-sidebar-style":"default","ast-global-header-display":"","ast-banner-title-visibility":"","ast-main-header-display":"","ast-hfb-above-header-display":"","ast-hfb-below-header-display":"","ast-hfb-mobile-header-display":"","site-post-title":"","ast-breadcrumbs-content":"","ast-featured-img":"","footer-sml-layout":"","theme-transparent-header-meta":"","adv-header-id-meta":"","stick-header-meta":"","header-above-stick-meta":"","header-main-stick-meta":"","header-below-stick-meta":"","astra-migrate-meta-layouts":"default","ast-page-background-enabled":"default","ast-page-background-meta":{"desktop":{"background-color":"var(--ast-global-color-4)","background-image":"","background-repeat":"repeat","background-position":"center center","background-size":"auto","background-attachment":"scroll","background-type":"","background-media":"","overlay-type":"","overlay-color":"","overlay-opacity":"","overlay-gradient":""},"tablet":{"background-color":"","background-image":"","background-repeat":"repeat","background-position":"center center","background-size":"auto","background-attachment":"scroll","background-type":"","background-media":"","overlay-type":"","overlay-color":"","overlay-opacity":"","overlay-gradient":""},"mobile":{"background-color":"","background-image":"","background-repeat":"repeat","background-position":"center center","background-size":"auto","background-attachment":"scroll","background-type":"","background-media":"","overlay-type":"","overlay-color":"","overlay-opacity":"","overlay-gradient":""}},"ast-content-background-meta":{"desktop":{"background-color":"var(--ast-global-color-5)","background-image":"","background-repeat":"repeat","background-position":"center center","background-size":"auto","background-attachment":"scroll","background-type":"","background-media":"","overlay-type":"","overlay-color":"","overlay-opacity":"","overlay-gradient":""},"tablet":{"background-color":"var(--ast-global-color-5)","background-image":"","background-repeat":"repeat","background-position":"center center","background-size":"auto","background-attachment":"scroll","background-type":"","background-media":"","overlay-type":"","overlay-color":"","overlay-opacity":"","overlay-gradient":""},"mobile":{"background-color":"var(--ast-global-color-5)","background-image":"","background-repeat":"repeat","background-position":"center center","background-size":"auto","background-attachment":"scroll","background-type":"","background-media":"","overlay-type":"","overlay-color":"","overlay-opacity":"","overlay-gradient":""}},"footnotes":""},"class_list":["post-2327","page","type-page","status-publish","hentry"],"post_mailing_queue_ids":[],"_links":{"self":[{"href":"https:\/\/agora.xtec.cat\/institutlesmargues\/wp-json\/wp\/v2\/pages\/2327","targetHints":{"allow":["GET"]}}],"collection":[{"href":"https:\/\/agora.xtec.cat\/institutlesmargues\/wp-json\/wp\/v2\/pages"}],"about":[{"href":"https:\/\/agora.xtec.cat\/institutlesmargues\/wp-json\/wp\/v2\/types\/page"}],"author":[{"embeddable":true,"href":"https:\/\/agora.xtec.cat\/institutlesmargues\/wp-json\/wp\/v2\/users\/1"}],"replies":[{"embeddable":true,"href":"https:\/\/agora.xtec.cat\/institutlesmargues\/wp-json\/wp\/v2\/comments?post=2327"}],"version-history":[{"count":1,"href":"https:\/\/agora.xtec.cat\/institutlesmargues\/wp-json\/wp\/v2\/pages\/2327\/revisions"}],"predecessor-version":[{"id":2329,"href":"https:\/\/agora.xtec.cat\/institutlesmargues\/wp-json\/wp\/v2\/pages\/2327\/revisions\/2329"}],"up":[{"embeddable":true,"href":"https:\/\/agora.xtec.cat\/institutlesmargues\/wp-json\/wp\/v2\/pages\/57"}],"wp:attachment":[{"href":"https:\/\/agora.xtec.cat\/institutlesmargues\/wp-json\/wp\/v2\/media?parent=2327"}],"curies":[{"name":"wp","href":"https:\/\/api.w.org\/{rel}","templated":true}]}}