{"id":2273,"date":"2020-01-27T14:11:56","date_gmt":"2020-01-27T13:11:56","guid":{"rendered":"http:\/\/agora.xtec.cat\/institutlesmargues\/?page_id=2273"},"modified":"2025-10-31T09:54:12","modified_gmt":"2025-10-31T08:54:12","slug":"projecte-saber-es-salvar","status":"publish","type":"page","link":"https:\/\/agora.xtec.cat\/institutlesmargues\/projecte-educatiu\/projecte-saber-es-salvar\/","title":{"rendered":"Saber \u00e9s Salvar"},"content":{"rendered":"<p>L&#8217;Institut Les Margues participa en el programa de la Creu Roja de formaci\u00f3 en primers auxilis, tant per alumnes com professors.<\/p>\n<p style=\"text-align: justify;\">Es comen\u00e7a a 1r d&#8217;ESO i \u00e9s un aprenentatge significatiu i acumulatiu fins a 4t d&#8217;ESO. Aix\u00ed doncs, \u00e9s un aprenentatge pr\u00e0ctic, l\u00fadic i progressiu adaptat a l\u2019edat madurativa dels adolescents. A cada curs, es contextualitzen els primers auxilis segons un centre d\u2019inter\u00e8s (carrer, institut, platja, etc.) i s\u2019aborda com prevenir situacions de perill i qu\u00e8 fer.<\/p>\n<p style=\"font-weight: 400;\">Cada any es repassa el que han apr\u00e8s al curs anterior i s\u2019introdueix una t\u00e8cnica nova de primers auxilis. De manera que posen en pr\u00e0ctica els coneixements adquirits i els refresquen, aconseguint que interioritzin tant els coneixements com les habilitats, guanyant seguretat i confian\u00e7a.<\/p>\n<p style=\"font-weight: 400;\">Quan finalitzen 4t d&#8217;ESO, han entrenat durant cinc anys la RCP (Ressuscitaci\u00f3 Cardiopulmonar).<\/p>\n<p><a href=\"https:\/\/agora.xtec.cat\/institutlesmargues\/wp-content\/uploads\/usu540\/2020\/01\/497634-original.jpg\"><img loading=\"lazy\" decoding=\"async\" class=\"wp-image-2274 alignleft\" src=\"https:\/\/agora.xtec.cat\/institutlesmargues\/wp-content\/uploads\/usu540\/2020\/01\/497634-original-1024x1024.jpg\" alt=\"\" width=\"337\" height=\"337\" srcset=\"https:\/\/agora.xtec.cat\/institutlesmargues\/wp-content\/uploads\/usu540\/2020\/01\/497634-original-1024x1024.jpg 1024w, https:\/\/agora.xtec.cat\/institutlesmargues\/wp-content\/uploads\/usu540\/2020\/01\/497634-original-150x150.jpg 150w, https:\/\/agora.xtec.cat\/institutlesmargues\/wp-content\/uploads\/usu540\/2020\/01\/497634-original-300x300.jpg 300w, https:\/\/agora.xtec.cat\/institutlesmargues\/wp-content\/uploads\/usu540\/2020\/01\/497634-original-768x768.jpg 768w, https:\/\/agora.xtec.cat\/institutlesmargues\/wp-content\/uploads\/usu540\/2020\/01\/497634-original.jpg 1200w\" sizes=\"auto, (max-width: 337px) 100vw, 337px\" \/><\/a><\/p>\n<p style=\"font-weight: 400;\">Un tall, una cremada, un cop,\u00a0 ennuegar-se o una aturada cardiopulmonar s\u00f3n situacions amb les quals ens hem trobat o que, malauradament, ens podem trobar.<\/p>\n<p style=\"font-weight: 400;\">La majoria d\u2019accidents succeeixen qualsevol moment del dia i lluny d\u2019un centre sanitari: a casa, a l\u2019institut, al parc, a la feina, a la muntanya, a la platja&#8230; S\u00f3n moments de nervis, d\u2019angoixa, de no saber qu\u00e8 fer ni a qui avisar. Volem que aix\u00f2 no passi i que puguin actuar amb rapidesa, seguretat i confian\u00e7a, perqu\u00e8 cada minut compte, sobretot, quan la vida d\u2019una persona est\u00e0 en risc.<\/p>\n<p style=\"font-weight: 400;\">Segons la Federaci\u00f3 Internacional de la Creu Roja, una persona de cada llar hauria de saber primers auxilis i s\u2019ha de promoure aquesta formaci\u00f3 des de les escoles i\/o instituts. Aquesta recomanaci\u00f3 tamb\u00e9 la fa l\u2019ERC (European Resuscitation Council) i es recull en el Real Decret 126\/2014 de 28 de febrer, el qual estableix que un dels continguts que s\u2019han d\u2019impartir a les escoles i\/o instituts s\u00f3n els primers auxilis: con\u00e8ixer les actuacions b\u00e0siques i les accions preventives.<\/p>\n<p style=\"font-weight: 400;\">L\u2019institut \u00e9s el lloc m\u00e9s adient per fer-ho, perqu\u00e8 comencen a adquirir la responsabilitat de cuidar-se, ajudar els altres i d\u2019evitar perills.<\/p>\n<p>&nbsp;<\/p>\n<p>&nbsp;<\/p>\n<p style=\"font-weight: 400;\">\n","protected":false},"excerpt":{"rendered":"<p>L&#8217;Institut Les Margues participa en el programa de la Creu Roja de formaci\u00f3 en primers auxilis, tant per alumnes com professors. Es comen\u00e7a a 1r d&#8217;ESO i \u00e9s un aprenentatge significatiu i acumulatiu fins a 4t d&#8217;ESO. Aix\u00ed doncs, \u00e9s un aprenentatge pr\u00e0ctic, l\u00fadic i progressiu adaptat a l\u2019edat madurativa dels adolescents. A cada curs, [&hellip;]<\/p>\n","protected":false},"author":1,"featured_media":0,"parent":57,"menu_order":0,"comment_status":"closed","ping_status":"closed","template":"","meta":{"_bbp_topic_count":0,"_bbp_reply_count":0,"_bbp_total_topic_count":0,"_bbp_total_reply_count":0,"_bbp_voice_count":0,"_bbp_anonymous_reply_count":0,"_bbp_topic_count_hidden":0,"_bbp_reply_count_hidden":0,"_bbp_forum_subforum_count":0,"site-sidebar-layout":"default","site-content-layout":"","ast-site-content-layout":"default","site-content-style":"default","site-sidebar-style":"default","ast-global-header-display":"","ast-banner-title-visibility":"","ast-main-header-display":"","ast-hfb-above-header-display":"","ast-hfb-below-header-display":"","ast-hfb-mobile-header-display":"","site-post-title":"","ast-breadcrumbs-content":"","ast-featured-img":"","footer-sml-layout":"","theme-transparent-header-meta":"default","adv-header-id-meta":"","stick-header-meta":"","header-above-stick-meta":"","header-main-stick-meta":"","header-below-stick-meta":"","astra-migrate-meta-layouts":"set","ast-page-background-enabled":"default","ast-page-background-meta":{"desktop":{"background-color":"var(--ast-global-color-4)","background-image":"","background-repeat":"repeat","background-position":"center center","background-size":"auto","background-attachment":"scroll","background-type":"","background-media":"","overlay-type":"","overlay-color":"","overlay-opacity":"","overlay-gradient":""},"tablet":{"background-color":"","background-image":"","background-repeat":"repeat","background-position":"center center","background-size":"auto","background-attachment":"scroll","background-type":"","background-media":"","overlay-type":"","overlay-color":"","overlay-opacity":"","overlay-gradient":""},"mobile":{"background-color":"","background-image":"","background-repeat":"repeat","background-position":"center center","background-size":"auto","background-attachment":"scroll","background-type":"","background-media":"","overlay-type":"","overlay-color":"","overlay-opacity":"","overlay-gradient":""}},"ast-content-background-meta":{"desktop":{"background-color":"var(--ast-global-color-5)","background-image":"","background-repeat":"repeat","background-position":"center center","background-size":"auto","background-attachment":"scroll","background-type":"","background-media":"","overlay-type":"","overlay-color":"","overlay-opacity":"","overlay-gradient":""},"tablet":{"background-color":"var(--ast-global-color-5)","background-image":"","background-repeat":"repeat","background-position":"center center","background-size":"auto","background-attachment":"scroll","background-type":"","background-media":"","overlay-type":"","overlay-color":"","overlay-opacity":"","overlay-gradient":""},"mobile":{"background-color":"var(--ast-global-color-5)","background-image":"","background-repeat":"repeat","background-position":"center center","background-size":"auto","background-attachment":"scroll","background-type":"","background-media":"","overlay-type":"","overlay-color":"","overlay-opacity":"","overlay-gradient":""}},"footnotes":""},"class_list":["post-2273","page","type-page","status-publish","hentry"],"post_mailing_queue_ids":[],"_links":{"self":[{"href":"https:\/\/agora.xtec.cat\/institutlesmargues\/wp-json\/wp\/v2\/pages\/2273","targetHints":{"allow":["GET"]}}],"collection":[{"href":"https:\/\/agora.xtec.cat\/institutlesmargues\/wp-json\/wp\/v2\/pages"}],"about":[{"href":"https:\/\/agora.xtec.cat\/institutlesmargues\/wp-json\/wp\/v2\/types\/page"}],"author":[{"embeddable":true,"href":"https:\/\/agora.xtec.cat\/institutlesmargues\/wp-json\/wp\/v2\/users\/1"}],"replies":[{"embeddable":true,"href":"https:\/\/agora.xtec.cat\/institutlesmargues\/wp-json\/wp\/v2\/comments?post=2273"}],"version-history":[{"count":4,"href":"https:\/\/agora.xtec.cat\/institutlesmargues\/wp-json\/wp\/v2\/pages\/2273\/revisions"}],"predecessor-version":[{"id":7546,"href":"https:\/\/agora.xtec.cat\/institutlesmargues\/wp-json\/wp\/v2\/pages\/2273\/revisions\/7546"}],"up":[{"embeddable":true,"href":"https:\/\/agora.xtec.cat\/institutlesmargues\/wp-json\/wp\/v2\/pages\/57"}],"wp:attachment":[{"href":"https:\/\/agora.xtec.cat\/institutlesmargues\/wp-json\/wp\/v2\/media?parent=2273"}],"curies":[{"name":"wp","href":"https:\/\/api.w.org\/{rel}","templated":true}]}}