{"id":46,"date":"2014-09-17T16:53:45","date_gmt":"2014-09-17T16:53:45","guid":{"rendered":"http:\/\/agora.xtec.cat\/institutlasureda\/?page_id=46"},"modified":"2026-04-10T09:42:21","modified_gmt":"2026-04-10T07:42:21","slug":"organigrama","status":"publish","type":"page","link":"https:\/\/agora.xtec.cat\/institutlasureda\/linstitut\/organigrama\/","title":{"rendered":"Organigrama"},"content":{"rendered":"<p>A l&#8217;institut La Sureda ens organitzem de la seg\u00fcent manera:<\/p>\n<h2><b>Composici\u00f3 de l\u2019equip directiu<\/b><\/h2>\n<table style=\"width: 44.9501%;\">\n<tbody>\n<tr>\n<td style=\"width: 61.2457%;\"><b>C\u00e0rrec<\/b><\/td>\n<td style=\"width: 150.052%;\"><b>Professorat<\/b><\/td>\n<\/tr>\n<tr>\n<td style=\"width: 61.2457%;\">Directora<\/td>\n<td style=\"width: 150.052%;\">Mireia Pacreu<\/td>\n<\/tr>\n<tr>\n<td style=\"width: 61.2457%;\">Coordinadora pedag\u00f2gica<\/td>\n<td style=\"width: 150.052%;\">Cristina Cort\u00e9s<\/td>\n<\/tr>\n<tr>\n<td style=\"width: 61.2457%;\">Cap d\u2019estudis<\/td>\n<td style=\"width: 150.052%;\">Montse Teixidor<\/td>\n<\/tr>\n<tr>\n<td style=\"width: 61.2457%;\">Secretari de direcci\u00f3<\/td>\n<td style=\"width: 150.052%;\">Narc\u00eds Gir\u00f3<\/td>\n<\/tr>\n<\/tbody>\n<\/table>\n<h2><b>\u00d2rgans de coordinaci\u00f3<\/b><\/h2>\n<table style=\"width: 58.9744%; height: 632px;\">\n<tbody>\n<tr style=\"height: 34px;\">\n<td style=\"height: 34px;\"><b>C\u00e0rrec<\/b><\/td>\n<td style=\"height: 34px;\"><b>Professorat<\/b><\/td>\n<\/tr>\n<tr style=\"height: 33px;\">\n<td style=\"height: 33px;\"><span style=\"font-weight: 400;\">Coordinadora digital<\/span><\/td>\n<td style=\"height: 33px;\"><span style=\"font-weight: 400;\">Coral Vidal<\/span><\/td>\n<\/tr>\n<tr>\n<td><span style=\"font-weight: 400;\">Coordinadora mediambient<\/span><\/td>\n<td><span style=\"font-weight: 400;\">Georgina Deulofeu<\/span><\/td>\n<\/tr>\n<tr style=\"height: 33px;\">\n<td style=\"height: 33px;\"><span style=\"font-weight: 400;\">Coordinadora del servei comunitari<\/span><\/td>\n<td style=\"height: 33px;\"><span style=\"font-weight: 400;\">Cristina Mart\u00ednez<\/span><\/td>\n<\/tr>\n<tr style=\"height: 49px;\">\n<td style=\"height: 49px;\"><span style=\"font-weight: 400;\">Coordinador de prevenci\u00f3 de riscos laborals\u00a0<\/span><\/td>\n<td style=\"height: 49px;\"><span style=\"font-weight: 400;\">Jordi Ribera<\/span><\/td>\n<\/tr>\n<tr style=\"height: 33px;\">\n<td style=\"height: 33px;\">Coordinadora 1ESO i 2ESO<\/td>\n<td style=\"height: 33px;\"><span style=\"font-weight: 400;\">Maria De Prado<\/span><\/td>\n<\/tr>\n<tr style=\"height: 33px;\">\n<td style=\"height: 33px;\">Coordinadora 3ESO i 4ESO<\/td>\n<td style=\"height: 33px;\"><span style=\"font-weight: 400;\">Eva Cama<\/span><\/td>\n<\/tr>\n<tr style=\"height: 33px;\">\n<td style=\"height: 33px;\">Coordinadora LIC<\/td>\n<td style=\"height: 33px;\"><span style=\"font-weight: 400;\">Iman Yassin<\/span><\/td>\n<\/tr>\n<tr style=\"height: 33px;\">\n<td style=\"height: 33px;\">Coordinadora Biblioteca<\/td>\n<td style=\"height: 33px;\"><span style=\"font-weight: 400;\">J\u00falia Moncos\u00ed<\/span><\/td>\n<\/tr>\n<tr style=\"height: 13px;\">\n<td style=\"height: 13px;\">Coordinadora Comunicaci\u00f3<\/td>\n<td style=\"height: 13px;\"><span style=\"font-weight: 400;\">Cristina Espejo<\/span><\/td>\n<\/tr>\n<tr style=\"height: 35px;\">\n<td style=\"height: 35px;\">Coordinadora de Projectes 1ESO i 2ESO<\/td>\n<td style=\"height: 35px;\"><span style=\"font-weight: 400;\">Ariadna Oller<\/span><\/td>\n<\/tr>\n<tr style=\"height: 33px;\">\n<td style=\"height: 33px;\">Coordinador de Projectes 3ESO i 4ESO<\/td>\n<td style=\"height: 33px;\"><span style=\"font-weight: 400;\">Jordi Casellas<\/span><\/td>\n<\/tr>\n<tr style=\"height: 33px;\">\n<td style=\"height: 33px;\">Coordinador Pati<\/td>\n<td style=\"height: 33px;\"><span style=\"font-weight: 400;\">Jordi Casellas\u00a0<\/span><\/td>\n<\/tr>\n<tr style=\"height: 33px;\">\n<td style=\"height: 33px;\">Coordinadora MUFPS<\/td>\n<td style=\"height: 33px;\"><span style=\"font-weight: 400;\">Marta Soriano<\/span><\/td>\n<\/tr>\n<tr style=\"height: 33px;\">\n<td style=\"height: 33px;\">Coordinadora revista<\/td>\n<td style=\"height: 33px;\"><span style=\"font-weight: 400;\">Laura Fern\u00e1ndez<\/span><\/td>\n<\/tr>\n<tr>\n<td>Coordinadora mobilitat<\/td>\n<td><span style=\"font-weight: 400;\">T\u00e0nia Ruiz<\/span><\/td>\n<\/tr>\n<tr>\n<td>Coordinador First<\/td>\n<td><span style=\"font-weight: 400;\">Andrew Woodward<\/span><\/td>\n<\/tr>\n<tr style=\"height: 33px;\">\n<td style=\"height: 33px;\">Cap d&#8217;\u00e0mbit tecnologia i matem\u00e0tiques<\/td>\n<td style=\"height: 33px;\"><span style=\"font-weight: 400;\">Francesc Prat<\/span><\/td>\n<\/tr>\n<tr style=\"height: 23px;\">\n<td style=\"height: 23px;\">Cap d&#8217;\u00e0mbit ci\u00e8ncies<\/td>\n<td style=\"height: 23px;\"><span style=\"font-weight: 400;\">Georgina Deulofeu<\/span><\/td>\n<\/tr>\n<tr style=\"height: 23px;\">\n<td style=\"height: 23px;\">Cap d&#8217;\u00e0mbit catal\u00e0 i castell\u00e0<\/td>\n<td style=\"height: 23px;\"><span style=\"font-weight: 400;\">J\u00falia Massot<\/span><\/td>\n<\/tr>\n<tr style=\"height: 23px;\">\n<td style=\"height: 23px;\">Cap d&#8217;\u00e0mbit social i lleng\u00fces estrangeres<\/td>\n<td style=\"height: 23px;\"><span style=\"font-weight: 400;\">Laura Fern\u00e1ndez<\/span><\/td>\n<\/tr>\n<tr style=\"height: 23px;\">\n<td style=\"height: 23px;\">Cap d&#8217;\u00e0mbit esports i arts<\/td>\n<td style=\"height: 23px;\"><span style=\"font-weight: 400;\">Jordi Casellas<\/span><\/td>\n<\/tr>\n<tr style=\"height: 46px;\">\n<td style=\"height: 46px;\">Coordinadora de coeducaci\u00f3, conviv\u00e8ncia i benestar<\/td>\n<td style=\"height: 46px;\"><span style=\"font-weight: 400;\">Maria Isabel Gutierrez<\/span><\/td>\n<\/tr>\n<\/tbody>\n<\/table>\n<h2><b>Tutories<\/b><\/h2>\n<table style=\"width: 49.7098%; height: 599px;\">\n<tbody>\n<tr style=\"height: 10px;\">\n<td style=\"width: 40.3862%; height: 10px;\"><b>Tutoria<\/b><\/td>\n<td style=\"width: 263.306%; height: 10px;\"><b>Professorat<\/b><\/td>\n<\/tr>\n<tr style=\"height: 37px;\">\n<td style=\"width: 40.3862%; height: 37px;\"><span style=\"font-weight: 400;\">1A<\/span><\/td>\n<td style=\"width: 263.306%; height: 37px;\"><span style=\"font-weight: 400;\">Alba Figueras<\/span><\/td>\n<\/tr>\n<tr style=\"height: 37px;\">\n<td style=\"width: 40.3862%; height: 37px;\"><span style=\"font-weight: 400;\">1B<\/span><\/td>\n<td style=\"width: 263.306%; height: 37px;\">Ariadna Oller<\/td>\n<\/tr>\n<tr style=\"height: 37px;\">\n<td style=\"width: 40.3862%; height: 37px;\"><span style=\"font-weight: 400;\">1C<\/span><\/td>\n<td style=\"width: 263.306%; height: 37px;\">Cristina Espejo<\/td>\n<\/tr>\n<tr style=\"height: 37px;\">\n<td style=\"width: 40.3862%; height: 37px;\"><span style=\"font-weight: 400;\">1D<\/span><\/td>\n<td style=\"width: 263.306%; height: 37px;\">Alejandro Hern\u00e1ndez<\/td>\n<\/tr>\n<tr style=\"height: 37px;\">\n<td style=\"width: 40.3862%; height: 37px;\"><span style=\"font-weight: 400;\">2A<\/span><\/td>\n<td style=\"width: 263.306%; height: 37px;\">Gosia Kochanowicz<\/td>\n<\/tr>\n<tr style=\"height: 37px;\">\n<td style=\"width: 40.3862%; height: 37px;\"><span style=\"font-weight: 400;\">2B<\/span><\/td>\n<td style=\"width: 263.306%; height: 37px;\">J\u00falia Massot<\/td>\n<\/tr>\n<tr style=\"height: 37px;\">\n<td style=\"width: 40.3862%; height: 37px;\"><span style=\"font-weight: 400;\">2C<\/span><\/td>\n<td style=\"width: 263.306%; height: 37px;\">T\u00e0nia Ruiz<\/td>\n<\/tr>\n<tr style=\"height: 33px;\">\n<td style=\"width: 40.3862%; height: 33px;\">2D<\/td>\n<td style=\"width: 263.306%; height: 33px;\">Maria de Prado<\/td>\n<\/tr>\n<tr style=\"height: 33px;\">\n<td style=\"width: 40.3862%; height: 33px;\"><span style=\"font-weight: 400;\">3A<\/span><\/td>\n<td style=\"width: 263.306%; height: 33px;\">Francesc Pujol<\/td>\n<\/tr>\n<tr style=\"height: 33px;\">\n<td style=\"width: 40.3862%; height: 33px;\"><span style=\"font-weight: 400;\">3B<\/span><\/td>\n<td style=\"width: 263.306%; height: 33px;\">\u00a0S\u00edlvia Freixa<\/td>\n<\/tr>\n<tr style=\"height: 33px;\">\n<td style=\"width: 40.3862%; height: 33px;\"><span style=\"font-weight: 400;\">3C<\/span><\/td>\n<td style=\"width: 263.306%; height: 33px;\">Laura Fern\u00e1ndez<\/td>\n<\/tr>\n<tr style=\"height: 33px;\">\n<td style=\"width: 40.3862%; height: 33px;\"><span style=\"font-weight: 400;\">4A<\/span><\/td>\n<td style=\"width: 263.306%; height: 33px;\">J\u00falia Moncos\u00ed<\/td>\n<\/tr>\n<tr style=\"height: 33px;\">\n<td style=\"width: 40.3862%; height: 33px;\"><span style=\"font-weight: 400;\">4B<\/span><\/td>\n<td style=\"width: 263.306%; height: 33px;\">Eva Cama<\/td>\n<\/tr>\n<tr style=\"height: 33px;\">\n<td style=\"width: 40.3862%; height: 33px;\">Aula d&#8217;acollida<\/td>\n<td style=\"width: 263.306%; height: 33px;\">Cristina Mart\u00ednez<\/td>\n<\/tr>\n<\/tbody>\n<\/table>\n<p>\u00a0<\/p>\n\n\n<figure class=\"wp-block-image size-large\"><a href=\"https:\/\/agora.xtec.cat\/institutlasureda\/wp-content\/uploads\/usu2113\/2026\/04\/EQUIP-DOCENT-I-PAS-INS-LA-SUREDA-1.png\"><img loading=\"lazy\" decoding=\"async\" width=\"1024\" height=\"576\" src=\"https:\/\/agora.xtec.cat\/institutlasureda\/wp-content\/uploads\/usu2113\/2026\/04\/EQUIP-DOCENT-I-PAS-INS-LA-SUREDA-1-1024x576.png\" alt=\"\" class=\"wp-image-4873\" srcset=\"https:\/\/agora.xtec.cat\/institutlasureda\/wp-content\/uploads\/usu2113\/2026\/04\/EQUIP-DOCENT-I-PAS-INS-LA-SUREDA-1-1024x576.png 1024w, https:\/\/agora.xtec.cat\/institutlasureda\/wp-content\/uploads\/usu2113\/2026\/04\/EQUIP-DOCENT-I-PAS-INS-LA-SUREDA-1-300x169.png 300w, https:\/\/agora.xtec.cat\/institutlasureda\/wp-content\/uploads\/usu2113\/2026\/04\/EQUIP-DOCENT-I-PAS-INS-LA-SUREDA-1-768x432.png 768w, https:\/\/agora.xtec.cat\/institutlasureda\/wp-content\/uploads\/usu2113\/2026\/04\/EQUIP-DOCENT-I-PAS-INS-LA-SUREDA-1-1536x864.png 1536w, https:\/\/agora.xtec.cat\/institutlasureda\/wp-content\/uploads\/usu2113\/2026\/04\/EQUIP-DOCENT-I-PAS-INS-LA-SUREDA-1.png 1920w\" sizes=\"auto, (max-width: 1024px) 100vw, 1024px\" \/><\/a><\/figure>\n","protected":false},"excerpt":{"rendered":"<p>A l&#8217;institut La Sureda ens organitzem de la seg\u00fcent manera: Composici\u00f3 de l\u2019equip directiu C\u00e0rrec Professorat Directora Mireia Pacreu Coordinadora pedag\u00f2gica Cristina Cort\u00e9s Cap d\u2019estudis Montse Teixidor Secretari de direcci\u00f3 Narc\u00eds Gir\u00f3 \u00d2rgans de coordinaci\u00f3 C\u00e0rrec Professorat Coordinadora digital Coral Vidal Coordinadora mediambient Georgina Deulofeu Coordinadora del servei comunitari Cristina Mart\u00ednez Coordinador de prevenci\u00f3 de [&hellip;]<\/p>\n","protected":false},"author":1,"featured_media":0,"parent":19,"menu_order":50,"comment_status":"closed","ping_status":"closed","template":"","meta":{"_bbp_topic_count":0,"_bbp_reply_count":0,"_bbp_total_topic_count":0,"_bbp_total_reply_count":0,"_bbp_voice_count":0,"_bbp_anonymous_reply_count":0,"_bbp_topic_count_hidden":0,"_bbp_reply_count_hidden":0,"_bbp_forum_subforum_count":0,"site-sidebar-layout":"default","site-content-layout":"","ast-site-content-layout":"default","site-content-style":"default","site-sidebar-style":"default","ast-global-header-display":"","ast-banner-title-visibility":"","ast-main-header-display":"","ast-hfb-above-header-display":"","ast-hfb-below-header-display":"","ast-hfb-mobile-header-display":"","site-post-title":"","ast-breadcrumbs-content":"","ast-featured-img":"","footer-sml-layout":"","theme-transparent-header-meta":"","adv-header-id-meta":"","stick-header-meta":"","header-above-stick-meta":"","header-main-stick-meta":"","header-below-stick-meta":"","astra-migrate-meta-layouts":"set","ast-page-background-enabled":"default","ast-page-background-meta":{"desktop":{"background-color":"var(--ast-global-color-4)","background-image":"","background-repeat":"repeat","background-position":"center center","background-size":"auto","background-attachment":"scroll","background-type":"","background-media":"","overlay-type":"","overlay-color":"","overlay-opacity":"","overlay-gradient":""},"tablet":{"background-color":"","background-image":"","background-repeat":"repeat","background-position":"center center","background-size":"auto","background-attachment":"scroll","background-type":"","background-media":"","overlay-type":"","overlay-color":"","overlay-opacity":"","overlay-gradient":""},"mobile":{"background-color":"","background-image":"","background-repeat":"repeat","background-position":"center center","background-size":"auto","background-attachment":"scroll","background-type":"","background-media":"","overlay-type":"","overlay-color":"","overlay-opacity":"","overlay-gradient":""}},"ast-content-background-meta":{"desktop":{"background-color":"var(--ast-global-color-5)","background-image":"","background-repeat":"repeat","background-position":"center center","background-size":"auto","background-attachment":"scroll","background-type":"","background-media":"","overlay-type":"","overlay-color":"","overlay-opacity":"","overlay-gradient":""},"tablet":{"background-color":"var(--ast-global-color-5)","background-image":"","background-repeat":"repeat","background-position":"center center","background-size":"auto","background-attachment":"scroll","background-type":"","background-media":"","overlay-type":"","overlay-color":"","overlay-opacity":"","overlay-gradient":""},"mobile":{"background-color":"var(--ast-global-color-5)","background-image":"","background-repeat":"repeat","background-position":"center center","background-size":"auto","background-attachment":"scroll","background-type":"","background-media":"","overlay-type":"","overlay-color":"","overlay-opacity":"","overlay-gradient":""}},"footnotes":""},"class_list":["post-46","page","type-page","status-publish","hentry"],"post_mailing_queue_ids":[],"_links":{"self":[{"href":"https:\/\/agora.xtec.cat\/institutlasureda\/wp-json\/wp\/v2\/pages\/46","targetHints":{"allow":["GET"]}}],"collection":[{"href":"https:\/\/agora.xtec.cat\/institutlasureda\/wp-json\/wp\/v2\/pages"}],"about":[{"href":"https:\/\/agora.xtec.cat\/institutlasureda\/wp-json\/wp\/v2\/types\/page"}],"author":[{"embeddable":true,"href":"https:\/\/agora.xtec.cat\/institutlasureda\/wp-json\/wp\/v2\/users\/1"}],"replies":[{"embeddable":true,"href":"https:\/\/agora.xtec.cat\/institutlasureda\/wp-json\/wp\/v2\/comments?post=46"}],"version-history":[{"count":5,"href":"https:\/\/agora.xtec.cat\/institutlasureda\/wp-json\/wp\/v2\/pages\/46\/revisions"}],"predecessor-version":[{"id":4874,"href":"https:\/\/agora.xtec.cat\/institutlasureda\/wp-json\/wp\/v2\/pages\/46\/revisions\/4874"}],"up":[{"embeddable":true,"href":"https:\/\/agora.xtec.cat\/institutlasureda\/wp-json\/wp\/v2\/pages\/19"}],"wp:attachment":[{"href":"https:\/\/agora.xtec.cat\/institutlasureda\/wp-json\/wp\/v2\/media?parent=46"}],"curies":[{"name":"wp","href":"https:\/\/api.w.org\/{rel}","templated":true}]}}