{"id":1895,"date":"2022-03-04T11:54:03","date_gmt":"2022-03-04T10:54:03","guid":{"rendered":"https:\/\/agora.xtec.cat\/institutlasureda\/?page_id=1895"},"modified":"2022-03-04T19:48:30","modified_gmt":"2022-03-04T18:48:30","slug":"i-educacio","status":"publish","type":"page","link":"https:\/\/agora.xtec.cat\/institutlasureda\/i-educacio\/","title":{"rendered":"I-EDUCA"},"content":{"rendered":"<p>i-Educa \u00e9s la plataforma de comunicaci\u00f3 del nostre centre. A trav\u00e9s d&#8217;aquesta plataforma les fam\u00edlies i els i les docents poden\u00a0 estar en contacte d&#8217;una forma fluida i pr\u00e0ctica aix\u00ed com fer el seguiment dels nois i noies.<\/p>\n<p>Un cop feta la matr\u00edcula, la direcci\u00f3 del centre facilita els noms d&#8217;usuari i les contrasenyes als pares, mares i o tutors\/es. El primer cop que s&#8217;accedeix a la plataforma s&#8217;ha de canviar la contrasenya.<\/p>\n<p>La comunicaci\u00f3 amb\u00a0<span style=\"font-family: inherit; font-size: 1em;\">el professorat es fa a trav\u00e9s de missatgeria interna. A la plataforma tamb\u00e9 es troba l&#8217;horari de classes dels seus fills i filles, aix\u00ed com les observacions i\/o incid\u00e8ncies del dia a dia de les aules, i el seguiment de l&#8217;assist\u00e8ncia.<\/span><\/p>\n<p>D&#8217;altra banda l&#8217;alumnat tamb\u00e9 hi t\u00e9 acc\u00e9s a la plataforma des del perfil d&#8217;alumne, amb l&#8217;usuari i contrasenya que es facilita des de la direcci\u00f3.<\/p>\n<p>Tamb\u00e9 \u00e9s l&#8217;eina de <span style=\"font-family: inherit; font-size: 1em;\">comunicaci\u00f3 per totes aquelles informacions que des de l&#8217;equip directiu es vulguin fer arribar a les fam\u00edlies. <\/span>A continuaci\u00f3 us oferim algunes eines per fer -vos m\u00e9s f\u00e0cil la gesti\u00f3 de la plataforma.<\/p>\n<p><a style=\"color: #2795b6;\" href=\"https:\/\/view.genial.ly\/62060ee8ab239900110f3b56\/presentation-ieduca-que-puc-fer-com-a-pare-a-ieduca\"><span style=\"color: #2795b6;\"><img loading=\"lazy\" decoding=\"async\" class=\"wp-image-1907 alignleft\" src=\"https:\/\/agora.xtec.cat\/institutlasureda\/wp-content\/uploads\/usu2113\/2022\/03\/Ieduca-300x170.jpg\" alt=\"\" width=\"346\" height=\"196\" srcset=\"https:\/\/agora.xtec.cat\/institutlasureda\/wp-content\/uploads\/usu2113\/2022\/03\/Ieduca-300x170.jpg 300w, https:\/\/agora.xtec.cat\/institutlasureda\/wp-content\/uploads\/usu2113\/2022\/03\/Ieduca-1024x579.jpg 1024w, https:\/\/agora.xtec.cat\/institutlasureda\/wp-content\/uploads\/usu2113\/2022\/03\/Ieduca-768x434.jpg 768w, https:\/\/agora.xtec.cat\/institutlasureda\/wp-content\/uploads\/usu2113\/2022\/03\/Ieduca.jpg 1080w\" sizes=\"auto, (max-width: 346px) 100vw, 346px\" \/>\u00a0 \u00a0 \u00a0 \u00a0 \u00a0 \u00a0 \u00a0 \u00a0 \u00a0 \u00a0 \u00a0 <\/span><\/a><strong><a href=\"https:\/\/agora.xtec.cat\/institutlasureda\/wp-content\/uploads\/usu2113\/2022\/03\/Beneficis-APP-iEduca-per-les-families.pdf\">Beneficis APP iEduca per les fam\u00edlies <\/a><\/strong><\/p>\n<p><strong><a href=\"https:\/\/agora.xtec.cat\/institutlasureda\/wp-content\/uploads\/usu2113\/2022\/03\/Guia-iEduca-per-les-families.pdf\">\u00a0 \u00a0 \u00a0 \u00a0 \u00a0 \u00a0 \u00a0 \u00a0 \u00a0 \u00a0 \u00a0 Guia iEduca per les fam\u00edlies<\/a><\/strong><\/p>\n<p>&nbsp;<\/p>\n<p>&nbsp;<\/p>\n<p>&nbsp;<\/p>\n<p>&nbsp;<\/p>\n<p>&nbsp;<\/p>\n<p>&nbsp;<\/p>\n<p>&nbsp;<\/p>\n","protected":false},"excerpt":{"rendered":"<p>i-Educa \u00e9s la plataforma de comunicaci\u00f3 del nostre centre. A trav\u00e9s d&#8217;aquesta plataforma les fam\u00edlies i els i les docents poden\u00a0 estar en contacte d&#8217;una forma fluida i pr\u00e0ctica aix\u00ed com fer el seguiment dels nois i noies. Un cop feta la matr\u00edcula, la direcci\u00f3 del centre facilita els noms d&#8217;usuari i les contrasenyes als [&hellip;]<\/p>\n","protected":false},"author":11,"featured_media":0,"parent":0,"menu_order":0,"comment_status":"closed","ping_status":"closed","template":"","meta":{"_bbp_topic_count":0,"_bbp_reply_count":0,"_bbp_total_topic_count":0,"_bbp_total_reply_count":0,"_bbp_voice_count":0,"_bbp_anonymous_reply_count":0,"_bbp_topic_count_hidden":0,"_bbp_reply_count_hidden":0,"_bbp_forum_subforum_count":0,"site-sidebar-layout":"default","site-content-layout":"","ast-site-content-layout":"","site-content-style":"default","site-sidebar-style":"default","ast-global-header-display":"","ast-banner-title-visibility":"","ast-main-header-display":"","ast-hfb-above-header-display":"","ast-hfb-below-header-display":"","ast-hfb-mobile-header-display":"","site-post-title":"","ast-breadcrumbs-content":"","ast-featured-img":"","footer-sml-layout":"","theme-transparent-header-meta":"","adv-header-id-meta":"","stick-header-meta":"","header-above-stick-meta":"","header-main-stick-meta":"","header-below-stick-meta":"","astra-migrate-meta-layouts":"default","ast-page-background-enabled":"default","ast-page-background-meta":{"desktop":{"background-color":"var(--ast-global-color-4)","background-image":"","background-repeat":"repeat","background-position":"center center","background-size":"auto","background-attachment":"scroll","background-type":"","background-media":"","overlay-type":"","overlay-color":"","overlay-opacity":"","overlay-gradient":""},"tablet":{"background-color":"","background-image":"","background-repeat":"repeat","background-position":"center center","background-size":"auto","background-attachment":"scroll","background-type":"","background-media":"","overlay-type":"","overlay-color":"","overlay-opacity":"","overlay-gradient":""},"mobile":{"background-color":"","background-image":"","background-repeat":"repeat","background-position":"center center","background-size":"auto","background-attachment":"scroll","background-type":"","background-media":"","overlay-type":"","overlay-color":"","overlay-opacity":"","overlay-gradient":""}},"ast-content-background-meta":{"desktop":{"background-color":"var(--ast-global-color-5)","background-image":"","background-repeat":"repeat","background-position":"center center","background-size":"auto","background-attachment":"scroll","background-type":"","background-media":"","overlay-type":"","overlay-color":"","overlay-opacity":"","overlay-gradient":""},"tablet":{"background-color":"var(--ast-global-color-5)","background-image":"","background-repeat":"repeat","background-position":"center center","background-size":"auto","background-attachment":"scroll","background-type":"","background-media":"","overlay-type":"","overlay-color":"","overlay-opacity":"","overlay-gradient":""},"mobile":{"background-color":"var(--ast-global-color-5)","background-image":"","background-repeat":"repeat","background-position":"center center","background-size":"auto","background-attachment":"scroll","background-type":"","background-media":"","overlay-type":"","overlay-color":"","overlay-opacity":"","overlay-gradient":""}},"footnotes":""},"class_list":["post-1895","page","type-page","status-publish","hentry"],"post_mailing_queue_ids":[],"_links":{"self":[{"href":"https:\/\/agora.xtec.cat\/institutlasureda\/wp-json\/wp\/v2\/pages\/1895","targetHints":{"allow":["GET"]}}],"collection":[{"href":"https:\/\/agora.xtec.cat\/institutlasureda\/wp-json\/wp\/v2\/pages"}],"about":[{"href":"https:\/\/agora.xtec.cat\/institutlasureda\/wp-json\/wp\/v2\/types\/page"}],"author":[{"embeddable":true,"href":"https:\/\/agora.xtec.cat\/institutlasureda\/wp-json\/wp\/v2\/users\/11"}],"replies":[{"embeddable":true,"href":"https:\/\/agora.xtec.cat\/institutlasureda\/wp-json\/wp\/v2\/comments?post=1895"}],"version-history":[{"count":3,"href":"https:\/\/agora.xtec.cat\/institutlasureda\/wp-json\/wp\/v2\/pages\/1895\/revisions"}],"predecessor-version":[{"id":1912,"href":"https:\/\/agora.xtec.cat\/institutlasureda\/wp-json\/wp\/v2\/pages\/1895\/revisions\/1912"}],"wp:attachment":[{"href":"https:\/\/agora.xtec.cat\/institutlasureda\/wp-json\/wp\/v2\/media?parent=1895"}],"curies":[{"name":"wp","href":"https:\/\/api.w.org\/{rel}","templated":true}]}}