{"id":1192,"date":"2021-03-10T12:54:11","date_gmt":"2021-03-10T11:54:11","guid":{"rendered":"https:\/\/agora.xtec.cat\/institutlasureda\/?page_id=1192"},"modified":"2025-10-14T16:11:00","modified_gmt":"2025-10-14T14:11:00","slug":"medi-ambient","status":"publish","type":"page","link":"https:\/\/agora.xtec.cat\/institutlasureda\/projectes\/medi-ambient\/","title":{"rendered":"Comissi\u00f3 de medi ambient i sostenibilitat"},"content":{"rendered":"\n<figure class=\"wp-block-image size-full is-resized\"><a href=\"https:\/\/agora.xtec.cat\/institutlasureda\/wp-content\/uploads\/usu2113\/2025\/10\/xarxa-escoles-verdes.jpg\"><img loading=\"lazy\" decoding=\"async\" width=\"274\" height=\"254\" src=\"https:\/\/agora.xtec.cat\/institutlasureda\/wp-content\/uploads\/usu2113\/2025\/10\/xarxa-escoles-verdes.jpg\" alt=\"\" class=\"wp-image-4606\" style=\"width:347px;height:auto\"\/><\/a><\/figure>\n\n\n\n<p>Des del curs 2022-23 l&#8217;Institut La Sureda som d&#8217;Escola Verda, acreditada per la Generalitat de Catalunya.<\/p>\n\n\n\n<p>D&#8217;acord amb el nostre projecte educatiu, som un institut comprom\u00e8s amb la sostenibilitat. Treballem per fomentar l&#8217;educaci\u00f3 ecosocial; promovent&nbsp;la participaci\u00f3 i la implicaci\u00f3 activa de la comunitat educativa en la millora del seu entorn&nbsp;i formant part d&#8217;una xarxa que ens permet afavorir l&#8217;intercanvi entre els centres que compartim uns mateixos objectius.<\/p>\n\n\n\n<div class=\"wp-block-buttons is-layout-flex wp-block-buttons-is-layout-flex\">\n<div class=\"wp-block-button has-custom-width wp-block-button__width-50 has-custom-font-size has-medium-font-size\"><a class=\"wp-block-button__link wp-element-button\" style=\"padding-top:var(--wp--preset--spacing--40);padding-right:0;padding-bottom:var(--wp--preset--spacing--40);padding-left:0\">Sostenibilitat Institut La Sureda<\/a><\/div>\n<\/div>\n","protected":false},"excerpt":{"rendered":"<p>Des del curs 2022-23 l&#8217;Institut La Sureda som d&#8217;Escola Verda, acreditada per la Generalitat de Catalunya. D&#8217;acord amb el nostre projecte educatiu, som un institut comprom\u00e8s amb la sostenibilitat. Treballem per fomentar l&#8217;educaci\u00f3 ecosocial; promovent&nbsp;la participaci\u00f3 i la implicaci\u00f3 activa de la comunitat educativa en la millora del seu entorn&nbsp;i formant part d&#8217;una xarxa que [&hellip;]<\/p>\n","protected":false},"author":3,"featured_media":0,"parent":551,"menu_order":0,"comment_status":"closed","ping_status":"closed","template":"","meta":{"_bbp_topic_count":0,"_bbp_reply_count":0,"_bbp_total_topic_count":0,"_bbp_total_reply_count":0,"_bbp_voice_count":0,"_bbp_anonymous_reply_count":0,"_bbp_topic_count_hidden":0,"_bbp_reply_count_hidden":0,"_bbp_forum_subforum_count":0,"site-sidebar-layout":"default","site-content-layout":"","ast-site-content-layout":"default","site-content-style":"default","site-sidebar-style":"default","ast-global-header-display":"","ast-banner-title-visibility":"","ast-main-header-display":"","ast-hfb-above-header-display":"","ast-hfb-below-header-display":"","ast-hfb-mobile-header-display":"","site-post-title":"","ast-breadcrumbs-content":"","ast-featured-img":"","footer-sml-layout":"","theme-transparent-header-meta":"","adv-header-id-meta":"","stick-header-meta":"","header-above-stick-meta":"","header-main-stick-meta":"","header-below-stick-meta":"","astra-migrate-meta-layouts":"set","ast-page-background-enabled":"default","ast-page-background-meta":{"desktop":{"background-color":"var(--ast-global-color-4)","background-image":"","background-repeat":"repeat","background-position":"center center","background-size":"auto","background-attachment":"scroll","background-type":"","background-media":"","overlay-type":"","overlay-color":"","overlay-opacity":"","overlay-gradient":""},"tablet":{"background-color":"","background-image":"","background-repeat":"repeat","background-position":"center center","background-size":"auto","background-attachment":"scroll","background-type":"","background-media":"","overlay-type":"","overlay-color":"","overlay-opacity":"","overlay-gradient":""},"mobile":{"background-color":"","background-image":"","background-repeat":"repeat","background-position":"center center","background-size":"auto","background-attachment":"scroll","background-type":"","background-media":"","overlay-type":"","overlay-color":"","overlay-opacity":"","overlay-gradient":""}},"ast-content-background-meta":{"desktop":{"background-color":"var(--ast-global-color-5)","background-image":"","background-repeat":"repeat","background-position":"center center","background-size":"auto","background-attachment":"scroll","background-type":"","background-media":"","overlay-type":"","overlay-color":"","overlay-opacity":"","overlay-gradient":""},"tablet":{"background-color":"var(--ast-global-color-5)","background-image":"","background-repeat":"repeat","background-position":"center center","background-size":"auto","background-attachment":"scroll","background-type":"","background-media":"","overlay-type":"","overlay-color":"","overlay-opacity":"","overlay-gradient":""},"mobile":{"background-color":"var(--ast-global-color-5)","background-image":"","background-repeat":"repeat","background-position":"center center","background-size":"auto","background-attachment":"scroll","background-type":"","background-media":"","overlay-type":"","overlay-color":"","overlay-opacity":"","overlay-gradient":""}},"footnotes":""},"class_list":["post-1192","page","type-page","status-publish","hentry"],"post_mailing_queue_ids":[],"_links":{"self":[{"href":"https:\/\/agora.xtec.cat\/institutlasureda\/wp-json\/wp\/v2\/pages\/1192","targetHints":{"allow":["GET"]}}],"collection":[{"href":"https:\/\/agora.xtec.cat\/institutlasureda\/wp-json\/wp\/v2\/pages"}],"about":[{"href":"https:\/\/agora.xtec.cat\/institutlasureda\/wp-json\/wp\/v2\/types\/page"}],"author":[{"embeddable":true,"href":"https:\/\/agora.xtec.cat\/institutlasureda\/wp-json\/wp\/v2\/users\/3"}],"replies":[{"embeddable":true,"href":"https:\/\/agora.xtec.cat\/institutlasureda\/wp-json\/wp\/v2\/comments?post=1192"}],"version-history":[{"count":6,"href":"https:\/\/agora.xtec.cat\/institutlasureda\/wp-json\/wp\/v2\/pages\/1192\/revisions"}],"predecessor-version":[{"id":4611,"href":"https:\/\/agora.xtec.cat\/institutlasureda\/wp-json\/wp\/v2\/pages\/1192\/revisions\/4611"}],"up":[{"embeddable":true,"href":"https:\/\/agora.xtec.cat\/institutlasureda\/wp-json\/wp\/v2\/pages\/551"}],"wp:attachment":[{"href":"https:\/\/agora.xtec.cat\/institutlasureda\/wp-json\/wp\/v2\/media?parent=1192"}],"curies":[{"name":"wp","href":"https:\/\/api.w.org\/{rel}","templated":true}]}}