{"id":27,"date":"2014-09-17T16:24:03","date_gmt":"2014-09-17T16:24:03","guid":{"rendered":"http:\/\/agora.xtec.cat\/institutgiola\/?page_id=27"},"modified":"2022-09-26T10:26:21","modified_gmt":"2022-09-26T08:26:21","slug":"historia","status":"publish","type":"page","link":"https:\/\/agora.xtec.cat\/institutgiola\/linstitut\/historia\/","title":{"rendered":"Hist\u00f2ria"},"content":{"rendered":"<p>L\u2019Institut de Llinars del Vall\u00e8s va ser fundat l\u2019any 1976 com a secci\u00f3 de Formaci\u00f3 Professional que impartia electricitat. Era un Centre adscrit al centre de FP Badalona-1 i es va ubicar en l\u2019antiga f\u00e0brica on ara hi ha la biblioteca del municipi.<br \/>\nAl 1978, s\u2019autoritz\u00e0 la introducci\u00f3 de l\u2019especialitat d\u2019automoci\u00f3 i en el mateix any, s\u2019autoritz\u00e0 impartir l\u2019especialitat d\u2019administratiu.<br \/>\nEn el BOE 217 de 11\/9\/78 aparegu\u00e9 la creaci\u00f3 del Centre com a secci\u00f3 de Formaci\u00f3 Professional.<br \/>\nEn el 1990 el Centre es convert\u00ed en Institut d\u2019Ensenyament Secundari i es comen\u00e7\u00e0 a impartir BUP per a escolaritzar alumnes de Llinars del Vall\u00e8s, Vilalba Sasserra, Sant Pere i Sant Antoni de Vilamajor i Santa M\u00aa i Sant Esteve de Palautordera.<br \/>\nPel que fa a la Formaci\u00f3 Professional s\u2019escolaritzaven alumnes de les mateixes poblacions i provenints de Cardedeu, C\u00e0noves i Sant Celoni.<br \/>\nAmb la implantaci\u00f3 de la reforma s\u2019inici\u00e0 l\u2019 ESO el curs 1996\/1997.<br \/>\nAl llarg del curs 1997\/1998 la comunitat educativa de l\u2019Institut va decidir el nom i el logotip del centre. Aix\u00ed, l\u2019antic IES Llinars ara \u00e9s l\u2019actual Institut GIOLA, nom que prov\u00e9 de la riera que passa prop de les instal\u00b7lacions noves. El logotip va ser escollit per votaci\u00f3 i l\u2019autora n\u2019 \u00e9s l\u2019ex-alumna de l\u2019institut Lucy P\u00e9rez Liedl.<br \/>\nEl Departament de Treball i Ind\u00fastria autoritza als alumnes, de determinades promocions, del Cicle Formatiu de Grau Mitj\u00e0 d\u2019Equips i Instal\u00b7lacions Electrot\u00e8cniques, que obtinguin de manera directa el carnet d\u2019instal\u00b7lador electricista en la seva categoria b\u00e0sica.<br \/>\nLa personalitat del centre queda reflectida en l\u2019escultura que presideix l\u2019entrada, obra de l\u2019artista local Joaquim Camps, \u00e9s a dir, un estudiant en ple proc\u00e9s d\u2019aprenentatge.<br \/>\nA l\u2019exterior, les plaques fotovoltaiques simbolitzen un inter\u00e8s antic del col\u00b7lectiu del centre per les energies renovables.<br \/>\nA l\u2019interior, les plantes i el progressiu enjardinament dels patis interiors denoten l\u2019inter\u00e8s de la comunitat educativa per l\u2019entorn i \u00a0la natura.<br \/>\nDes de fa anys es treballa la projecci\u00f3 internacional amb intercanvis i s\u2019ha participat activament en diversos projectes Comenius.<a href=\"http:\/\/agora.xtec.cat\/institutgiola\/wp-content\/uploads\/usu1680\/2014\/09\/foto_institut_vell-0333.jpg\"><img loading=\"lazy\" decoding=\"async\" class=\"alignnone size-full wp-image-471\" src=\"http:\/\/agora.xtec.cat\/institutgiola\/wp-content\/uploads\/usu1680\/2014\/09\/foto_institut_vell-0333.jpg\" alt=\"\" width=\"991\" height=\"678\" srcset=\"https:\/\/agora.xtec.cat\/institutgiola\/wp-content\/uploads\/usu1680\/2014\/09\/foto_institut_vell-0333.jpg 991w, https:\/\/agora.xtec.cat\/institutgiola\/wp-content\/uploads\/usu1680\/2014\/09\/foto_institut_vell-0333-300x205.jpg 300w, https:\/\/agora.xtec.cat\/institutgiola\/wp-content\/uploads\/usu1680\/2014\/09\/foto_institut_vell-0333-768x525.jpg 768w\" sizes=\"auto, (max-width: 991px) 100vw, 991px\" \/><\/a><\/p>\n<p>&nbsp;<\/p>\n","protected":false},"excerpt":{"rendered":"<p>L\u2019Institut de Llinars del Vall\u00e8s va ser fundat l\u2019any 1976 com a secci\u00f3 de Formaci\u00f3 Professional que impartia electricitat. Era un Centre adscrit al centre de FP Badalona-1 i es va ubicar en l\u2019antiga f\u00e0brica on ara hi ha la biblioteca del municipi. Al 1978, s\u2019autoritz\u00e0 la introducci\u00f3 de l\u2019especialitat d\u2019automoci\u00f3 i en el mateix [&hellip;]<\/p>\n","protected":false},"author":1,"featured_media":0,"parent":19,"menu_order":20,"comment_status":"closed","ping_status":"closed","template":"page-templates\/side-menu.php","meta":{"_bbp_topic_count":0,"_bbp_reply_count":0,"_bbp_total_topic_count":0,"_bbp_total_reply_count":0,"_bbp_voice_count":0,"_bbp_anonymous_reply_count":0,"_bbp_topic_count_hidden":0,"_bbp_reply_count_hidden":0,"_bbp_forum_subforum_count":0,"site-sidebar-layout":"default","site-content-layout":"","ast-site-content-layout":"","site-content-style":"default","site-sidebar-style":"default","ast-global-header-display":"","ast-banner-title-visibility":"","ast-main-header-display":"","ast-hfb-above-header-display":"","ast-hfb-below-header-display":"","ast-hfb-mobile-header-display":"","site-post-title":"","ast-breadcrumbs-content":"","ast-featured-img":"","footer-sml-layout":"","theme-transparent-header-meta":"","adv-header-id-meta":"","stick-header-meta":"","header-above-stick-meta":"","header-main-stick-meta":"","header-below-stick-meta":"","astra-migrate-meta-layouts":"default","ast-page-background-enabled":"default","ast-page-background-meta":{"desktop":{"background-color":"var(--ast-global-color-4)","background-image":"","background-repeat":"repeat","background-position":"center center","background-size":"auto","background-attachment":"scroll","background-type":"","background-media":"","overlay-type":"","overlay-color":"","overlay-opacity":"","overlay-gradient":""},"tablet":{"background-color":"","background-image":"","background-repeat":"repeat","background-position":"center center","background-size":"auto","background-attachment":"scroll","background-type":"","background-media":"","overlay-type":"","overlay-color":"","overlay-opacity":"","overlay-gradient":""},"mobile":{"background-color":"","background-image":"","background-repeat":"repeat","background-position":"center center","background-size":"auto","background-attachment":"scroll","background-type":"","background-media":"","overlay-type":"","overlay-color":"","overlay-opacity":"","overlay-gradient":""}},"ast-content-background-meta":{"desktop":{"background-color":"var(--ast-global-color-5)","background-image":"","background-repeat":"repeat","background-position":"center center","background-size":"auto","background-attachment":"scroll","background-type":"","background-media":"","overlay-type":"","overlay-color":"","overlay-opacity":"","overlay-gradient":""},"tablet":{"background-color":"var(--ast-global-color-5)","background-image":"","background-repeat":"repeat","background-position":"center center","background-size":"auto","background-attachment":"scroll","background-type":"","background-media":"","overlay-type":"","overlay-color":"","overlay-opacity":"","overlay-gradient":""},"mobile":{"background-color":"var(--ast-global-color-5)","background-image":"","background-repeat":"repeat","background-position":"center center","background-size":"auto","background-attachment":"scroll","background-type":"","background-media":"","overlay-type":"","overlay-color":"","overlay-opacity":"","overlay-gradient":""}},"footnotes":""},"class_list":["post-27","page","type-page","status-publish","hentry"],"post_mailing_queue_ids":[],"_links":{"self":[{"href":"https:\/\/agora.xtec.cat\/institutgiola\/wp-json\/wp\/v2\/pages\/27","targetHints":{"allow":["GET"]}}],"collection":[{"href":"https:\/\/agora.xtec.cat\/institutgiola\/wp-json\/wp\/v2\/pages"}],"about":[{"href":"https:\/\/agora.xtec.cat\/institutgiola\/wp-json\/wp\/v2\/types\/page"}],"author":[{"embeddable":true,"href":"https:\/\/agora.xtec.cat\/institutgiola\/wp-json\/wp\/v2\/users\/1"}],"replies":[{"embeddable":true,"href":"https:\/\/agora.xtec.cat\/institutgiola\/wp-json\/wp\/v2\/comments?post=27"}],"version-history":[{"count":2,"href":"https:\/\/agora.xtec.cat\/institutgiola\/wp-json\/wp\/v2\/pages\/27\/revisions"}],"predecessor-version":[{"id":18211,"href":"https:\/\/agora.xtec.cat\/institutgiola\/wp-json\/wp\/v2\/pages\/27\/revisions\/18211"}],"up":[{"embeddable":true,"href":"https:\/\/agora.xtec.cat\/institutgiola\/wp-json\/wp\/v2\/pages\/19"}],"wp:attachment":[{"href":"https:\/\/agora.xtec.cat\/institutgiola\/wp-json\/wp\/v2\/media?parent=27"}],"curies":[{"name":"wp","href":"https:\/\/api.w.org\/{rel}","templated":true}]}}