{"id":488,"date":"2016-02-17T10:55:25","date_gmt":"2016-02-17T09:55:25","guid":{"rendered":"http:\/\/agora.xtec.cat\/ceippallaresa\/?page_id=488"},"modified":"2025-10-21T13:14:37","modified_gmt":"2025-10-21T11:14:37","slug":"ampa","status":"publish","type":"page","link":"https:\/\/agora.xtec.cat\/institutescolapallaresa\/ampa\/","title":{"rendered":"AFA &#8211; Associaci\u00f3 de fam\u00edlies d&#8217;alumnes"},"content":{"rendered":"<p><span style=\"text-decoration: underline;\"><strong style=\"font-family: inherit; font-size: 1em;\">AFA &#8211; Associaci\u00f3 de fam\u00edlies d&#8217;alumnes<\/strong><\/span><\/p>\n<div id=\"content\">\n<div class=\"post\">\n<div class=\"entry\">\n<ul>\n<li><strong>Tel\u00e8fon de l&#8217;AFA:<\/strong> 93 391 52 12 \/ 640 690 341<\/li>\n<li><strong>Correu electr\u00f2nic:<\/strong> <a href=\"mailto:ampapallaresa@gmail.com\">ampapallaresa@gmail.com<\/a><\/li>\n<li><strong>Horari: <\/strong>De dilluns a dijous de 15:00 a 17:00. La junta es reunir\u00e0 els dimarts, quinzenalment.<\/li>\n<li><strong>Facebook<\/strong>: <a style=\"font-size: 16px; background-color: #ffffff;\" href=\"https:\/\/ca-es.facebook.com\/ampa.escolapallaresa\">https:\/\/ca-es.facebook.com\/ampa.escolapallaresa<\/a><\/li>\n<li><strong>Instagram<\/strong>: <a href=\"https:\/\/www.instagram.com\/afapallaresa\/\">https:\/\/www.instagram.com\/afapallaresa\/<\/a><\/li>\n<\/ul>\n<p>L\u2019AFA participa activament en la vida de l\u2019escola i es compromet a:<\/p>\n<ol>\n<li>Servir de lligam entre l\u2019escola i la fam\u00edlia.<\/li>\n<li>Complementar aquells aspectes formatius que van m\u00e9s enll\u00e0 de les hores de classe, tant en la vessant t\u00e8cnica com social, cultural i humana dels nens i nenes.<\/li>\n<li>Posar a l\u2019abast dels pares i mares eines formatives per cr\u00e9ixer personalment, a la vegada que ho fan els seus fills i filles.<\/li>\n<li>Treballar per aconseguir que les instal\u00b7lacions de l\u2019escola arribin el seu punt \u00f2ptim d\u2019utilitzaci\u00f3 i rendibilitat.<\/li>\n<\/ol>\n<\/div>\n<\/div>\n<div><\/div>\n<\/div>\n","protected":false},"excerpt":{"rendered":"<p>AFA &#8211; Associaci\u00f3 de fam\u00edlies d&#8217;alumnes Tel\u00e8fon de l&#8217;AFA: 93 391 52 12 \/ 640 690 341 Correu electr\u00f2nic: ampapallaresa@gmail.com Horari: De dilluns a dijous de 15:00 a 17:00. La junta es reunir\u00e0 els dimarts, quinzenalment. Facebook: https:\/\/ca-es.facebook.com\/ampa.escolapallaresa Instagram: https:\/\/www.instagram.com\/afapallaresa\/ L\u2019AFA participa activament en la vida de l\u2019escola i es compromet a: Servir de lligam [&hellip;]<\/p>\n","protected":false},"author":1,"featured_media":0,"parent":0,"menu_order":105,"comment_status":"closed","ping_status":"closed","template":"","meta":{"_bbp_topic_count":0,"_bbp_reply_count":0,"_bbp_total_topic_count":0,"_bbp_total_reply_count":0,"_bbp_voice_count":0,"_bbp_anonymous_reply_count":0,"_bbp_topic_count_hidden":0,"_bbp_reply_count_hidden":0,"_bbp_forum_subforum_count":0,"site-sidebar-layout":"default","site-content-layout":"","ast-site-content-layout":"default","site-content-style":"default","site-sidebar-style":"default","ast-global-header-display":"","ast-banner-title-visibility":"","ast-main-header-display":"","ast-hfb-above-header-display":"","ast-hfb-below-header-display":"","ast-hfb-mobile-header-display":"","site-post-title":"","ast-breadcrumbs-content":"","ast-featured-img":"","footer-sml-layout":"","theme-transparent-header-meta":"default","adv-header-id-meta":"","stick-header-meta":"","header-above-stick-meta":"","header-main-stick-meta":"","header-below-stick-meta":"","astra-migrate-meta-layouts":"set","ast-page-background-enabled":"default","ast-page-background-meta":{"desktop":{"background-color":"var(--ast-global-color-4)","background-image":"","background-repeat":"repeat","background-position":"center center","background-size":"auto","background-attachment":"scroll","background-type":"","background-media":"","overlay-type":"","overlay-color":"","overlay-opacity":"","overlay-gradient":""},"tablet":{"background-color":"","background-image":"","background-repeat":"repeat","background-position":"center center","background-size":"auto","background-attachment":"scroll","background-type":"","background-media":"","overlay-type":"","overlay-color":"","overlay-opacity":"","overlay-gradient":""},"mobile":{"background-color":"","background-image":"","background-repeat":"repeat","background-position":"center center","background-size":"auto","background-attachment":"scroll","background-type":"","background-media":"","overlay-type":"","overlay-color":"","overlay-opacity":"","overlay-gradient":""}},"ast-content-background-meta":{"desktop":{"background-color":"var(--ast-global-color-5)","background-image":"","background-repeat":"repeat","background-position":"center center","background-size":"auto","background-attachment":"scroll","background-type":"","background-media":"","overlay-type":"","overlay-color":"","overlay-opacity":"","overlay-gradient":""},"tablet":{"background-color":"var(--ast-global-color-5)","background-image":"","background-repeat":"repeat","background-position":"center center","background-size":"auto","background-attachment":"scroll","background-type":"","background-media":"","overlay-type":"","overlay-color":"","overlay-opacity":"","overlay-gradient":""},"mobile":{"background-color":"var(--ast-global-color-5)","background-image":"","background-repeat":"repeat","background-position":"center center","background-size":"auto","background-attachment":"scroll","background-type":"","background-media":"","overlay-type":"","overlay-color":"","overlay-opacity":"","overlay-gradient":""}},"footnotes":""},"class_list":["post-488","page","type-page","status-publish","hentry"],"post_mailing_queue_ids":[],"_links":{"self":[{"href":"https:\/\/agora.xtec.cat\/institutescolapallaresa\/wp-json\/wp\/v2\/pages\/488","targetHints":{"allow":["GET"]}}],"collection":[{"href":"https:\/\/agora.xtec.cat\/institutescolapallaresa\/wp-json\/wp\/v2\/pages"}],"about":[{"href":"https:\/\/agora.xtec.cat\/institutescolapallaresa\/wp-json\/wp\/v2\/types\/page"}],"author":[{"embeddable":true,"href":"https:\/\/agora.xtec.cat\/institutescolapallaresa\/wp-json\/wp\/v2\/users\/1"}],"replies":[{"embeddable":true,"href":"https:\/\/agora.xtec.cat\/institutescolapallaresa\/wp-json\/wp\/v2\/comments?post=488"}],"version-history":[{"count":4,"href":"https:\/\/agora.xtec.cat\/institutescolapallaresa\/wp-json\/wp\/v2\/pages\/488\/revisions"}],"predecessor-version":[{"id":3202,"href":"https:\/\/agora.xtec.cat\/institutescolapallaresa\/wp-json\/wp\/v2\/pages\/488\/revisions\/3202"}],"wp:attachment":[{"href":"https:\/\/agora.xtec.cat\/institutescolapallaresa\/wp-json\/wp\/v2\/media?parent=488"}],"curies":[{"name":"wp","href":"https:\/\/api.w.org\/{rel}","templated":true}]}}

AFA &#8211; Associació de famílies d&#8217;alumnes

<p><span style="text-decoration: underline;"><strong style="font-family: inherit; font-size: 1em;">AFA &#8211; Associació de famílies d&#8217;alumnes</strong></span></p>
<div id="content">
<div class="post">
<div class="entry">
<ul>
<li><strong>Telèfon de l&#8217;AFA:</strong> 93 391 52 12 / 640 690 341</li>
<li><strong>Correu electrònic:</strong> <a href="mailto:ampapallaresa@gmail.com">ampapallaresa@gmail.com</a></li>
<li><strong>Horari: </strong>De dilluns a dijous de 15:00 a 17:00. La junta es reunirà els dimarts, quinzenalment.</li>
<li><strong>Facebook</strong>: <a style="font-size: 16px; background-color: #ffffff;" href="https://ca-es.facebook.com/ampa.escolapallaresa">https://ca-es.facebook.com/ampa.escolapallaresa</a></li>
<li><strong>Instagram</strong>: <a href="https://www.instagram.com/afapallaresa/">https://www.instagram.com/afapallaresa/</a></li>
</ul>
<p>L’AFA participa activament en la vida de l’escola i es compromet a:</p>
<ol>
<li>Servir de lligam entre l’escola i la família.</li>
<li>Complementar aquells aspectes formatius que van més enllà de les hores de classe, tant en la vessant tècnica com social, cultural i humana dels nens i nenes.</li>
<li>Posar a l’abast dels pares i mares eines formatives per créixer personalment, a la vegada que ho fan els seus fills i filles.</li>
<li>Treballar per aconseguir que les instal·lacions de l’escola arribin el seu punt òptim d’utilització i rendibilitat.</li>
</ol>
</div>
</div>
<div></div>
</div>

<p>AFA &#8211; Associació de famílies d&#8217;alumnes Telèfon de l&#8217;AFA: 93 391 52 12 / 640 690 341 Correu electrònic: ampapallaresa@gmail.com Horari: De dilluns a dijous de 15:00 a 17:00. La junta es reunirà els dimarts, quinzenalment. Facebook: https://ca-es.facebook.com/ampa.escolapallaresa Instagram: https://www.instagram.com/afapallaresa/ L’AFA participa activament en la vida de l’escola i es compromet a: Servir de lligam [&hellip;]</p>
