{"id":2816,"date":"2023-01-16T11:09:28","date_gmt":"2023-01-16T10:09:28","guid":{"rendered":"https:\/\/agora.xtec.cat\/institutescolapallaresa\/?page_id=2816"},"modified":"2023-01-16T11:09:28","modified_gmt":"2023-01-16T10:09:28","slug":"servei-comunitari","status":"publish","type":"page","link":"https:\/\/agora.xtec.cat\/institutescolapallaresa\/families\/servei-comunitari\/","title":{"rendered":"Servei Comunitari"},"content":{"rendered":"<p><iframe loading=\"lazy\" src=\"\/\/www.youtube.com\/embed\/drlFRyH_5Ko\" width=\"560\" height=\"314\" allowfullscreen=\"allowfullscreen\"><\/iframe><\/p>\n<p>El Servei Comunitari \u00e9s un instrument per desenvolupar una de les compet\u00e8ncies b\u00e0siques marcades pel curr\u00edculum de secund\u00e0ria, la Compet\u00e8ncia Social i Ciutadana.<\/p>\n<p>T\u00e9 com a objectiu garantir que els estudiants al llarg de la seva traject\u00f2ria escolar i en el marc curricular experimentin i protagonitzin accions de comprom\u00eds c\u00edvic, aprenguin en l\u2019exercici actiu de la ciutadania i posin en joc els seus coneixements i capacitats al servei de la comunitat.<\/p>\n<p>\u00c9s una proposta educativa que combina processos d\u2019aprenentatge i de servei a la comunitat en un sol projecte on l\u2019alumne posa el seu coneixement i compet\u00e8ncies al servei dels altres. Apr\u00e8n a ser un ciutad\u00e0 des de la pr\u00e0ctica.<\/p>\n<p>El Servei Comunitari que portem a terme des del nostre centre \u00e9s el suport a l&#8217;escolaritzaci\u00f3 a la lectura, l&#8217;activitat esportiva,&#8230;<\/p>\n<p><strong>Objectius d\u2019aprenentatge<\/strong><\/p>\n<ul>\n<li>Fomentar el treball col\u00b7laboratiu.<\/li>\n<li>Afavorir el creixement personal.<\/li>\n<li>Treballar les relacions interpersonals.<\/li>\n<li>Treballar la comunicaci\u00f3 oral.<\/li>\n<li>Fomentar el treball interdisciplinar i multinivell entre diferents centres educatius del barri<\/li>\n<li>Establir lla\u00e7os de coneixement entre alumnes de diferents centre educatius de la zona<\/li>\n<\/ul>\n<p><strong>Compet\u00e8ncies b\u00e0siques<\/strong><\/p>\n<ul>\n<li>Compet\u00e8ncia comunicativa ling\u00fc\u00edstica i audiovisual<\/li>\n<li>Compet\u00e8ncia d\u2019aprendre a aprendre<\/li>\n<li>Compet\u00e8ncia d\u2019autonomia i iniciativa personal<\/li>\n<li>Compet\u00e8ncia en el coneixement i interacci\u00f3 amb el m\u00f3n f\u00edsic<\/li>\n<li>Compet\u00e8ncia social i ciutadana<\/li>\n<\/ul>\n<p><strong>Temporitzaci\u00f3:\u00a0<\/strong>Una sessi\u00f3 d&#8217;1h setmanal a prim\u00e0ria, en funci\u00f3 del tipus d\u2019activitat demanada, sumant un total de 10h no lectives. 10 hores lectives avaluables a les mat\u00e8ries de Cultura i Valors \u00c8tics i a Tecnologia. L&#8217;avaluaci\u00f3 s&#8217;indicar\u00e0 de la seg\u00fcent manera: <strong>NF (No Fet), F (Fet) <\/strong>o<strong> FA (Fet amb Aprofitament).<\/strong><\/p>\n<p>&nbsp;<\/p>\n<p>Per a m\u00e9s informaci\u00f3, consulteu el seg\u00fcent <a href=\"https:\/\/xtec.gencat.cat\/ca\/comunitat\/serveicomunitari\/\">enlla\u00e7<\/a>.<\/p>\n","protected":false},"excerpt":{"rendered":"<p>El Servei Comunitari \u00e9s un instrument per desenvolupar una de les compet\u00e8ncies b\u00e0siques marcades pel curr\u00edculum de secund\u00e0ria, la Compet\u00e8ncia Social i Ciutadana. T\u00e9 com a objectiu garantir que els estudiants al llarg de la seva traject\u00f2ria escolar i en el marc curricular experimentin i protagonitzin accions de comprom\u00eds c\u00edvic, aprenguin en l\u2019exercici actiu de [&hellip;]<\/p>\n","protected":false},"author":1,"featured_media":0,"parent":2607,"menu_order":0,"comment_status":"closed","ping_status":"closed","template":"","meta":{"_bbp_topic_count":0,"_bbp_reply_count":0,"_bbp_total_topic_count":0,"_bbp_total_reply_count":0,"_bbp_voice_count":0,"_bbp_anonymous_reply_count":0,"_bbp_topic_count_hidden":0,"_bbp_reply_count_hidden":0,"_bbp_forum_subforum_count":0,"site-sidebar-layout":"default","site-content-layout":"","ast-site-content-layout":"","site-content-style":"default","site-sidebar-style":"default","ast-global-header-display":"","ast-banner-title-visibility":"","ast-main-header-display":"","ast-hfb-above-header-display":"","ast-hfb-below-header-display":"","ast-hfb-mobile-header-display":"","site-post-title":"","ast-breadcrumbs-content":"","ast-featured-img":"","footer-sml-layout":"","theme-transparent-header-meta":"","adv-header-id-meta":"","stick-header-meta":"","header-above-stick-meta":"","header-main-stick-meta":"","header-below-stick-meta":"","astra-migrate-meta-layouts":"default","ast-page-background-enabled":"default","ast-page-background-meta":{"desktop":{"background-color":"var(--ast-global-color-4)","background-image":"","background-repeat":"repeat","background-position":"center center","background-size":"auto","background-attachment":"scroll","background-type":"","background-media":"","overlay-type":"","overlay-color":"","overlay-opacity":"","overlay-gradient":""},"tablet":{"background-color":"","background-image":"","background-repeat":"repeat","background-position":"center center","background-size":"auto","background-attachment":"scroll","background-type":"","background-media":"","overlay-type":"","overlay-color":"","overlay-opacity":"","overlay-gradient":""},"mobile":{"background-color":"","background-image":"","background-repeat":"repeat","background-position":"center center","background-size":"auto","background-attachment":"scroll","background-type":"","background-media":"","overlay-type":"","overlay-color":"","overlay-opacity":"","overlay-gradient":""}},"ast-content-background-meta":{"desktop":{"background-color":"var(--ast-global-color-5)","background-image":"","background-repeat":"repeat","background-position":"center center","background-size":"auto","background-attachment":"scroll","background-type":"","background-media":"","overlay-type":"","overlay-color":"","overlay-opacity":"","overlay-gradient":""},"tablet":{"background-color":"var(--ast-global-color-5)","background-image":"","background-repeat":"repeat","background-position":"center center","background-size":"auto","background-attachment":"scroll","background-type":"","background-media":"","overlay-type":"","overlay-color":"","overlay-opacity":"","overlay-gradient":""},"mobile":{"background-color":"var(--ast-global-color-5)","background-image":"","background-repeat":"repeat","background-position":"center center","background-size":"auto","background-attachment":"scroll","background-type":"","background-media":"","overlay-type":"","overlay-color":"","overlay-opacity":"","overlay-gradient":""}},"footnotes":""},"class_list":["post-2816","page","type-page","status-publish","hentry"],"post_mailing_queue_ids":[],"_links":{"self":[{"href":"https:\/\/agora.xtec.cat\/institutescolapallaresa\/wp-json\/wp\/v2\/pages\/2816","targetHints":{"allow":["GET"]}}],"collection":[{"href":"https:\/\/agora.xtec.cat\/institutescolapallaresa\/wp-json\/wp\/v2\/pages"}],"about":[{"href":"https:\/\/agora.xtec.cat\/institutescolapallaresa\/wp-json\/wp\/v2\/types\/page"}],"author":[{"embeddable":true,"href":"https:\/\/agora.xtec.cat\/institutescolapallaresa\/wp-json\/wp\/v2\/users\/1"}],"replies":[{"embeddable":true,"href":"https:\/\/agora.xtec.cat\/institutescolapallaresa\/wp-json\/wp\/v2\/comments?post=2816"}],"version-history":[{"count":1,"href":"https:\/\/agora.xtec.cat\/institutescolapallaresa\/wp-json\/wp\/v2\/pages\/2816\/revisions"}],"predecessor-version":[{"id":2817,"href":"https:\/\/agora.xtec.cat\/institutescolapallaresa\/wp-json\/wp\/v2\/pages\/2816\/revisions\/2817"}],"up":[{"embeddable":true,"href":"https:\/\/agora.xtec.cat\/institutescolapallaresa\/wp-json\/wp\/v2\/pages\/2607"}],"wp:attachment":[{"href":"https:\/\/agora.xtec.cat\/institutescolapallaresa\/wp-json\/wp\/v2\/media?parent=2816"}],"curies":[{"name":"wp","href":"https:\/\/api.w.org\/{rel}","templated":true}]}}

<p><iframe loading="lazy" src="//www.youtube.com/embed/drlFRyH_5Ko" width="560" height="314" allowfullscreen="allowfullscreen"></iframe></p>
<p>El Servei Comunitari és un instrument per desenvolupar una de les competències bàsiques marcades pel currículum de secundària, la Competència Social i Ciutadana.</p>
<p>Té com a objectiu garantir que els estudiants al llarg de la seva trajectòria escolar i en el marc curricular experimentin i protagonitzin accions de compromís cívic, aprenguin en l’exercici actiu de la ciutadania i posin en joc els seus coneixements i capacitats al servei de la comunitat.</p>
<p>És una proposta educativa que combina processos d’aprenentatge i de servei a la comunitat en un sol projecte on l’alumne posa el seu coneixement i competències al servei dels altres. Aprèn a ser un ciutadà des de la pràctica.</p>
<p>El Servei Comunitari que portem a terme des del nostre centre és el suport a l&#8217;escolarització a la lectura, l&#8217;activitat esportiva,&#8230;</p>
<p><strong>Objectius d’aprenentatge</strong></p>
<ul>
<li>Fomentar el treball col·laboratiu.</li>
<li>Afavorir el creixement personal.</li>
<li>Treballar les relacions interpersonals.</li>
<li>Treballar la comunicació oral.</li>
<li>Fomentar el treball interdisciplinar i multinivell entre diferents centres educatius del barri</li>
<li>Establir llaços de coneixement entre alumnes de diferents centre educatius de la zona</li>
</ul>
<p><strong>Competències bàsiques</strong></p>
<ul>
<li>Competència comunicativa lingüística i audiovisual</li>
<li>Competència d’aprendre a aprendre</li>
<li>Competència d’autonomia i iniciativa personal</li>
<li>Competència en el coneixement i interacció amb el món físic</li>
<li>Competència social i ciutadana</li>
</ul>
<p><strong>Temporització: </strong>Una sessió d&#8217;1h setmanal a primària, en funció del tipus d’activitat demanada, sumant un total de 10h no lectives. 10 hores lectives avaluables a les matèries de Cultura i Valors Ètics i a Tecnologia. L&#8217;avaluació s&#8217;indicarà de la següent manera: <strong>NF (No Fet), F (Fet) </strong>o<strong> FA (Fet amb Aprofitament).</strong></p>
<p>&nbsp;</p>
<p>Per a més informació, consulteu el següent <a href="https://xtec.gencat.cat/ca/comunitat/serveicomunitari/">enllaç</a>.</p>

<p>El Servei Comunitari és un instrument per desenvolupar una de les competències bàsiques marcades pel currículum de secundària, la Competència Social i Ciutadana. Té com a objectiu garantir que els estudiants al llarg de la seva trajectòria escolar i en el marc curricular experimentin i protagonitzin accions de compromís cívic, aprenguin en l’exercici actiu de [&hellip;]</p>
