{"id":75,"date":"2014-09-18T10:21:02","date_gmt":"2014-09-18T09:21:02","guid":{"rendered":"http:\/\/agora.xtec.cat\/institutescolaoliana\/?page_id=75"},"modified":"2025-02-10T12:06:32","modified_gmt":"2025-02-10T11:06:32","slug":"activitats-extraescolars","status":"publish","type":"page","link":"https:\/\/agora.xtec.cat\/institutescolaoliana\/serveis\/activitats-extraescolars\/","title":{"rendered":"Activitats extraescolars"},"content":{"rendered":"<h3><strong>Esport de Menjador<\/strong><\/h3>\n<p>A l&#8217;Institut Escola d&#8217;Oliana oferim l\u2019activitat d\u2019<strong>Esport de Menjador<\/strong>, una iniciativa que permet a l&#8217;alumnat gaudir d\u2019una hora setmanal d\u2019activitat f\u00edsica durant l\u2019horari de menjador a un preu redu\u00eft. Gr\u00e0cies al <em>Pla Catal\u00e0 de l\u2019Esport a l\u2019Escola<\/em>, organitzem aquesta activitat que consisteix a gaudir dels jocs i din\u00e0miques esportives adaptades a cada etapa, fomentant un estil de vida actiu i saludable.<\/p>\n<p>Aquesta activitat busca potenciar el moviment, la diversi\u00f3 i la cohesi\u00f3 social a trav\u00e9s de l\u2019esport. A m\u00e9s, contribueix al benestar f\u00edsic i emocional de l\u2019alumnat, promovent valors com el treball en equip, el respecte i la conviv\u00e8ncia.<\/p>\n<p>Amb l<strong>&#8216;Esport de Menjador<\/strong>, convertim l\u2019hora de dinar en una oportunitat per moure\u2019s, jugar i compartir, enriquint l\u2019experi\u00e8ncia educativa m\u00e9s enll\u00e0 de l\u2019aula.<\/p>\n<p>\ud83d\udcaa <strong>Mou-te, juga i diverteix-te amb nosaltres!<\/strong><\/p>\n","protected":false},"excerpt":{"rendered":"<p>Esport de Menjador<br \/>\nA l&#8217;Institut Escola d&#8217;Oliana oferim l\u2019activitat d\u2019Esport de Menjador, una iniciativa que permet a l&#8217;alumnat gaudir d\u2019una hora setmanal d\u2019activitat f\u00edsica durant l\u2019horari de menjador a un preu redu\u00eft. Gr\u00e0cies al Pla Catal\u00e0 de l\u2019Esport a l\u2019Escola, organitzem aquesta activitat que consisteix a&hellip;  <a href=\"https:\/\/agora.xtec.cat\/institutescolaoliana\/serveis\/activitats-extraescolars\/\" title=\"Read Activitats extraescolars\">Llegeix m\u00e9s\u00bb<\/a><\/p>\n","protected":false},"author":1,"featured_media":0,"parent":63,"menu_order":40,"comment_status":"closed","ping_status":"closed","template":"page-templates\/side-menu.php","meta":{"_bbp_topic_count":0,"_bbp_reply_count":0,"_bbp_total_topic_count":0,"_bbp_total_reply_count":0,"_bbp_voice_count":0,"_bbp_anonymous_reply_count":0,"_bbp_topic_count_hidden":0,"_bbp_reply_count_hidden":0,"_bbp_forum_subforum_count":0,"footnotes":""},"class_list":["post-75","page","type-page","status-publish","hentry"],"post_mailing_queue_ids":[],"_links":{"self":[{"href":"https:\/\/agora.xtec.cat\/institutescolaoliana\/wp-json\/wp\/v2\/pages\/75","targetHints":{"allow":["GET"]}}],"collection":[{"href":"https:\/\/agora.xtec.cat\/institutescolaoliana\/wp-json\/wp\/v2\/pages"}],"about":[{"href":"https:\/\/agora.xtec.cat\/institutescolaoliana\/wp-json\/wp\/v2\/types\/page"}],"author":[{"embeddable":true,"href":"https:\/\/agora.xtec.cat\/institutescolaoliana\/wp-json\/wp\/v2\/users\/1"}],"replies":[{"embeddable":true,"href":"https:\/\/agora.xtec.cat\/institutescolaoliana\/wp-json\/wp\/v2\/comments?post=75"}],"version-history":[{"count":3,"href":"https:\/\/agora.xtec.cat\/institutescolaoliana\/wp-json\/wp\/v2\/pages\/75\/revisions"}],"predecessor-version":[{"id":1801,"href":"https:\/\/agora.xtec.cat\/institutescolaoliana\/wp-json\/wp\/v2\/pages\/75\/revisions\/1801"}],"up":[{"embeddable":true,"href":"https:\/\/agora.xtec.cat\/institutescolaoliana\/wp-json\/wp\/v2\/pages\/63"}],"wp:attachment":[{"href":"https:\/\/agora.xtec.cat\/institutescolaoliana\/wp-json\/wp\/v2\/media?parent=75"}],"curies":[{"name":"wp","href":"https:\/\/api.w.org\/{rel}","templated":true}]}}