{"id":27,"date":"2014-09-17T16:24:03","date_gmt":"2014-09-17T16:24:03","guid":{"rendered":"http:\/\/agora.xtec.cat\/institutescolaoliana\/?page_id=27"},"modified":"2025-02-06T21:39:21","modified_gmt":"2025-02-06T20:39:21","slug":"historia","status":"publish","type":"page","link":"https:\/\/agora.xtec.cat\/institutescolaoliana\/linstitut\/historia\/","title":{"rendered":"Hist\u00f2ria"},"content":{"rendered":"<p>El curs 2021-2022 neix el centre en fusionar-se l\u2019institut d\u2019educaci\u00f3 secund\u00e0ria IE Auben\u00e7 i l\u2019escola de prim\u00e0ria Sant Jordi, sent l\u2019\u00fanic Institut Escola de la comarca.<\/p>\n<p>\u00c9s un centre d\u2019una sola l\u00ednia, des d\u2019Infantil fins a cicles formatiu de grau superior, concretament el cicle formatiu de grau mig d\u2019instal\u00b7lacions el\u00e8ctriques i autom\u00e0tiques i el cicle formatiu de grau superior de comer\u00e7 internacional, amb un total d\u2019uns 220 alumnes. El curs 2023\/2024 s&#8217;estrena el nou cicle formatiu de grau mitj\u00e0.<\/p>\n<p><a href=\"https:\/\/agora.xtec.cat\/institutescolaoliana\/wp-content\/uploads\/usu2649\/2025\/01\/escola-ei-oliana.jpg\"><img loading=\"lazy\" decoding=\"async\" class=\"size-full wp-image-1638 aligncenter\" src=\"https:\/\/agora.xtec.cat\/institutescolaoliana\/wp-content\/uploads\/usu2649\/2025\/01\/escola-ei-oliana.jpg\" alt=\"\" width=\"640\" height=\"480\" srcset=\"https:\/\/agora.xtec.cat\/institutescolaoliana\/wp-content\/uploads\/usu2649\/2025\/01\/escola-ei-oliana.jpg 640w, https:\/\/agora.xtec.cat\/institutescolaoliana\/wp-content\/uploads\/usu2649\/2025\/01\/escola-ei-oliana-300x225.jpg 300w, https:\/\/agora.xtec.cat\/institutescolaoliana\/wp-content\/uploads\/usu2649\/2025\/01\/escola-ei-oliana-200x150.jpg 200w\" sizes=\"auto, (max-width: 640px) 100vw, 640px\" \/><\/a><\/p>\n<p>&nbsp;<\/p>\n","protected":false},"excerpt":{"rendered":"<p>El curs 2021-2022 neix el centre en fusionar-se l\u2019institut d\u2019educaci\u00f3 secund\u00e0ria IE Auben\u00e7 i l\u2019escola de prim\u00e0ria Sant Jordi, sent l\u2019\u00fanic Institut Escola de la comarca.<br \/>\n\u00c9s un centre d\u2019una sola l\u00ednia, des d\u2019Infantil fins a cicles formatiu de grau superior, concretament el cicle formatiu de&hellip;  <a href=\"https:\/\/agora.xtec.cat\/institutescolaoliana\/linstitut\/historia\/\" title=\"Read Hist\u00f2ria\">Llegeix m\u00e9s\u00bb<\/a><\/p>\n","protected":false},"author":1,"featured_media":0,"parent":19,"menu_order":20,"comment_status":"closed","ping_status":"closed","template":"page-templates\/side-menu.php","meta":{"_bbp_topic_count":0,"_bbp_reply_count":0,"_bbp_total_topic_count":0,"_bbp_total_reply_count":0,"_bbp_voice_count":0,"_bbp_anonymous_reply_count":0,"_bbp_topic_count_hidden":0,"_bbp_reply_count_hidden":0,"_bbp_forum_subforum_count":0,"footnotes":""},"class_list":["post-27","page","type-page","status-publish","hentry"],"post_mailing_queue_ids":[],"_links":{"self":[{"href":"https:\/\/agora.xtec.cat\/institutescolaoliana\/wp-json\/wp\/v2\/pages\/27","targetHints":{"allow":["GET"]}}],"collection":[{"href":"https:\/\/agora.xtec.cat\/institutescolaoliana\/wp-json\/wp\/v2\/pages"}],"about":[{"href":"https:\/\/agora.xtec.cat\/institutescolaoliana\/wp-json\/wp\/v2\/types\/page"}],"author":[{"embeddable":true,"href":"https:\/\/agora.xtec.cat\/institutescolaoliana\/wp-json\/wp\/v2\/users\/1"}],"replies":[{"embeddable":true,"href":"https:\/\/agora.xtec.cat\/institutescolaoliana\/wp-json\/wp\/v2\/comments?post=27"}],"version-history":[{"count":6,"href":"https:\/\/agora.xtec.cat\/institutescolaoliana\/wp-json\/wp\/v2\/pages\/27\/revisions"}],"predecessor-version":[{"id":1639,"href":"https:\/\/agora.xtec.cat\/institutescolaoliana\/wp-json\/wp\/v2\/pages\/27\/revisions\/1639"}],"up":[{"embeddable":true,"href":"https:\/\/agora.xtec.cat\/institutescolaoliana\/wp-json\/wp\/v2\/pages\/19"}],"wp:attachment":[{"href":"https:\/\/agora.xtec.cat\/institutescolaoliana\/wp-json\/wp\/v2\/media?parent=27"}],"curies":[{"name":"wp","href":"https:\/\/api.w.org\/{rel}","templated":true}]}}