{"id":8839,"date":"2023-02-23T13:34:41","date_gmt":"2023-02-23T12:34:41","guid":{"rendered":"https:\/\/agora.xtec.cat\/institutescolamossencinto\/?page_id=8839"},"modified":"2023-06-05T10:47:40","modified_gmt":"2023-06-05T08:47:40","slug":"el-treball-per-projectes-multidisciplinars","status":"publish","type":"page","link":"https:\/\/agora.xtec.cat\/institutescolamossencinto\/linia-educativa\/com-treballem-a-eso\/el-treball-per-projectes-multidisciplinars\/","title":{"rendered":"El treball per projectes multidisciplinars"},"content":{"rendered":"<p><span style=\"font-weight: 400;\">A l\u2019Institut Escola Moss\u00e8n Cinto creiem que complementar el treball de les mat\u00e8ries amb l\u2019aprenentatge basat en projectes \u00e9s una bona manera d\u2019aconseguir aprenentatges \u00fatils per la vida. Volem aconseguir aprenentatges globals, per aix\u00f2 cada trimestre duem a terme un projecte multidisciplinar, amb la coordinaci\u00f3 de docents de diferents especialitats, a cada un dels nivells d\u2019ESO.<\/span><\/p>\n<p><b>Com s\u00f3n els projectes que proposem a l\u2019ESO?<\/b><\/p>\n<ul>\n<li style=\"font-weight: 400;\" aria-level=\"1\"><span style=\"font-weight: 400;\">S\u00f3n projectes connectats amb la realitat que ens envolta.<\/span><\/li>\n<li style=\"font-weight: 400;\" aria-level=\"1\"><span style=\"font-weight: 400;\">Posen en relleu el patrimoni i l\u2019entorn de Folgueroles.<\/span><\/li>\n<li style=\"font-weight: 400;\" aria-level=\"1\"><span style=\"font-weight: 400;\">S\u00f3n rigorosos i es basen en les compet\u00e8ncies i continguts que marca en els decrets el Departament d\u2019Educaci\u00f3.<\/span><\/li>\n<li style=\"font-weight: 400;\" aria-level=\"1\"><span style=\"font-weight: 400;\">S\u00f3n atractius per fomentar la participaci\u00f3 activa de l\u2019alumnat.<\/span><\/li>\n<li style=\"font-weight: 400;\" aria-level=\"1\"><span style=\"font-weight: 400;\">Permeten el treball en xarxa sortint de les quatre parets de l\u2019aula (visites d\u2019experts, sortides, presentacions o activitats externes).<\/span><\/li>\n<li style=\"font-weight: 400;\" aria-level=\"1\"><span style=\"font-weight: 400;\">S\u2019estructuren en objectius i criteris que els fan avaluables, per tal de saber si tot l\u2019alumnat n\u2019aconsegueix l\u2019assoliment.<\/span><\/li>\n<\/ul>\n<p><span style=\"font-weight: 400;\">A continuaci\u00f3 detallem els projectes que es duen a terme actualment, el curs 22-23. Aquests projectes s\u2019adapten i es modifiquen cada curs a partir de l\u2019experi\u00e8ncia i l\u2019adaptaci\u00f3 a cada grup:<\/span><\/p>\n<table style=\"width: 100%;\">\n<tbody>\n<tr>\n<td style=\"width: 13.3784%;\"><\/td>\n<td style=\"width: 30.6757%;\"><b>1r Trimestre<\/b><\/td>\n<td style=\"width: 29.4594%;\"><b>2n Trimestre<\/b><\/td>\n<td style=\"width: 25%;\"><b>3r Trimestre<\/b><\/td>\n<\/tr>\n<tr>\n<td style=\"width: 13.3784%;\"><b>1r d\u2019ESO<\/b><\/td>\n<td style=\"width: 30.6757%;\"><span style=\"font-weight: 400;\">How are we connected to the stars?<\/span><\/td>\n<td style=\"width: 29.4594%;\"><span style=\"font-weight: 400;\">El curtmetratge<\/span><\/td>\n<td style=\"width: 25%;\"><span style=\"font-weight: 400;\">Via Natura<\/span><\/td>\n<\/tr>\n<tr>\n<td style=\"width: 13.3784%;\"><b>2n d\u2019ESO<\/b><\/td>\n<td style=\"width: 30.6757%;\"><span style=\"font-weight: 400;\">Objectiu: residu zero.<\/span><\/p>\n<p><span style=\"font-weight: 400;\">Realitat o utopia?<\/span><\/td>\n<td style=\"width: 29.4594%;\"><span style=\"font-weight: 400;\">Voleu fer-la glosa?<\/span><\/p>\n<p><span style=\"font-weight: 400;\">Organitzem un concurs!<\/span><\/td>\n<td style=\"width: 25%;\"><\/td>\n<\/tr>\n<tr>\n<td style=\"width: 13.3784%;\"><b>3r d\u2019ESO<\/b><\/td>\n<td style=\"width: 30.6757%;\"><span style=\"font-weight: 400;\">iMAGina<\/span><\/td>\n<td style=\"width: 29.4594%;\"><\/td>\n<td style=\"width: 25%;\"><\/td>\n<\/tr>\n<\/tbody>\n<\/table>\n","protected":false},"excerpt":{"rendered":"<p>A l\u2019Institut Escola Moss\u00e8n Cinto creiem que complementar el treball de les mat\u00e8ries amb l\u2019aprenentatge basat en projectes \u00e9s una bona manera d\u2019aconseguir aprenentatges \u00fatils per la vida. Volem aconseguir aprenentatges globals, per aix\u00f2 cada trimestre duem a terme un projecte multidisciplinar, amb la coordinaci\u00f3 de docents de diferents especialitats, a cada un dels nivells [&hellip;]<\/p>\n","protected":false},"author":1,"featured_media":0,"parent":8801,"menu_order":5,"comment_status":"closed","ping_status":"closed","template":"page-templates\/side-menu.php","meta":{"_bbp_topic_count":0,"_bbp_reply_count":0,"_bbp_total_topic_count":0,"_bbp_total_reply_count":0,"_bbp_voice_count":0,"_bbp_anonymous_reply_count":0,"_bbp_topic_count_hidden":0,"_bbp_reply_count_hidden":0,"_bbp_forum_subforum_count":0,"site-sidebar-layout":"default","site-content-layout":"","ast-site-content-layout":"","site-content-style":"default","site-sidebar-style":"default","ast-global-header-display":"","ast-banner-title-visibility":"","ast-main-header-display":"","ast-hfb-above-header-display":"","ast-hfb-below-header-display":"","ast-hfb-mobile-header-display":"","site-post-title":"","ast-breadcrumbs-content":"","ast-featured-img":"","footer-sml-layout":"","theme-transparent-header-meta":"","adv-header-id-meta":"","stick-header-meta":"","header-above-stick-meta":"","header-main-stick-meta":"","header-below-stick-meta":"","astra-migrate-meta-layouts":"default","ast-page-background-enabled":"default","ast-page-background-meta":{"desktop":{"background-color":"var(--ast-global-color-4)","background-image":"","background-repeat":"repeat","background-position":"center center","background-size":"auto","background-attachment":"scroll","background-type":"","background-media":"","overlay-type":"","overlay-color":"","overlay-opacity":"","overlay-gradient":""},"tablet":{"background-color":"","background-image":"","background-repeat":"repeat","background-position":"center center","background-size":"auto","background-attachment":"scroll","background-type":"","background-media":"","overlay-type":"","overlay-color":"","overlay-opacity":"","overlay-gradient":""},"mobile":{"background-color":"","background-image":"","background-repeat":"repeat","background-position":"center center","background-size":"auto","background-attachment":"scroll","background-type":"","background-media":"","overlay-type":"","overlay-color":"","overlay-opacity":"","overlay-gradient":""}},"ast-content-background-meta":{"desktop":{"background-color":"var(--ast-global-color-5)","background-image":"","background-repeat":"repeat","background-position":"center center","background-size":"auto","background-attachment":"scroll","background-type":"","background-media":"","overlay-type":"","overlay-color":"","overlay-opacity":"","overlay-gradient":""},"tablet":{"background-color":"var(--ast-global-color-5)","background-image":"","background-repeat":"repeat","background-position":"center center","background-size":"auto","background-attachment":"scroll","background-type":"","background-media":"","overlay-type":"","overlay-color":"","overlay-opacity":"","overlay-gradient":""},"mobile":{"background-color":"var(--ast-global-color-5)","background-image":"","background-repeat":"repeat","background-position":"center center","background-size":"auto","background-attachment":"scroll","background-type":"","background-media":"","overlay-type":"","overlay-color":"","overlay-opacity":"","overlay-gradient":""}},"footnotes":""},"class_list":["post-8839","page","type-page","status-publish","hentry"],"post_mailing_queue_ids":[],"_links":{"self":[{"href":"https:\/\/agora.xtec.cat\/institutescolamossencinto\/wp-json\/wp\/v2\/pages\/8839","targetHints":{"allow":["GET"]}}],"collection":[{"href":"https:\/\/agora.xtec.cat\/institutescolamossencinto\/wp-json\/wp\/v2\/pages"}],"about":[{"href":"https:\/\/agora.xtec.cat\/institutescolamossencinto\/wp-json\/wp\/v2\/types\/page"}],"author":[{"embeddable":true,"href":"https:\/\/agora.xtec.cat\/institutescolamossencinto\/wp-json\/wp\/v2\/users\/1"}],"replies":[{"embeddable":true,"href":"https:\/\/agora.xtec.cat\/institutescolamossencinto\/wp-json\/wp\/v2\/comments?post=8839"}],"version-history":[{"count":1,"href":"https:\/\/agora.xtec.cat\/institutescolamossencinto\/wp-json\/wp\/v2\/pages\/8839\/revisions"}],"predecessor-version":[{"id":8840,"href":"https:\/\/agora.xtec.cat\/institutescolamossencinto\/wp-json\/wp\/v2\/pages\/8839\/revisions\/8840"}],"up":[{"embeddable":true,"href":"https:\/\/agora.xtec.cat\/institutescolamossencinto\/wp-json\/wp\/v2\/pages\/8801"}],"wp:attachment":[{"href":"https:\/\/agora.xtec.cat\/institutescolamossencinto\/wp-json\/wp\/v2\/media?parent=8839"}],"curies":[{"name":"wp","href":"https:\/\/api.w.org\/{rel}","templated":true}]}}