{"id":8832,"date":"2023-02-23T13:23:06","date_gmt":"2023-02-23T12:23:06","guid":{"rendered":"https:\/\/agora.xtec.cat\/institutescolamossencinto\/?page_id=8832"},"modified":"2023-06-05T10:46:12","modified_gmt":"2023-06-05T08:46:12","slug":"la-tutoria-i-el-portafoli","status":"publish","type":"page","link":"https:\/\/agora.xtec.cat\/institutescolamossencinto\/linia-educativa\/com-treballem-a-eso\/la-tutoria-i-el-portafoli\/","title":{"rendered":"La Tutoria i el Portafoli"},"content":{"rendered":"<p><span style=\"font-weight: 400;\">A l\u2019Institut Escola Moss\u00e8n Cinto donem molta import\u00e0ncia a la <\/span><b>tutoria<\/b><span style=\"font-weight: 400;\"> i a l\u2019acompanyament de l\u2019alumnat. Per aquest motiu, la tutoria \u00e9s el tret d\u2019inici de la setmana i tamb\u00e9 n\u2019\u00e9s el tancament. Per poder dur a terme aquesta acci\u00f3 tutorial, cada grup-classe t\u00e9 dos docents referents.<\/span><\/p>\n<p><span style=\"font-weight: 400;\">A m\u00e9s, per una millor orientaci\u00f3, apostem per la <\/span><b>tutoria individual<\/b><span style=\"font-weight: 400;\">. L\u2019alumnat dels diferents cursos queda distribu\u00eft entre els equips docents. Aix\u00ed, a cada estudiant se li assigna una tutora o un tutor individual. D\u2019aquesta manera podem assegurar un acompanyament individualitzat i un bon vincle entre el centre, l\u2019alumnat i les fam\u00edlies.<\/span><\/p>\n<p><span style=\"font-weight: 400;\">Setmanalment dediquem una hora a l\u2019elaboraci\u00f3 del <\/span><b>Portafoli<\/b><span style=\"font-weight: 400;\"> digital, lligada a la tutoria de cada grup. El Portafoli pret\u00e9n que l\u2019alumnat siguin protagonista del seu proc\u00e9s d\u2019avaluaci\u00f3 i d\u2019aprenentatge, que prenguin consci\u00e8ncia dels aspectes que volen millorar i dels que ja fan molt b\u00e9. A m\u00e9s, tamb\u00e9 \u00e9s una eina on plasmar algunes de les tasques de tutoria.<\/span><\/p>\n<p><span style=\"font-weight: 400;\">A l\u2019inici de 1r d\u2019ESO cada estudiant del centre es descarrega la seva plantilla del Portafoli digital que podr\u00e0 personalitzar al llarg de l\u2019etapa de secund\u00e0ria, de 1r a 4t.\u00a0<\/span><\/p>\n<p><i><span style=\"font-weight: 400;\"><a href=\"https:\/\/agora.xtec.cat\/institutescolamossencinto\/wp-content\/uploads\/usu1440\/2023\/02\/Captura.png\"><img loading=\"lazy\" decoding=\"async\" class=\"aligncenter size-large wp-image-8833\" src=\"https:\/\/agora.xtec.cat\/institutescolamossencinto\/wp-content\/uploads\/usu1440\/2023\/02\/Captura-1024x282.png\" alt=\"\" width=\"1024\" height=\"282\" srcset=\"https:\/\/agora.xtec.cat\/institutescolamossencinto\/wp-content\/uploads\/usu1440\/2023\/02\/Captura-1024x282.png 1024w, https:\/\/agora.xtec.cat\/institutescolamossencinto\/wp-content\/uploads\/usu1440\/2023\/02\/Captura-300x83.png 300w, https:\/\/agora.xtec.cat\/institutescolamossencinto\/wp-content\/uploads\/usu1440\/2023\/02\/Captura-768x212.png 768w, https:\/\/agora.xtec.cat\/institutescolamossencinto\/wp-content\/uploads\/usu1440\/2023\/02\/Captura-1536x423.png 1536w, https:\/\/agora.xtec.cat\/institutescolamossencinto\/wp-content\/uploads\/usu1440\/2023\/02\/Captura.png 1774w\" sizes=\"auto, (max-width: 1024px) 100vw, 1024px\" \/><\/a>Portada de la plantilla del Portafoli digital.<\/span><\/i><\/p>\n","protected":false},"excerpt":{"rendered":"<p>A l\u2019Institut Escola Moss\u00e8n Cinto donem molta import\u00e0ncia a la tutoria i a l\u2019acompanyament de l\u2019alumnat. Per aquest motiu, la tutoria \u00e9s el tret d\u2019inici de la setmana i tamb\u00e9 n\u2019\u00e9s el tancament. Per poder dur a terme aquesta acci\u00f3 tutorial, cada grup-classe t\u00e9 dos docents referents. A m\u00e9s, per una millor orientaci\u00f3, apostem per [&hellip;]<\/p>\n","protected":false},"author":1,"featured_media":0,"parent":8801,"menu_order":2,"comment_status":"closed","ping_status":"closed","template":"page-templates\/side-menu.php","meta":{"_bbp_topic_count":0,"_bbp_reply_count":0,"_bbp_total_topic_count":0,"_bbp_total_reply_count":0,"_bbp_voice_count":0,"_bbp_anonymous_reply_count":0,"_bbp_topic_count_hidden":0,"_bbp_reply_count_hidden":0,"_bbp_forum_subforum_count":0,"site-sidebar-layout":"default","site-content-layout":"","ast-site-content-layout":"","site-content-style":"default","site-sidebar-style":"default","ast-global-header-display":"","ast-banner-title-visibility":"","ast-main-header-display":"","ast-hfb-above-header-display":"","ast-hfb-below-header-display":"","ast-hfb-mobile-header-display":"","site-post-title":"","ast-breadcrumbs-content":"","ast-featured-img":"","footer-sml-layout":"","theme-transparent-header-meta":"","adv-header-id-meta":"","stick-header-meta":"","header-above-stick-meta":"","header-main-stick-meta":"","header-below-stick-meta":"","astra-migrate-meta-layouts":"default","ast-page-background-enabled":"default","ast-page-background-meta":{"desktop":{"background-color":"var(--ast-global-color-4)","background-image":"","background-repeat":"repeat","background-position":"center center","background-size":"auto","background-attachment":"scroll","background-type":"","background-media":"","overlay-type":"","overlay-color":"","overlay-opacity":"","overlay-gradient":""},"tablet":{"background-color":"","background-image":"","background-repeat":"repeat","background-position":"center center","background-size":"auto","background-attachment":"scroll","background-type":"","background-media":"","overlay-type":"","overlay-color":"","overlay-opacity":"","overlay-gradient":""},"mobile":{"background-color":"","background-image":"","background-repeat":"repeat","background-position":"center center","background-size":"auto","background-attachment":"scroll","background-type":"","background-media":"","overlay-type":"","overlay-color":"","overlay-opacity":"","overlay-gradient":""}},"ast-content-background-meta":{"desktop":{"background-color":"var(--ast-global-color-5)","background-image":"","background-repeat":"repeat","background-position":"center center","background-size":"auto","background-attachment":"scroll","background-type":"","background-media":"","overlay-type":"","overlay-color":"","overlay-opacity":"","overlay-gradient":""},"tablet":{"background-color":"var(--ast-global-color-5)","background-image":"","background-repeat":"repeat","background-position":"center center","background-size":"auto","background-attachment":"scroll","background-type":"","background-media":"","overlay-type":"","overlay-color":"","overlay-opacity":"","overlay-gradient":""},"mobile":{"background-color":"var(--ast-global-color-5)","background-image":"","background-repeat":"repeat","background-position":"center center","background-size":"auto","background-attachment":"scroll","background-type":"","background-media":"","overlay-type":"","overlay-color":"","overlay-opacity":"","overlay-gradient":""}},"footnotes":""},"class_list":["post-8832","page","type-page","status-publish","hentry"],"post_mailing_queue_ids":[],"_links":{"self":[{"href":"https:\/\/agora.xtec.cat\/institutescolamossencinto\/wp-json\/wp\/v2\/pages\/8832","targetHints":{"allow":["GET"]}}],"collection":[{"href":"https:\/\/agora.xtec.cat\/institutescolamossencinto\/wp-json\/wp\/v2\/pages"}],"about":[{"href":"https:\/\/agora.xtec.cat\/institutescolamossencinto\/wp-json\/wp\/v2\/types\/page"}],"author":[{"embeddable":true,"href":"https:\/\/agora.xtec.cat\/institutescolamossencinto\/wp-json\/wp\/v2\/users\/1"}],"replies":[{"embeddable":true,"href":"https:\/\/agora.xtec.cat\/institutescolamossencinto\/wp-json\/wp\/v2\/comments?post=8832"}],"version-history":[{"count":2,"href":"https:\/\/agora.xtec.cat\/institutescolamossencinto\/wp-json\/wp\/v2\/pages\/8832\/revisions"}],"predecessor-version":[{"id":8846,"href":"https:\/\/agora.xtec.cat\/institutescolamossencinto\/wp-json\/wp\/v2\/pages\/8832\/revisions\/8846"}],"up":[{"embeddable":true,"href":"https:\/\/agora.xtec.cat\/institutescolamossencinto\/wp-json\/wp\/v2\/pages\/8801"}],"wp:attachment":[{"href":"https:\/\/agora.xtec.cat\/institutescolamossencinto\/wp-json\/wp\/v2\/media?parent=8832"}],"curies":[{"name":"wp","href":"https:\/\/api.w.org\/{rel}","templated":true}]}}