{"id":6231,"date":"2021-04-28T10:40:54","date_gmt":"2021-04-28T08:40:54","guid":{"rendered":"https:\/\/agora.xtec.cat\/institutescolamossencinto\/?page_id=6231"},"modified":"2024-10-27T23:55:58","modified_gmt":"2024-10-27T22:55:58","slug":"memoria-19-20","status":"publish","type":"page","link":"https:\/\/agora.xtec.cat\/institutescolamossencinto\/projecte-educatiu\/memoria-19-20\/","title":{"rendered":"Mem\u00f2ria 23-24"},"content":{"rendered":"<p>Els centres que conformen el Servei d&#8217;Educaci\u00f3 de Catalunya o que imparteixen ensenyaments postobligatoris sostinguts amb fons p\u00fablics recullen en la mem\u00f2ria anual, que ha d&#8217;estar elaborada com a molt tard el 30 de setembre, l&#8217;avaluaci\u00f3 de l&#8217;assoliment dels objectius que s&#8217;han previst en la programaci\u00f3 general anual, d&#8217;acord amb els criteris, els indicadors i els procediments d&#8217;avaluaci\u00f3 definits en el projecte educatiu del centre i, en el cas dels centres p\u00fablics, concretats en el projecte de direcci\u00f3.<br \/>\nEls centres p\u00fablics que han subscrit un acord de corresponsabilitat, que \u00e9s vigent, han d&#8217;incloure, en la mem\u00f2ria anual, una mem\u00f2ria avaluadora de l&#8217;acord que especifiqui el grau d&#8217;assoliment dels objectius proposats.<br \/>\nEl consell escolar supervisa i avalua el desenvolupament de la programaci\u00f3 anual, en l&#8217;\u00e0mbit docent i en l&#8217;\u00e0mbit administratiu, i dels resultats que se n&#8217;obtenen, que han de quedar recollits en la mem\u00f2ria anual.<br \/>\nCorrespon al claustre de professors dels centres p\u00fablics avaluar el desenvolupament i els resultats dels aspectes educatius de la programaci\u00f3 general anual.<br \/>\nEl director o directora ha de promoure processos participatius per avaluar la programaci\u00f3 anual i formular propostes de millora, i n&#8217;ha d&#8217;informar la comunitat.<\/p>\n<p>En aquest link us adjuntem la <a href=\"https:\/\/drive.google.com\/file\/d\/1x-fQpWh6-IeitcyNuDTnLwJXFPVCEiAj\/view?usp=drive_link\">mem\u00f2ria 23-24<\/a>\u00a0revisada i aprovada per claustre i consell escolar.<\/p>\n","protected":false},"excerpt":{"rendered":"<p>Els centres que conformen el Servei d&#8217;Educaci\u00f3 de Catalunya o que imparteixen ensenyaments postobligatoris sostinguts amb fons p\u00fablics recullen en la mem\u00f2ria anual, que ha d&#8217;estar elaborada com a molt tard el 30 de setembre, l&#8217;avaluaci\u00f3 de l&#8217;assoliment dels objectius que s&#8217;han previst en la programaci\u00f3 general anual, d&#8217;acord amb els criteris, els indicadors i [&hellip;]<\/p>\n","protected":false},"author":1,"featured_media":0,"parent":64,"menu_order":6,"comment_status":"closed","ping_status":"closed","template":"page-templates\/side-menu.php","meta":{"_bbp_topic_count":0,"_bbp_reply_count":0,"_bbp_total_topic_count":0,"_bbp_total_reply_count":0,"_bbp_voice_count":0,"_bbp_anonymous_reply_count":0,"_bbp_topic_count_hidden":0,"_bbp_reply_count_hidden":0,"_bbp_forum_subforum_count":0,"site-sidebar-layout":"default","site-content-layout":"","ast-site-content-layout":"","site-content-style":"default","site-sidebar-style":"default","ast-global-header-display":"","ast-banner-title-visibility":"","ast-main-header-display":"","ast-hfb-above-header-display":"","ast-hfb-below-header-display":"","ast-hfb-mobile-header-display":"","site-post-title":"","ast-breadcrumbs-content":"","ast-featured-img":"","footer-sml-layout":"","theme-transparent-header-meta":"","adv-header-id-meta":"","stick-header-meta":"","header-above-stick-meta":"","header-main-stick-meta":"","header-below-stick-meta":"","astra-migrate-meta-layouts":"default","ast-page-background-enabled":"default","ast-page-background-meta":{"desktop":{"background-color":"var(--ast-global-color-4)","background-image":"","background-repeat":"repeat","background-position":"center center","background-size":"auto","background-attachment":"scroll","background-type":"","background-media":"","overlay-type":"","overlay-color":"","overlay-opacity":"","overlay-gradient":""},"tablet":{"background-color":"","background-image":"","background-repeat":"repeat","background-position":"center center","background-size":"auto","background-attachment":"scroll","background-type":"","background-media":"","overlay-type":"","overlay-color":"","overlay-opacity":"","overlay-gradient":""},"mobile":{"background-color":"","background-image":"","background-repeat":"repeat","background-position":"center center","background-size":"auto","background-attachment":"scroll","background-type":"","background-media":"","overlay-type":"","overlay-color":"","overlay-opacity":"","overlay-gradient":""}},"ast-content-background-meta":{"desktop":{"background-color":"var(--ast-global-color-5)","background-image":"","background-repeat":"repeat","background-position":"center center","background-size":"auto","background-attachment":"scroll","background-type":"","background-media":"","overlay-type":"","overlay-color":"","overlay-opacity":"","overlay-gradient":""},"tablet":{"background-color":"var(--ast-global-color-5)","background-image":"","background-repeat":"repeat","background-position":"center center","background-size":"auto","background-attachment":"scroll","background-type":"","background-media":"","overlay-type":"","overlay-color":"","overlay-opacity":"","overlay-gradient":""},"mobile":{"background-color":"var(--ast-global-color-5)","background-image":"","background-repeat":"repeat","background-position":"center center","background-size":"auto","background-attachment":"scroll","background-type":"","background-media":"","overlay-type":"","overlay-color":"","overlay-opacity":"","overlay-gradient":""}},"footnotes":""},"class_list":["post-6231","page","type-page","status-publish","hentry"],"post_mailing_queue_ids":[],"_links":{"self":[{"href":"https:\/\/agora.xtec.cat\/institutescolamossencinto\/wp-json\/wp\/v2\/pages\/6231","targetHints":{"allow":["GET"]}}],"collection":[{"href":"https:\/\/agora.xtec.cat\/institutescolamossencinto\/wp-json\/wp\/v2\/pages"}],"about":[{"href":"https:\/\/agora.xtec.cat\/institutescolamossencinto\/wp-json\/wp\/v2\/types\/page"}],"author":[{"embeddable":true,"href":"https:\/\/agora.xtec.cat\/institutescolamossencinto\/wp-json\/wp\/v2\/users\/1"}],"replies":[{"embeddable":true,"href":"https:\/\/agora.xtec.cat\/institutescolamossencinto\/wp-json\/wp\/v2\/comments?post=6231"}],"version-history":[{"count":5,"href":"https:\/\/agora.xtec.cat\/institutescolamossencinto\/wp-json\/wp\/v2\/pages\/6231\/revisions"}],"predecessor-version":[{"id":10540,"href":"https:\/\/agora.xtec.cat\/institutescolamossencinto\/wp-json\/wp\/v2\/pages\/6231\/revisions\/10540"}],"up":[{"embeddable":true,"href":"https:\/\/agora.xtec.cat\/institutescolamossencinto\/wp-json\/wp\/v2\/pages\/64"}],"wp:attachment":[{"href":"https:\/\/agora.xtec.cat\/institutescolamossencinto\/wp-json\/wp\/v2\/media?parent=6231"}],"curies":[{"name":"wp","href":"https:\/\/api.w.org\/{rel}","templated":true}]}}