{"id":1479,"date":"2017-09-22T15:01:47","date_gmt":"2017-09-22T13:01:47","guid":{"rendered":"http:\/\/agora.xtec.cat\/institutescolamossencinto\/?page_id=1479"},"modified":"2026-03-03T12:06:17","modified_gmt":"2026-03-03T11:06:17","slug":"horari-datencio-families","status":"publish","type":"page","link":"https:\/\/agora.xtec.cat\/institutescolamossencinto\/secretaria-2\/horari-datencio-families\/","title":{"rendered":"Horari d&#8217;atenci\u00f3 fam\u00edlies"},"content":{"rendered":"<p><strong>Direcci\u00f3 &#8211; Silvia Rodr\u00edguez Casadevall<\/strong>: dilluns i dijous de 15:00h a 16:30h<\/p>\n<p><strong>Cap d&#8217;Estudis Infantil i Prim\u00e0ria &#8211; Marta Folgarolas Cano<\/strong>: dimarts de 15:00h a 16:30h<\/p>\n<p><strong>Coordinadora Pedag\u00f2gica Secund\u00e0ria &#8211; N\u00faria Barniol Pujol: <\/strong>dijous 12:30h a 13:30h<\/p>\n<p><strong>Secret\u00e0ria &#8211; Ivette Cul\u00ed Roche: <\/strong>dijous de 11:30h a 12:45h<\/p>\n<p><strong>Administraci\u00f3 &#8211; Bet Ibars Sa\u00f1\u00e9 : <\/strong>dilluns a divendres de\u00a0 9:00h a 13:30h i de 15:00h a 16:00h<\/p>\n<p>(juny, juliol i setembre de 9:00h a 13:30h\u00a0 i de 14:30h a 15:30h)<\/p>\n<p>&nbsp;<\/p>\n<p>&nbsp;<\/p>\n","protected":false},"excerpt":{"rendered":"<p>Direcci\u00f3 &#8211; Silvia Rodr\u00edguez Casadevall: dilluns i dijous de 15:00h a 16:30h Cap d&#8217;Estudis Infantil i Prim\u00e0ria &#8211; Marta Folgarolas Cano: dimarts de 15:00h a 16:30h Coordinadora Pedag\u00f2gica Secund\u00e0ria &#8211; N\u00faria Barniol Pujol: dijous 12:30h a 13:30h Secret\u00e0ria &#8211; Ivette Cul\u00ed Roche: dijous de 11:30h a 12:45h Administraci\u00f3 &#8211; Bet Ibars Sa\u00f1\u00e9 : dilluns a [&hellip;]<\/p>\n","protected":false},"author":1,"featured_media":0,"parent":5274,"menu_order":0,"comment_status":"closed","ping_status":"closed","template":"","meta":{"_bbp_topic_count":0,"_bbp_reply_count":0,"_bbp_total_topic_count":0,"_bbp_total_reply_count":0,"_bbp_voice_count":0,"_bbp_anonymous_reply_count":0,"_bbp_topic_count_hidden":0,"_bbp_reply_count_hidden":0,"_bbp_forum_subforum_count":0,"site-sidebar-layout":"default","site-content-layout":"","ast-site-content-layout":"default","site-content-style":"default","site-sidebar-style":"default","ast-global-header-display":"","ast-banner-title-visibility":"","ast-main-header-display":"","ast-hfb-above-header-display":"","ast-hfb-below-header-display":"","ast-hfb-mobile-header-display":"","site-post-title":"","ast-breadcrumbs-content":"","ast-featured-img":"","footer-sml-layout":"","theme-transparent-header-meta":"default","adv-header-id-meta":"","stick-header-meta":"","header-above-stick-meta":"","header-main-stick-meta":"","header-below-stick-meta":"","astra-migrate-meta-layouts":"set","ast-page-background-enabled":"default","ast-page-background-meta":{"desktop":{"background-color":"var(--ast-global-color-4)","background-image":"","background-repeat":"repeat","background-position":"center center","background-size":"auto","background-attachment":"scroll","background-type":"","background-media":"","overlay-type":"","overlay-color":"","overlay-opacity":"","overlay-gradient":""},"tablet":{"background-color":"","background-image":"","background-repeat":"repeat","background-position":"center center","background-size":"auto","background-attachment":"scroll","background-type":"","background-media":"","overlay-type":"","overlay-color":"","overlay-opacity":"","overlay-gradient":""},"mobile":{"background-color":"","background-image":"","background-repeat":"repeat","background-position":"center center","background-size":"auto","background-attachment":"scroll","background-type":"","background-media":"","overlay-type":"","overlay-color":"","overlay-opacity":"","overlay-gradient":""}},"ast-content-background-meta":{"desktop":{"background-color":"var(--ast-global-color-5)","background-image":"","background-repeat":"repeat","background-position":"center center","background-size":"auto","background-attachment":"scroll","background-type":"","background-media":"","overlay-type":"","overlay-color":"","overlay-opacity":"","overlay-gradient":""},"tablet":{"background-color":"var(--ast-global-color-5)","background-image":"","background-repeat":"repeat","background-position":"center center","background-size":"auto","background-attachment":"scroll","background-type":"","background-media":"","overlay-type":"","overlay-color":"","overlay-opacity":"","overlay-gradient":""},"mobile":{"background-color":"var(--ast-global-color-5)","background-image":"","background-repeat":"repeat","background-position":"center center","background-size":"auto","background-attachment":"scroll","background-type":"","background-media":"","overlay-type":"","overlay-color":"","overlay-opacity":"","overlay-gradient":""}},"footnotes":""},"class_list":["post-1479","page","type-page","status-publish","hentry"],"post_mailing_queue_ids":[],"_links":{"self":[{"href":"https:\/\/agora.xtec.cat\/institutescolamossencinto\/wp-json\/wp\/v2\/pages\/1479","targetHints":{"allow":["GET"]}}],"collection":[{"href":"https:\/\/agora.xtec.cat\/institutescolamossencinto\/wp-json\/wp\/v2\/pages"}],"about":[{"href":"https:\/\/agora.xtec.cat\/institutescolamossencinto\/wp-json\/wp\/v2\/types\/page"}],"author":[{"embeddable":true,"href":"https:\/\/agora.xtec.cat\/institutescolamossencinto\/wp-json\/wp\/v2\/users\/1"}],"replies":[{"embeddable":true,"href":"https:\/\/agora.xtec.cat\/institutescolamossencinto\/wp-json\/wp\/v2\/comments?post=1479"}],"version-history":[{"count":6,"href":"https:\/\/agora.xtec.cat\/institutescolamossencinto\/wp-json\/wp\/v2\/pages\/1479\/revisions"}],"predecessor-version":[{"id":11594,"href":"https:\/\/agora.xtec.cat\/institutescolamossencinto\/wp-json\/wp\/v2\/pages\/1479\/revisions\/11594"}],"up":[{"embeddable":true,"href":"https:\/\/agora.xtec.cat\/institutescolamossencinto\/wp-json\/wp\/v2\/pages\/5274"}],"wp:attachment":[{"href":"https:\/\/agora.xtec.cat\/institutescolamossencinto\/wp-json\/wp\/v2\/media?parent=1479"}],"curies":[{"name":"wp","href":"https:\/\/api.w.org\/{rel}","templated":true}]}}