{"id":632,"date":"2019-07-04T15:29:48","date_gmt":"2019-07-04T13:29:48","guid":{"rendered":"http:\/\/agora.xtec.cat\/institutdemollerussa4\/?page_id=632"},"modified":"2023-07-13T14:09:59","modified_gmt":"2023-07-13T12:09:59","slug":"dossiers-families","status":"publish","type":"page","link":"https:\/\/agora.xtec.cat\/institutdemollerussa4\/families\/dossiers-families\/","title":{"rendered":"Presentaci\u00f3 informaci\u00f3 inici de curs fam\u00edlies"},"content":{"rendered":"<p>El centre posa a l\u2019abast una presentaci\u00f3 informativa adre\u00e7ada a les fam\u00edlies, que es presenta en la primera reuni\u00f3 de curs.<\/p>\n<p>\u00c9s una bona eina per estar informats\/des del funcionament del centre.<\/p>\n<p><em>Vegeu l&#8217;enlla\u00e7 a la presentaci\u00f3 (<span style=\"color: #ff0000;\">es penjar\u00e0 a l&#8217;inici de curs<\/span>).\u00a0<\/em><\/p>\n","protected":false},"excerpt":{"rendered":"<p>El centre posa a l\u2019abast una presentaci\u00f3 informativa adre\u00e7ada a les fam\u00edlies, que es presenta en la primera reuni\u00f3 de curs.<br \/>\n\u00c9s una bona eina per estar informats\/des del funcionament del centre.<br \/>\nVegeu l&#8217;enlla\u00e7 a la presentaci\u00f3 (es penjar\u00e0 a l&#8217;inici de curs).\u00a0<\/p>\n","protected":false},"author":1,"featured_media":0,"parent":628,"menu_order":0,"comment_status":"closed","ping_status":"closed","template":"page-templates\/side-menu.php","meta":{"_bbp_topic_count":0,"_bbp_reply_count":0,"_bbp_total_topic_count":0,"_bbp_total_reply_count":0,"_bbp_voice_count":0,"_bbp_anonymous_reply_count":0,"_bbp_topic_count_hidden":0,"_bbp_reply_count_hidden":0,"_bbp_forum_subforum_count":0,"footnotes":""},"class_list":["post-632","page","type-page","status-publish","hentry"],"post_mailing_queue_ids":[],"_links":{"self":[{"href":"https:\/\/agora.xtec.cat\/institutdemollerussa4\/wp-json\/wp\/v2\/pages\/632","targetHints":{"allow":["GET"]}}],"collection":[{"href":"https:\/\/agora.xtec.cat\/institutdemollerussa4\/wp-json\/wp\/v2\/pages"}],"about":[{"href":"https:\/\/agora.xtec.cat\/institutdemollerussa4\/wp-json\/wp\/v2\/types\/page"}],"author":[{"embeddable":true,"href":"https:\/\/agora.xtec.cat\/institutdemollerussa4\/wp-json\/wp\/v2\/users\/1"}],"replies":[{"embeddable":true,"href":"https:\/\/agora.xtec.cat\/institutdemollerussa4\/wp-json\/wp\/v2\/comments?post=632"}],"version-history":[{"count":3,"href":"https:\/\/agora.xtec.cat\/institutdemollerussa4\/wp-json\/wp\/v2\/pages\/632\/revisions"}],"predecessor-version":[{"id":4864,"href":"https:\/\/agora.xtec.cat\/institutdemollerussa4\/wp-json\/wp\/v2\/pages\/632\/revisions\/4864"}],"up":[{"embeddable":true,"href":"https:\/\/agora.xtec.cat\/institutdemollerussa4\/wp-json\/wp\/v2\/pages\/628"}],"wp:attachment":[{"href":"https:\/\/agora.xtec.cat\/institutdemollerussa4\/wp-json\/wp\/v2\/media?parent=632"}],"curies":[{"name":"wp","href":"https:\/\/api.w.org\/{rel}","templated":true}]}}