{"id":598,"date":"2019-07-04T15:26:29","date_gmt":"2019-07-04T13:26:29","guid":{"rendered":"http:\/\/agora.xtec.cat\/institutdemollerussa4\/?page_id=598"},"modified":"2025-04-25T09:32:35","modified_gmt":"2025-04-25T07:32:35","slug":"preinscripcio-i-matricula","status":"publish","type":"page","link":"https:\/\/agora.xtec.cat\/institutdemollerussa4\/secretaria-2\/preinscripcio-i-matricula\/","title":{"rendered":"Preinscripci\u00f3 i matr\u00edcula"},"content":{"rendered":"<p>El proc\u00e9s de preinscripci\u00f3 i matr\u00edcula aix\u00ed com el calendari estan establerts pel Departament d\u2019Educaci\u00f3 s\u00f3n comuns per a tots els centres sufragats amb fons p\u00fablic. Trobareu tota la informaci\u00f3 actualitzada a la <a href=\"https:\/\/preinscripcio.gencat.cat\/ca\/estudis\/eso\/inici\/\" target=\"_blank\" rel=\"noopener\">p\u00e0gina del Departament d&#8217;Educaci\u00f3 i Formaci\u00f3 Professional<\/a>.<\/p>\n<p><a href=\"https:\/\/agora.xtec.cat\/institutdemollerussa4\/wp-content\/uploads\/usu1859\/2025\/04\/Cap-prein.jpg\"><img loading=\"lazy\" decoding=\"async\" class=\"alignnone size-full wp-image-5884\" src=\"https:\/\/agora.xtec.cat\/institutdemollerussa4\/wp-content\/uploads\/usu1859\/2025\/04\/Cap-prein.jpg\" alt=\"\" width=\"832\" height=\"461\" srcset=\"https:\/\/agora.xtec.cat\/institutdemollerussa4\/wp-content\/uploads\/usu1859\/2025\/04\/Cap-prein.jpg 832w, https:\/\/agora.xtec.cat\/institutdemollerussa4\/wp-content\/uploads\/usu1859\/2025\/04\/Cap-prein-300x166.jpg 300w, https:\/\/agora.xtec.cat\/institutdemollerussa4\/wp-content\/uploads\/usu1859\/2025\/04\/Cap-prein-768x426.jpg 768w\" sizes=\"auto, (max-width: 832px) 100vw, 832px\" \/><\/a><\/p>\n<p>Trobareu m\u00e9s informaci\u00f3 en relaci\u00f3 a la preinscripci\u00f3 i matr\u00edcula del nostre centre al seg\u00fcent <a href=\"https:\/\/agora.xtec.cat\/institutdemollerussa4\/general\/preinscripcio\/\" target=\"_blank\" rel=\"noopener\">enlla\u00e7<\/a>.<\/p>\n","protected":false},"excerpt":{"rendered":"<p>El proc\u00e9s de preinscripci\u00f3 i matr\u00edcula aix\u00ed com el calendari estan establerts pel Departament d\u2019Educaci\u00f3 s\u00f3n comuns per a tots els centres sufragats amb fons p\u00fablic. Trobareu tota la informaci\u00f3 actualitzada a la <a href=\"https:\/\/preinscripcio.gencat.cat\/ca\/estudis\/eso\/inici\/\" target=\"_blank\" rel=\"noopener\">p\u00e0gina del Departament d&#8217;Educaci\u00f3 i Formaci\u00f3 Professional<\/a>.<br \/>\n<a href=\"https:\/\/agora.xtec.cat\/institutdemollerussa4\/wp-content\/uploads\/usu1859\/2025\/04\/Cap-prein.jpg\"><\/a><br \/>\nTrobareu m\u00e9s&hellip;  <a href=\"https:\/\/agora.xtec.cat\/institutdemollerussa4\/secretaria-2\/preinscripcio-i-matricula\/\" title=\"Read Preinscripci\u00f3 i matr\u00edcula\">Llegeix m\u00e9s\u00bb<\/a><\/p>\n","protected":false},"author":1,"featured_media":0,"parent":596,"menu_order":0,"comment_status":"closed","ping_status":"closed","template":"page-templates\/side-menu.php","meta":{"_bbp_topic_count":0,"_bbp_reply_count":0,"_bbp_total_topic_count":0,"_bbp_total_reply_count":0,"_bbp_voice_count":0,"_bbp_anonymous_reply_count":0,"_bbp_topic_count_hidden":0,"_bbp_reply_count_hidden":0,"_bbp_forum_subforum_count":0,"footnotes":""},"class_list":["post-598","page","type-page","status-publish","hentry"],"post_mailing_queue_ids":[],"_links":{"self":[{"href":"https:\/\/agora.xtec.cat\/institutdemollerussa4\/wp-json\/wp\/v2\/pages\/598","targetHints":{"allow":["GET"]}}],"collection":[{"href":"https:\/\/agora.xtec.cat\/institutdemollerussa4\/wp-json\/wp\/v2\/pages"}],"about":[{"href":"https:\/\/agora.xtec.cat\/institutdemollerussa4\/wp-json\/wp\/v2\/types\/page"}],"author":[{"embeddable":true,"href":"https:\/\/agora.xtec.cat\/institutdemollerussa4\/wp-json\/wp\/v2\/users\/1"}],"replies":[{"embeddable":true,"href":"https:\/\/agora.xtec.cat\/institutdemollerussa4\/wp-json\/wp\/v2\/comments?post=598"}],"version-history":[{"count":5,"href":"https:\/\/agora.xtec.cat\/institutdemollerussa4\/wp-json\/wp\/v2\/pages\/598\/revisions"}],"predecessor-version":[{"id":5900,"href":"https:\/\/agora.xtec.cat\/institutdemollerussa4\/wp-json\/wp\/v2\/pages\/598\/revisions\/5900"}],"up":[{"embeddable":true,"href":"https:\/\/agora.xtec.cat\/institutdemollerussa4\/wp-json\/wp\/v2\/pages\/596"}],"wp:attachment":[{"href":"https:\/\/agora.xtec.cat\/institutdemollerussa4\/wp-json\/wp\/v2\/media?parent=598"}],"curies":[{"name":"wp","href":"https:\/\/api.w.org\/{rel}","templated":true}]}}