{"id":3179,"date":"2024-07-26T12:14:37","date_gmt":"2024-07-26T10:14:37","guid":{"rendered":"https:\/\/agora.xtec.cat\/institutcervello\/?page_id=3179"},"modified":"2025-05-14T18:40:01","modified_gmt":"2025-05-14T16:40:01","slug":"dades-economiques-pressupostaries","status":"publish","type":"page","link":"https:\/\/agora.xtec.cat\/institutcervello\/linstitut\/dades-economiques-pressupostaries\/","title":{"rendered":"Dades econ\u00f2miques pressupost\u00e0ries"},"content":{"rendered":"<p>En aquesta secci\u00f3 trobareu les dades econ\u00f2miques de l&#8217;Institut de Cervell\u00f3 corresponents als diferents exercicis econ\u00f2mics anuals:<\/p>\n<ul>\n<li><a href=\"https:\/\/agora.xtec.cat\/institutcervello\/wp-content\/uploads\/usu972\/2025\/05\/LIQUIDACIO-2024-APROVACIO-2025.pdf\">LIQUIDACI\u00d3 2024-APROVACIO\u0301 2025<\/a><\/li>\n<li style=\"text-align: left;\"><a href=\"https:\/\/agora.xtec.cat\/institutcervello\/wp-content\/uploads\/usu972\/2024\/07\/LIQUIDACIO-2023-APROVACIO-2024.pdf\">LIQUIDACI\u00d3 2023-APROVACIO\u0301 2024<\/a><\/li>\n<\/ul>\n","protected":false},"excerpt":{"rendered":"<p>En aquesta secci\u00f3 trobareu les dades econ\u00f2miques de l&#8217;Institut de Cervell\u00f3 corresponents als diferents exercicis econ\u00f2mics anuals:<\/p>\n<ul>\n<li><a href=\"https:\/\/agora.xtec.cat\/institutcervello\/wp-content\/uploads\/usu972\/2025\/05\/LIQUIDACIO-2024-APROVACIO-2025.pdf\">LIQUIDACI\u00d3 2024-APROVACIO\u0301 2025<\/a><\/li>\n<li style=\"text-align: left;\"><a href=\"https:\/\/agora.xtec.cat\/institutcervello\/wp-content\/uploads\/usu972\/2024\/07\/LIQUIDACIO-2023-APROVACIO-2024.pdf\">LIQUIDACI\u00d3 2023-APROVACIO\u0301 2024<\/a><\/li>\n<\/ul>\n","protected":false},"author":1,"featured_media":0,"parent":19,"menu_order":0,"comment_status":"closed","ping_status":"closed","template":"","meta":{"_bbp_topic_count":0,"_bbp_reply_count":0,"_bbp_total_topic_count":0,"_bbp_total_reply_count":0,"_bbp_voice_count":0,"_bbp_anonymous_reply_count":0,"_bbp_topic_count_hidden":0,"_bbp_reply_count_hidden":0,"_bbp_forum_subforum_count":0,"footnotes":""},"class_list":["post-3179","page","type-page","status-publish","hentry"],"post_mailing_queue_ids":[],"_links":{"self":[{"href":"https:\/\/agora.xtec.cat\/institutcervello\/wp-json\/wp\/v2\/pages\/3179","targetHints":{"allow":["GET"]}}],"collection":[{"href":"https:\/\/agora.xtec.cat\/institutcervello\/wp-json\/wp\/v2\/pages"}],"about":[{"href":"https:\/\/agora.xtec.cat\/institutcervello\/wp-json\/wp\/v2\/types\/page"}],"author":[{"embeddable":true,"href":"https:\/\/agora.xtec.cat\/institutcervello\/wp-json\/wp\/v2\/users\/1"}],"replies":[{"embeddable":true,"href":"https:\/\/agora.xtec.cat\/institutcervello\/wp-json\/wp\/v2\/comments?post=3179"}],"version-history":[{"count":5,"href":"https:\/\/agora.xtec.cat\/institutcervello\/wp-json\/wp\/v2\/pages\/3179\/revisions"}],"predecessor-version":[{"id":3480,"href":"https:\/\/agora.xtec.cat\/institutcervello\/wp-json\/wp\/v2\/pages\/3179\/revisions\/3480"}],"up":[{"embeddable":true,"href":"https:\/\/agora.xtec.cat\/institutcervello\/wp-json\/wp\/v2\/pages\/19"}],"wp:attachment":[{"href":"https:\/\/agora.xtec.cat\/institutcervello\/wp-json\/wp\/v2\/media?parent=3179"}],"curies":[{"name":"wp","href":"https:\/\/api.w.org\/{rel}","templated":true}]}}