{"id":2671,"date":"2023-02-20T22:44:03","date_gmt":"2023-02-20T21:44:03","guid":{"rendered":"https:\/\/agora.xtec.cat\/institutcervello\/?page_id=2671"},"modified":"2026-04-15T12:02:22","modified_gmt":"2026-04-15T10:02:22","slug":"preinscripcio-i-matricula-2024-2025","status":"publish","type":"page","link":"https:\/\/agora.xtec.cat\/institutcervello\/secretaria\/preinscripcio-i-matricula-2024-2025\/","title":{"rendered":"Preinscripci\u00f3 i matr\u00edcula 2026-2027"},"content":{"rendered":"<h3 style=\"text-align: left; padding-left: 40px;\"><span style=\"color: #0000ff;\"><strong><a style=\"color: #0000ff;\" href=\"https:\/\/preinscripcio.gencat.cat\/ca\/inici\" target=\"_blank\" rel=\"noopener\">Web informativa GENCAT<\/a><\/strong><\/span><\/h3>\n<ul>\n<li style=\"list-style-type: none;\">\n<ul>\n<li style=\"list-style-type: none;\">\n<ul>\n<li style=\"list-style-type: none;\">\n<ul>\n<li style=\"list-style-type: none;\">\n<ul>\n<li style=\"list-style-type: none;\">\n<ul>\n<li style=\"list-style-type: none;\">\n<ul>\n<li style=\"list-style-type: none;\">\n<ul>\n<li><a href=\"https:\/\/tramits.gencat.cat\/ca\/tramits\/tramits-temes\/perinscripcio-obligatoris?moda=3\"><span style=\"color: #0000ff;\">Acc\u00e8s a la sol\u00b7licitud <\/span><\/a><\/li>\n<li><span style=\"color: #0000ff;\"><a style=\"color: #0000ff;\" href=\"https:\/\/preinscripcio.gencat.cat\/ca\/estudis\/eso\/informat\/calendari\/\">Calendari<\/a><\/span><\/li>\n<li><span style=\"color: #0000ff;\"><a style=\"color: #0000ff;\" href=\"https:\/\/preinscripcio.gencat.cat\/ca\/estudis\/eso\/informat\/prepara-documentacio\/\">Documentaci\u00f3 necess\u00e0ria<\/a><\/span><\/li>\n<li><a href=\"https:\/\/mapaescolar.gencat.cat\/\">Mapa escolar preinscripci\u00f3 26-27 Catalunya<\/a><\/li>\n<li><a href=\"https:\/\/agora.xtec.cat\/institutcervello\/wp-content\/uploads\/usu972\/2026\/03\/INFORME_OFERTA_OME_INFORME_OFERTA-1.pdf\">Oferta inicial places Institut de Cervell\u00f3 Preinscripci\u00f3 26-27<\/a><\/li>\n<li><strong>Presentaci\u00f3 de sol\u00b7licituds: del 6 al 18 de mar\u00e7 del 2026<\/strong><\/li>\n<li><strong>Suport preinscripci\u00f3 Ajuntament: <\/strong>l&#8217;Ajuntament de Cervell\u00f3 ofereix suport per realitzar la preinscripci\u00f3 via telem\u00e0tica. Cal demanar cita pr\u00e8via a trav\u00e9s d&#8217;una de les seg\u00fcents opcions:\n<ul>\n<li style=\"list-style-type: none;\">\n<ul>\n<li style=\"list-style-type: none;\">\n<ul>\n<li style=\"list-style-type: none;\">\n<ul>\n<li style=\"list-style-type: none;\">\n<ul>\n<li style=\"list-style-type: none;\">\n<ul>\n<li style=\"list-style-type: none;\">\n<ul>\n<li style=\"list-style-type: none;\">\n<ul>\n<li style=\"list-style-type: none;\">\n<ul>\n<li style=\"list-style-type: none;\">\n<ul>\n<li style=\"list-style-type: none;\">\n<ul style=\"list-style-type: circle;\">\n<li>Trucant a l\u2019ajuntament <a href=\"tel:+3493 660 00 70\">93 660 00 70<\/a> Ext.216 (Andreu S\u00e1nchez)<\/li>\n<li>Per correu electr\u00f2nic: <a style=\"font-family: inherit; font-size: 1em;\" href=\"mailto:sanchezgand@cervello.cat\" target=\"_blank\" rel=\"noopener\">sanchezgand@cervello.cat<\/a><\/li>\n<li>Presencialment al <a href=\"https:\/\/www.cervello.cat\/coneix-cervello\/oficines-municipals\/oficina-datencio-a-la-ciutadania-oac.html\">OAC<\/a> de l&#8217;Ajuntament<\/li>\n<\/ul>\n<\/li>\n<\/ul>\n<\/li>\n<\/ul>\n<\/li>\n<\/ul>\n<\/li>\n<\/ul>\n<\/li>\n<\/ul>\n<\/li>\n<\/ul>\n<\/li>\n<\/ul>\n<\/li>\n<\/ul>\n<\/li>\n<\/ul>\n<\/li>\n<\/ul>\n<\/li>\n<li><a href=\"https:\/\/agora.xtec.cat\/institutcervello\/wp-content\/uploads\/usu972\/2026\/04\/INFORME_BAREM_PROVISIONAL_BAREM-26-27.pdf\">Llistat barem provisional<\/a> (15 d&#8217;abril de 2026)<\/li>\n<li>Reclamacions (15 al 20 d&#8217;abril de 2026)<\/li>\n<li>Llistat barem amb reclamacions resoltes (23 d&#8217;abril de 2026)<\/li>\n<li>A partir del 20 d\u2019abril, les <strong>SOL\u00b7LICITUDS FORA TERMINI<\/strong> per al curs 2024-2025 es poden fer electr\u00f2nicament o en suport inform\u00e0tic a l\u2019enlla\u00e7 que adjuntem a continuaci\u00f3\u00a0<a href=\"https:\/\/educacio.gencat.cat\/ca\/tramits\/tramits-temes\/admissio-centre-fora-proces-preinscripcio?category=\" target=\"_blank\" rel=\"noopener\"><strong>Admissi\u00f3 de sol\u00b7licituds fora de termini per al curs 26-27<\/strong><\/a><\/li>\n<li>N\u00famero de desempat<\/li>\n<li>Llistat barem definitiu i ordenat (29 d&#8217;abril de 2026)<\/li>\n<li>Oferta final (10 de juny de 2026)<\/li>\n<li>Llistat alumnat assignat al centre (10 de juny de 2026)<\/li>\n<li>Llistat d&#8217;espera (10 de juny de 2026)<\/li>\n<\/ul>\n<\/li>\n<\/ul>\n<\/li>\n<\/ul>\n<\/li>\n<\/ul>\n<\/li>\n<\/ul>\n<\/li>\n<\/ul>\n<\/li>\n<\/ul>\n<\/li>\n<\/ul>\n<p style=\"text-align: center;\"><strong>PER FORMALITZAR LA MATR\u00cdCULA (del 22 al 30\u00a0 de juny del 2026) <span style=\"color: #ff0000;\">cal demanar cita pr\u00e8via.<\/span><\/strong><\/p>\n<p><a href=\"https:\/\/drive.google.com\/file\/d\/1dta1VWZ6cySKT15tVRlG74Uza9ueg4EU\/view?usp=sharing\"><img loading=\"lazy\" decoding=\"async\" class=\"wp-image-2010 aligncenter\" src=\"https:\/\/agora.xtec.cat\/institutcervello\/wp-content\/uploads\/usu972\/2021\/03\/Screenshot_1-1024x507.png\" alt=\"\" width=\"636\" height=\"315\" srcset=\"https:\/\/agora.xtec.cat\/institutcervello\/wp-content\/uploads\/usu972\/2021\/03\/Screenshot_1-1024x507.png 1024w, https:\/\/agora.xtec.cat\/institutcervello\/wp-content\/uploads\/usu972\/2021\/03\/Screenshot_1-300x149.png 300w, https:\/\/agora.xtec.cat\/institutcervello\/wp-content\/uploads\/usu972\/2021\/03\/Screenshot_1-768x380.png 768w, https:\/\/agora.xtec.cat\/institutcervello\/wp-content\/uploads\/usu972\/2021\/03\/Screenshot_1.png 1280w\" sizes=\"auto, (max-width: 636px) 100vw, 636px\" \/><\/a><\/p>\n<p>&nbsp;<\/p>\n<p>&nbsp;<\/p>\n","protected":false},"excerpt":{"rendered":"<p><a style=\"color: #0000ff;\" href=\"https:\/\/preinscripcio.gencat.cat\/ca\/inici\" target=\"_blank\" rel=\"noopener\">Web informativa GENCAT<\/a><\/p>\n<ul>\n<li style=\"list-style-type: none;\">\n<ul>\n<li style=\"list-style-type: none;\">\n<ul>\n<li style=\"list-style-type: none;\">\n<ul>\n<li style=\"list-style-type: none;\">\n<ul>\n<li style=\"list-style-type: none;\">\n<ul>\n<li style=\"list-style-type: none;\">\n<ul>\n<li style=\"list-style-type: none;\">\n<ul>\n<li><a href=\"https:\/\/tramits.gencat.cat\/ca\/tramits\/tramits-temes\/perinscripcio-obligatoris?moda=3\">Acc\u00e8s a la sol\u00b7licitud <\/a><\/li>\n<li><a style=\"color: #0000ff;\" href=\"https:\/\/preinscripcio.gencat.cat\/ca\/estudis\/eso\/informat\/calendari\/\">Calendari<\/a><\/li>\n<li><a style=\"color: #0000ff;\" href=\"https:\/\/preinscripcio.gencat.cat\/ca\/estudis\/eso\/informat\/prepara-documentacio\/\">Documentaci\u00f3 necess\u00e0ria<\/a><\/li>\n<li><a href=\"https:\/\/mapaescolar.gencat.cat\/\">Mapa escolar preinscripci\u00f3 26-27 Catalunya<\/a><\/li>\n<li><a href=\"https:\/\/agora.xtec.cat\/institutcervello\/wp-content\/uploads\/usu972\/2026\/03\/INFORME_OFERTA_OME_INFORME_OFERTA-1.pdf\">Oferta inicial places Institut de Cervell\u00f3&hellip;  <a href=\"https:\/\/agora.xtec.cat\/institutcervello\/secretaria\/preinscripcio-i-matricula-2024-2025\/\" title=\"Read Preinscripci\u00f3 i matr\u00edcula 2026-2027\">Llegeix m\u00e9s\u00bb<\/a><br \/>\n","protected":false},"author":1,"featured_media":0,"parent":81,"menu_order":8,"comment_status":"closed","ping_status":"closed","template":"","meta":{"_bbp_topic_count":0,"_bbp_reply_count":0,"_bbp_total_topic_count":0,"_bbp_total_reply_count":0,"_bbp_voice_count":0,"_bbp_anonymous_reply_count":0,"_bbp_topic_count_hidden":0,"_bbp_reply_count_hidden":0,"_bbp_forum_subforum_count":0,"footnotes":""},"class_list":["post-2671","page","type-page","status-publish","hentry"],"post_mailing_queue_ids":[],"_links":{"self":[{"href":"https:\/\/agora.xtec.cat\/institutcervello\/wp-json\/wp\/v2\/pages\/2671","targetHints":{"allow":["GET"]}}],"collection":[{"href":"https:\/\/agora.xtec.cat\/institutcervello\/wp-json\/wp\/v2\/pages"}],"about":[{"href":"https:\/\/agora.xtec.cat\/institutcervello\/wp-json\/wp\/v2\/types\/page"}],"author":[{"embeddable":true,"href":"https:\/\/agora.xtec.cat\/institutcervello\/wp-json\/wp\/v2\/users\/1"}],"replies":[{"embeddable":true,"href":"https:\/\/agora.xtec.cat\/institutcervello\/wp-json\/wp\/v2\/comments?post=2671"}],"version-history":[{"count":6,"href":"https:\/\/agora.xtec.cat\/institutcervello\/wp-json\/wp\/v2\/pages\/2671\/revisions"}],"predecessor-version":[{"id":3846,"href":"https:\/\/agora.xtec.cat\/institutcervello\/wp-json\/wp\/v2\/pages\/2671\/revisions\/3846"}],"up":[{"embeddable":true,"href":"https:\/\/agora.xtec.cat\/institutcervello\/wp-json\/wp\/v2\/pages\/81"}],"wp:attachment":[{"href":"https:\/\/agora.xtec.cat\/institutcervello\/wp-json\/wp\/v2\/media?parent=2671"}],"curies":[{"name":"wp","href":"https:\/\/api.w.org\/{rel}","templated":true}]}}