{"id":1680,"date":"2020-03-24T19:29:02","date_gmt":"2020-03-24T18:29:02","guid":{"rendered":"https:\/\/agora.xtec.cat\/institutcervello\/?page_id=1680"},"modified":"2021-07-15T10:59:40","modified_gmt":"2021-07-15T08:59:40","slug":"qui-som","status":"publish","type":"page","link":"https:\/\/agora.xtec.cat\/institutcervello\/el-centre\/qui-som\/","title":{"rendered":"Filosofia de centre"},"content":{"rendered":"<p><span style=\"font-weight: 400;\">L\u2019Institut de Cervell\u00f3 est\u00e0 ubicat al carrer del Pi s\/n de Cervell\u00f3, comarca del Baix Llobregat, en el seu nucli urb\u00e0. Cervell\u00f3, un municipi de 8000 habitants aproximadament, que est\u00e0 format per un petit nucli urb\u00e0 i nombroses urbanitzacions que condicionen una poblaci\u00f3 molt disseminada. Algunes urbanitzacions disten alguns quil\u00f2metres de l\u2019institut, cosa que obliga a les fam\u00edlies a utilitzar el transport particular diari d\u2019un important nombre d\u2019alumnat. Tanmateix, el nivell social, econ\u00f2mic i cultural de la seva poblaci\u00f3 \u00e9s predominantment mitj\u00e0-baix.<\/span><\/p>\n<p><span style=\"font-weight: 400;\">Aquest centre neix el curs 2007-08 amb un grup de professorat provinent de l\u2019Institut Vall d\u2019Ar\u00fas de Vallirana. Des del seu origen ha sigut\u00a0 un centre \u00fanicament d\u2019ESO i sempre amb aularis prefabricats. Per tant, est\u00e0 ubicat en un espai d\u2019equipament p\u00fablic provisional fins a la construcci\u00f3 de l\u2019edifici. Aquest car\u00e0cter de provisionalitat del centre fa que les caracter\u00edstiques d\u2019aquest hagin sigut canviants al llarg dels cursos. Aix\u00f2 ha implicat un continu creixement d\u2019aularis prefabricats, noves ubicacions d\u2019espais comuns i espec\u00edfics, noves instal\u00b7lacions el\u00e8ctriques, d\u2019aigua, internet, tel\u00e8fon,&#8230; amb un creixement d\u2019aularis de 3 inicialment a 9 fins arribar a la situaci\u00f3 actual; amb una ampliaci\u00f3 de l\u2019espai exterior cedit i condicionat per l\u2019Ajuntament de la localitat.<\/span><\/p>\n<p><span style=\"font-weight: 400;\">En quant a la proced\u00e8ncia dels nostres alumnes, el centre ha sofert unes modificacions importants. Inicialment la proced\u00e8ncia de l\u2019alumnat era de l\u2019Escola Sta. Maria de Cervell\u00f3, amb 2 l\u00ednies. At\u00e8s al creixement de natalitat de la poblaci\u00f3 en el \u00faltims anys, la poblaci\u00f3 va tenir la necessitat de la creaci\u00f3 d\u2019una nova escola, denominada Escola Nova. Per tant, actualment, l\u2019alumnat prov\u00e9 de les dues escoles de la localitat i de la poblaci\u00f3 que viu en aquest municipi i t\u00e9 l\u2019edat de l\u2019escolaritzaci\u00f3 obligat\u00f2ria. Aix\u00f2 significa que el nostre centre ha experimentat un creixement significatiu, al llarg de la seva exist\u00e8ncia, del n\u00famero d\u2019alumnat i professorat. Sent ara mateix un centre un centre de 3-3-4-4 a l\u2019ESO, amb un total de 345 alumnes aprox., 39 professors\/es i 3 membres del PAS.<\/span><\/p>\n<p><span style=\"font-weight: 400;\">Tal i com recull i especifica en el PEC (FOP: Formaci\u00f3-Orientaci\u00f3-Participaci\u00f3), l\u2019Institut de Cervell\u00f3 \u00e9s un centre p\u00fablic i laic que imparteix classes d\u2019Educaci\u00f3 Secund\u00e0ria Obligat\u00f2ria (ESO). Obert, integrador, que proporciona una educaci\u00f3 de qualitat, en un entorn pedag\u00f2gic innovador i col\u00b7laborador, que desenvolupa la cultura dels valors: <\/span><i><span style=\"font-weight: 400;\">comprom\u00eds, respecte, esfor\u00e7, treball en equip i control d\u2019emocions<\/span><\/i><span style=\"font-weight: 400;\">. Tots ells com a eixos fonamentals de tot el projecte educatiu del programa <\/span><i><span style=\"font-weight: 400;\">\u201cUn m\u00f3n ple de valors\u201d<\/span><\/i><span style=\"font-weight: 400;\">. Partint del context cultural i respectant el dret a l\u2019educaci\u00f3, la comunitat escolar de l\u2019Institut de Cervell\u00f3, fa una clara aposta per una educaci\u00f3 integral de l\u2019alumnat que li permeti integrar-se amb efici\u00e8ncia i de manera m\u00e9s completa possible en la societat actual.<\/span><\/p>\n<p><i><span style=\"font-weight: 400;\">Formaci\u00f3<\/span><\/i><\/p>\n<p><span style=\"font-weight: 400;\">Sempre buscant la qualitat en el proc\u00e9s d\u2019aprenentatge de l\u2019alumne i adaptat a les necessitats del mateix. Es pondera l\u2019acci\u00f3 de la doc\u00e8ncia compartida, tutoria i co-tutoria d\u2019un grup classe, pr\u00e0ctiques de les mat\u00e8ries en les aules espec\u00edfiques, treball amb r\u00e0tios redu\u00efdes de grup classe, equips educatius redu\u00efts (professorat exercint dobles mat\u00e8ries), llocs amb perfils professionals espec\u00edfics dins la plantilla,\u00a0 aprenentatge de la llengua estrangera (angl\u00e8s) transversal en diferents mat\u00e8ries d\u2019\u00e0mbit no lling\u00fc\u00edstic (centre GEP), treball per projectes transversals basat en metodologies globalitzades i realitzaci\u00f3 del projecte d\u2019Aprenentatge i Servei basat en l\u2019intercanvi generacional dins el municipi.<\/span><\/p>\n<p><span style=\"font-weight: 400;\">\u00a0<\/span><i><span style=\"font-weight: 400;\">Orientaci\u00f3<\/span><\/i><\/p>\n<p><span style=\"font-weight: 400;\">L\u2019orientaci\u00f3 personal i professional de cada l\u2019alumnat durant l\u2019etapa a l\u2019Institut de Cervell\u00f3 es converteix en un dels altres pilars b\u00e0sics del projecte de centre. Amb una \u00e0mplia dotaci\u00f3 de plantilla en el departament d\u2019orientaci\u00f3, amb una professional a cada nivell educatiu per fer l\u2019atenci\u00f3 molt m\u00e9s efica\u00e7\u00a0 a l\u2019alumnat i proporcionar a la resta de professorat eines d\u2019ajuda per orientar a cada alumne individualment. Com a objectiu fonamental per a cada alumne es resumeix en: ser capa\u00e7os de trobar aquell perfil professional i acad\u00e8mic que m\u00e9s s\u2019ajusta als interessos i motivaci\u00f3 de l\u2019alumne. Tanmateix enfortir com a persona i donar seguretat i control emocional a tot l\u2019alumnat, en funci\u00f3 de les seves caracter\u00edstiques individuals.<\/span><\/p>\n<p><span style=\"font-weight: 400;\">\u00a0<\/span><i><span style=\"font-weight: 400;\">Participaci\u00f3<\/span><\/i><\/p>\n<p><span style=\"font-weight: 400;\">Es crea i es desenvolupa, com a ens caracter\u00edstic del centre, un programa de participaci\u00f3 de l\u2019alumnat en la vida del centre. Basat en un proc\u00e9s democr\u00e0tic i comprom\u00e8s amb els valors i ideals regits per la normativa de centre (NOFC). Un comprom\u00eds p\u00fablic vers l\u2019educaci\u00f3 dels joves de Cervell\u00f3 que permeti fer de l\u2019Institut de Cervell\u00f3 un espai permanent per a aprendre a con\u00e8ixer, a fer, aprendre a ser i aprendre a conviure.<\/span><\/p>\n<p><span style=\"font-weight: 400;\">Tanmateix, una relaci\u00f3 i comunicaci\u00f3 permanent i flu\u00efda amb la fam\u00edlia per treballar conjuntament pel b\u00e9 de l\u2019alumnat. Amb reunions espec\u00edfiques amb les fam\u00edlies i comunicaci\u00f3 flu\u00efda mitjan\u00e7ant la plataforma de comunicaci\u00f3 que utilitza el centre (Esemtia).<\/span><\/p>\n<p><span style=\"font-weight: 400;\">Amb tot all\u00f2, l\u2019objectiu final \u00e9s el de la millora permanent de la conviv\u00e8ncia al centre educatiu, amb la creaci\u00f3 i consolidaci\u00f3 de la Comissi\u00f3 permanent de Conviv\u00e8ncia. Un \u00f2rgan d\u2019assessorament, suport i mediaci\u00f3 per tota la comunitat escolar.<\/span><\/p>\n<p><b>L\u2019Equip Directiu<\/b><\/p>\n","protected":false},"excerpt":{"rendered":"<p>L\u2019Institut de Cervell\u00f3 est\u00e0 ubicat al carrer del Pi s\/n de Cervell\u00f3, comarca del Baix Llobregat, en el seu nucli urb\u00e0. Cervell\u00f3, un municipi de 8000 habitants aproximadament, que est\u00e0 format per un petit nucli urb\u00e0 i nombroses urbanitzacions que condicionen una poblaci\u00f3 molt disseminada.&hellip;  <a href=\"https:\/\/agora.xtec.cat\/institutcervello\/el-centre\/qui-som\/\" title=\"Read Filosofia de centre\">Llegeix m\u00e9s\u00bb<\/a><\/p>\n","protected":false},"author":1,"featured_media":0,"parent":2,"menu_order":10,"comment_status":"closed","ping_status":"closed","template":"","meta":{"_bbp_topic_count":0,"_bbp_reply_count":0,"_bbp_total_topic_count":0,"_bbp_total_reply_count":0,"_bbp_voice_count":0,"_bbp_anonymous_reply_count":0,"_bbp_topic_count_hidden":0,"_bbp_reply_count_hidden":0,"_bbp_forum_subforum_count":0,"footnotes":""},"class_list":["post-1680","page","type-page","status-publish","hentry"],"post_mailing_queue_ids":[],"_links":{"self":[{"href":"https:\/\/agora.xtec.cat\/institutcervello\/wp-json\/wp\/v2\/pages\/1680","targetHints":{"allow":["GET"]}}],"collection":[{"href":"https:\/\/agora.xtec.cat\/institutcervello\/wp-json\/wp\/v2\/pages"}],"about":[{"href":"https:\/\/agora.xtec.cat\/institutcervello\/wp-json\/wp\/v2\/types\/page"}],"author":[{"embeddable":true,"href":"https:\/\/agora.xtec.cat\/institutcervello\/wp-json\/wp\/v2\/users\/1"}],"replies":[{"embeddable":true,"href":"https:\/\/agora.xtec.cat\/institutcervello\/wp-json\/wp\/v2\/comments?post=1680"}],"version-history":[{"count":4,"href":"https:\/\/agora.xtec.cat\/institutcervello\/wp-json\/wp\/v2\/pages\/1680\/revisions"}],"predecessor-version":[{"id":2071,"href":"https:\/\/agora.xtec.cat\/institutcervello\/wp-json\/wp\/v2\/pages\/1680\/revisions\/2071"}],"up":[{"embeddable":true,"href":"https:\/\/agora.xtec.cat\/institutcervello\/wp-json\/wp\/v2\/pages\/2"}],"wp:attachment":[{"href":"https:\/\/agora.xtec.cat\/institutcervello\/wp-json\/wp\/v2\/media?parent=1680"}],"curies":[{"name":"wp","href":"https:\/\/api.w.org\/{rel}","templated":true}]}}