{"id":1265,"date":"2016-05-05T23:20:01","date_gmt":"2016-05-05T23:20:01","guid":{"rendered":"http:\/\/www.seccioinstitutcervello.cat\/web\/?page_id=532"},"modified":"2024-12-16T11:13:37","modified_gmt":"2024-12-16T10:13:37","slug":"activitats-complementaries-i-material","status":"publish","type":"page","link":"https:\/\/agora.xtec.cat\/institutcervello\/activitats-complementaries-i-material\/","title":{"rendered":"Activitats complement\u00e0ries i material"},"content":{"rendered":"<p style=\"text-align: justify;\">Aqu\u00ed \u00e9s on trobareu les diferents propostes d&#8217;activitats complement\u00e0ries per a cada curs, el seu cost i com pagar-les. A m\u00e9s, en l&#8217;altre document adjunt s&#8217;explica\u00a0desglossat en qu\u00e8 gastem els diners de material. Per qualsevol dubte i\/o consulta ja sabeu que estem a la vostra disposici\u00f3.<\/p>\n<h2 style=\"text-align: center;\"><a href=\"https:\/\/agora.xtec.cat\/institutcervello\/wp-content\/uploads\/usu972\/2024\/12\/0034_1_ACTCOMP_24-25.docx-3.pdf\"><span style=\"color: #ff0000;\"><strong>1r d&#8217;ESO<\/strong><\/span><\/a><\/h2>\n<h2 style=\"text-align: center;\"><a href=\"https:\/\/agora.xtec.cat\/institutcervello\/wp-content\/uploads\/usu972\/2024\/12\/0034_2_ACTCOMP_24-25.docx-2.pdf\"><span style=\"color: #ff0000;\"><strong>2n d&#8217;ESO<\/strong><\/span><\/a><\/h2>\n<h2 style=\"text-align: center;\"><a href=\"https:\/\/agora.xtec.cat\/institutcervello\/wp-content\/uploads\/usu972\/2024\/12\/0034_3_ACTCOMP_24-25.docx-2.pdf\"><span style=\"color: #ff0000;\"><strong>3r d&#8217;ESO<\/strong><\/span><\/a><\/h2>\n<h2 style=\"text-align: center;\"><a href=\"https:\/\/agora.xtec.cat\/institutcervello\/wp-content\/uploads\/usu972\/2024\/12\/0034_4_ACTCOMP_24-25.docx-3.pdf\"><span style=\"color: #ff0000;\"><strong>4t d&#8217;ESO<\/strong><\/span><\/a><\/h2>\n<h2 style=\"text-align: center;\"><a href=\"https:\/\/agora.xtec.cat\/institutcervello\/wp-content\/uploads\/usu972\/2019\/09\/quota-material_20192020.pdf\"><span style=\"color: #ff0000;\"><strong>DESPESES EN\u00a0MATERIAL<\/strong><\/span><\/a><\/h2>\n<p style=\"text-align: justify;\">A m\u00e9s a m\u00e9s, tamb\u00e9 adjuntem el <strong>cost real desglossat<\/strong> que han tingut les sortides d&#8217;aquest curs escolar (2022-2023).<\/p>\n<h3 style=\"text-align: center;\"><strong><span style=\"color: #3366ff;\"><a href=\"https:\/\/agora.xtec.cat\/institutcervello\/wp-content\/uploads\/usu972\/2023\/07\/SORTIDES-1-ESO-CURS-22-23.pdf\">1r d&#8217;ESO<\/a> \u00a0<a href=\"https:\/\/agora.xtec.cat\/institutcervello\/wp-content\/uploads\/usu972\/2023\/07\/SORTIDES-2-ESO-CURS-22-23-1.pdf\"> \u00a0 2n d&#8217;ESO<\/a> \u00a0 \u00a0<a href=\"https:\/\/agora.xtec.cat\/institutcervello\/wp-content\/uploads\/usu972\/2023\/07\/SORTIDES-3-ESO-CURS-22-23.pdf\"> 3r d&#8217;ESO \u00a0<\/a> \u00a0 <a href=\"https:\/\/agora.xtec.cat\/institutcervello\/wp-content\/uploads\/usu972\/2023\/07\/SORTIDES-4-ESO-CURS-22-23.pdf\">4t d&#8217;ESO<\/a><\/span><\/strong><\/h3>\n","protected":false},"excerpt":{"rendered":"<p>Aqu\u00ed \u00e9s on trobareu les diferents propostes d&#8217;activitats complement\u00e0ries per a cada curs, el seu cost i com pagar-les. A m\u00e9s, en l&#8217;altre document adjunt s&#8217;explica\u00a0desglossat en qu\u00e8 gastem els diners de material. Per qualsevol dubte i\/o consulta ja sabeu que estem a la vostra&hellip;  <a href=\"https:\/\/agora.xtec.cat\/institutcervello\/activitats-complementaries-i-material\/\" title=\"Read Activitats complement\u00e0ries i material\">Llegeix m\u00e9s\u00bb<\/a><\/p>\n","protected":false},"author":1,"featured_media":0,"parent":0,"menu_order":0,"comment_status":"open","ping_status":"open","template":"","meta":{"_bbp_topic_count":0,"_bbp_reply_count":0,"_bbp_total_topic_count":0,"_bbp_total_reply_count":0,"_bbp_voice_count":0,"_bbp_anonymous_reply_count":0,"_bbp_topic_count_hidden":0,"_bbp_reply_count_hidden":0,"_bbp_forum_subforum_count":0,"footnotes":""},"class_list":["post-1265","page","type-page","status-publish","hentry"],"post_mailing_queue_ids":[],"_links":{"self":[{"href":"https:\/\/agora.xtec.cat\/institutcervello\/wp-json\/wp\/v2\/pages\/1265","targetHints":{"allow":["GET"]}}],"collection":[{"href":"https:\/\/agora.xtec.cat\/institutcervello\/wp-json\/wp\/v2\/pages"}],"about":[{"href":"https:\/\/agora.xtec.cat\/institutcervello\/wp-json\/wp\/v2\/types\/page"}],"author":[{"embeddable":true,"href":"https:\/\/agora.xtec.cat\/institutcervello\/wp-json\/wp\/v2\/users\/1"}],"replies":[{"embeddable":true,"href":"https:\/\/agora.xtec.cat\/institutcervello\/wp-json\/wp\/v2\/comments?post=1265"}],"version-history":[{"count":6,"href":"https:\/\/agora.xtec.cat\/institutcervello\/wp-json\/wp\/v2\/pages\/1265\/revisions"}],"predecessor-version":[{"id":3261,"href":"https:\/\/agora.xtec.cat\/institutcervello\/wp-json\/wp\/v2\/pages\/1265\/revisions\/3261"}],"wp:attachment":[{"href":"https:\/\/agora.xtec.cat\/institutcervello\/wp-json\/wp\/v2\/media?parent=1265"}],"curies":[{"name":"wp","href":"https:\/\/api.w.org\/{rel}","templated":true}]}}