{"id":10,"date":"2014-11-03T08:47:52","date_gmt":"2014-11-03T08:47:52","guid":{"rendered":"http:\/\/sicervello\/?page_id=10"},"modified":"2020-03-25T18:39:52","modified_gmt":"2020-03-25T17:39:52","slug":"projecte-educatiu","status":"publish","type":"page","link":"https:\/\/agora.xtec.cat\/institutcervello\/el-centre\/projecte-educatiu\/","title":{"rendered":"Projecte Educatiu i Ling\u00fc\u00edstic"},"content":{"rendered":"<p style=\"text-align: justify;\"><a href=\"https:\/\/agora.xtec.cat\/institutcervello\/wp-content\/uploads\/usu972\/2020\/03\/PEC_INS_CERVELLO_210716.pdf\"><img loading=\"lazy\" decoding=\"async\" class=\"wp-image-1710 alignleft\" src=\"https:\/\/agora.xtec.cat\/institutcervello\/wp-content\/uploads\/usu972\/2020\/03\/PEC_portada.jpg\" alt=\"\" width=\"237\" height=\"281\" srcset=\"https:\/\/agora.xtec.cat\/institutcervello\/wp-content\/uploads\/usu972\/2020\/03\/PEC_portada.jpg 647w, https:\/\/agora.xtec.cat\/institutcervello\/wp-content\/uploads\/usu972\/2020\/03\/PEC_portada-253x300.jpg 253w\" sizes=\"auto, (max-width: 237px) 100vw, 237px\" \/><\/a><a href=\"https:\/\/agora.xtec.cat\/institutcervello\/wp-content\/uploads\/usu972\/2014\/11\/PLING\u00dc\u00cdSTIC-INSTITUT-DE-CERVELL\u00d3-1819.pdf\" target=\"_blank\" rel=\"noopener noreferrer\"><img loading=\"lazy\" decoding=\"async\" class=\" size-medium wp-image-1165 alignleft\" src=\"https:\/\/agora.xtec.cat\/institutcervello\/wp-content\/uploads\/usu972\/2014\/11\/Captura-de-pantalla-2019-02-14-a-les-8.54.17-212x300.png\" alt=\"Captura de pantalla 2019-02-14 a les 8.54.17\" width=\"212\" height=\"300\" srcset=\"https:\/\/agora.xtec.cat\/institutcervello\/wp-content\/uploads\/usu972\/2014\/11\/Captura-de-pantalla-2019-02-14-a-les-8.54.17-212x300.png 212w, https:\/\/agora.xtec.cat\/institutcervello\/wp-content\/uploads\/usu972\/2014\/11\/Captura-de-pantalla-2019-02-14-a-les-8.54.17.png 395w\" sizes=\"auto, (max-width: 212px) 100vw, 212px\" \/><\/a><\/p>\n","protected":false},"excerpt":{"rendered":"<p><a href=\"https:\/\/agora.xtec.cat\/institutcervello\/wp-content\/uploads\/usu972\/2020\/03\/PEC_INS_CERVELLO_210716.pdf\"><\/a><a href=\"https:\/\/agora.xtec.cat\/institutcervello\/wp-content\/uploads\/usu972\/2014\/11\/PLING\u00dc\u00cdSTIC-INSTITUT-DE-CERVELL\u00d3-1819.pdf\" target=\"_blank\" rel=\"noopener noreferrer\"><\/a><\/p>\n","protected":false},"author":1,"featured_media":0,"parent":2,"menu_order":3,"comment_status":"open","ping_status":"open","template":"","meta":{"_bbp_topic_count":0,"_bbp_reply_count":0,"_bbp_total_topic_count":0,"_bbp_total_reply_count":0,"_bbp_voice_count":0,"_bbp_anonymous_reply_count":0,"_bbp_topic_count_hidden":0,"_bbp_reply_count_hidden":0,"_bbp_forum_subforum_count":0,"footnotes":""},"class_list":["post-10","page","type-page","status-publish","hentry"],"post_mailing_queue_ids":[],"_links":{"self":[{"href":"https:\/\/agora.xtec.cat\/institutcervello\/wp-json\/wp\/v2\/pages\/10","targetHints":{"allow":["GET"]}}],"collection":[{"href":"https:\/\/agora.xtec.cat\/institutcervello\/wp-json\/wp\/v2\/pages"}],"about":[{"href":"https:\/\/agora.xtec.cat\/institutcervello\/wp-json\/wp\/v2\/types\/page"}],"author":[{"embeddable":true,"href":"https:\/\/agora.xtec.cat\/institutcervello\/wp-json\/wp\/v2\/users\/1"}],"replies":[{"embeddable":true,"href":"https:\/\/agora.xtec.cat\/institutcervello\/wp-json\/wp\/v2\/comments?post=10"}],"version-history":[{"count":3,"href":"https:\/\/agora.xtec.cat\/institutcervello\/wp-json\/wp\/v2\/pages\/10\/revisions"}],"predecessor-version":[{"id":1713,"href":"https:\/\/agora.xtec.cat\/institutcervello\/wp-json\/wp\/v2\/pages\/10\/revisions\/1713"}],"up":[{"embeddable":true,"href":"https:\/\/agora.xtec.cat\/institutcervello\/wp-json\/wp\/v2\/pages\/2"}],"wp:attachment":[{"href":"https:\/\/agora.xtec.cat\/institutcervello\/wp-json\/wp\/v2\/media?parent=10"}],"curies":[{"name":"wp","href":"https:\/\/api.w.org\/{rel}","templated":true}]}}