{"id":21,"date":"2014-09-17T16:14:14","date_gmt":"2014-09-17T14:14:14","guid":{"rendered":"http:\/\/agora.xtec.cat\/institutcanplanas\/?page_id=21"},"modified":"2021-11-09T13:58:38","modified_gmt":"2021-11-09T12:58:38","slug":"on-som","status":"publish","type":"page","link":"https:\/\/agora.xtec.cat\/institutcanplanas\/linstitut\/on-som\/","title":{"rendered":"On som"},"content":{"rendered":"<p style=\"color: #666666;\"><strong>Institut Can Planas<\/strong><br \/>\nC\/ Folch i Torres, 1<br \/>\n08210 Barber\u00e0 del Vall\u00e8s<\/p>\n<p style=\"color: #666666;\"><strong>Acc\u00e9s per carrer Josep Maria de Segarra<\/strong><\/p>\n<p><a href=\"http:\/\/agora.xtec.cat\/institutcanplanas\/wp-content\/uploads\/usu510\/2014\/09\/Localitzaci\u00f3CanPlanas.png\" rel=\"attachment wp-att-431\"><img loading=\"lazy\" decoding=\"async\" class=\"alignnone size-full wp-image-431\" src=\"http:\/\/agora.xtec.cat\/institutcanplanas\/wp-content\/uploads\/usu510\/2014\/09\/Localitzaci\u00f3CanPlanas.png\" alt=\"Localitzaci\u00f3CanPlanas\" width=\"884\" height=\"459\" srcset=\"https:\/\/agora.xtec.cat\/institutcanplanas\/wp-content\/uploads\/usu510\/2014\/09\/Localitzaci\u00f3CanPlanas.png 884w, https:\/\/agora.xtec.cat\/institutcanplanas\/wp-content\/uploads\/usu510\/2014\/09\/Localitzaci\u00f3CanPlanas-300x156.png 300w, https:\/\/agora.xtec.cat\/institutcanplanas\/wp-content\/uploads\/usu510\/2014\/09\/Localitzaci\u00f3CanPlanas-768x399.png 768w\" sizes=\"auto, (max-width: 884px) 100vw, 884px\" \/><\/a><\/p>\n<p><strong>Com arribar-hi:<br \/>\n<\/strong><\/p>\n<ul>\n<li>Per tren: Estaci\u00f3 RENFE Rodalies Barber\u00e0 del Vall\u00e8s. L\u00ednia R4.<\/li>\n<li>Per bus: L\u00ednies d&#8217;autobusos interurbans A1,A2,B1,B2,B4,B6. L\u00ednia 1 d&#8217;autobusos urbans.<\/li>\n<li>Per carretera: Carretera N-150 i Autopistes C58 i AP7.<\/li>\n<\/ul>\n<p><strong>Escoles adscrites a l&#8217;institut:<br \/>\n<\/strong>Escola Can Serra, Escola del Bosc, Escola Elisa Badia, Escola Miquel Mart\u00ed i Pol, Escola Marta Mata, Escola Pau Picasso.<\/p>\n<p><strong>Correus electr\u00f2nics de contacte:<\/strong><\/p>\n<ul>\n<li><span style=\"font-size: medium;\">B\u00fastia General: <a href=\"mailto:institutcanplanas@xtec.cat\">institutcanplanas@xtec.cat<\/a><\/span><\/li>\n<\/ul>\n<p>&nbsp;<\/p>\n","protected":false},"excerpt":{"rendered":"<p>Institut Can Planas C\/ Folch i Torres, 1 08210 Barber\u00e0 del Vall\u00e8s Acc\u00e9s per carrer Josep Maria de Segarra Com arribar-hi: Per tren: Estaci\u00f3 RENFE Rodalies Barber\u00e0 del Vall\u00e8s. L\u00ednia R4. Per bus: L\u00ednies d&#8217;autobusos interurbans A1,A2,B1,B2,B4,B6. L\u00ednia 1 d&#8217;autobusos urbans. Per carretera: Carretera N-150 i Autopistes C58 i AP7. Escoles adscrites a l&#8217;institut: Escola [&hellip;]<\/p>\n","protected":false},"author":1,"featured_media":0,"parent":19,"menu_order":1,"comment_status":"closed","ping_status":"closed","template":"page-templates\/side-menu.php","meta":{"_bbp_topic_count":0,"_bbp_reply_count":0,"_bbp_total_topic_count":0,"_bbp_total_reply_count":0,"_bbp_voice_count":0,"_bbp_anonymous_reply_count":0,"_bbp_topic_count_hidden":0,"_bbp_reply_count_hidden":0,"_bbp_forum_subforum_count":0,"site-sidebar-layout":"default","site-content-layout":"","ast-site-content-layout":"","site-content-style":"default","site-sidebar-style":"default","ast-global-header-display":"","ast-banner-title-visibility":"","ast-main-header-display":"","ast-hfb-above-header-display":"","ast-hfb-below-header-display":"","ast-hfb-mobile-header-display":"","site-post-title":"","ast-breadcrumbs-content":"","ast-featured-img":"","footer-sml-layout":"","theme-transparent-header-meta":"","adv-header-id-meta":"","stick-header-meta":"","header-above-stick-meta":"","header-main-stick-meta":"","header-below-stick-meta":"","astra-migrate-meta-layouts":"default","ast-page-background-enabled":"default","ast-page-background-meta":{"desktop":{"background-color":"var(--ast-global-color-4)","background-image":"","background-repeat":"repeat","background-position":"center center","background-size":"auto","background-attachment":"scroll","background-type":"","background-media":"","overlay-type":"","overlay-color":"","overlay-opacity":"","overlay-gradient":""},"tablet":{"background-color":"","background-image":"","background-repeat":"repeat","background-position":"center center","background-size":"auto","background-attachment":"scroll","background-type":"","background-media":"","overlay-type":"","overlay-color":"","overlay-opacity":"","overlay-gradient":""},"mobile":{"background-color":"","background-image":"","background-repeat":"repeat","background-position":"center center","background-size":"auto","background-attachment":"scroll","background-type":"","background-media":"","overlay-type":"","overlay-color":"","overlay-opacity":"","overlay-gradient":""}},"ast-content-background-meta":{"desktop":{"background-color":"var(--ast-global-color-5)","background-image":"","background-repeat":"repeat","background-position":"center center","background-size":"auto","background-attachment":"scroll","background-type":"","background-media":"","overlay-type":"","overlay-color":"","overlay-opacity":"","overlay-gradient":""},"tablet":{"background-color":"var(--ast-global-color-5)","background-image":"","background-repeat":"repeat","background-position":"center center","background-size":"auto","background-attachment":"scroll","background-type":"","background-media":"","overlay-type":"","overlay-color":"","overlay-opacity":"","overlay-gradient":""},"mobile":{"background-color":"var(--ast-global-color-5)","background-image":"","background-repeat":"repeat","background-position":"center center","background-size":"auto","background-attachment":"scroll","background-type":"","background-media":"","overlay-type":"","overlay-color":"","overlay-opacity":"","overlay-gradient":""}},"footnotes":""},"class_list":["post-21","page","type-page","status-publish","hentry"],"post_mailing_queue_ids":[],"_links":{"self":[{"href":"https:\/\/agora.xtec.cat\/institutcanplanas\/wp-json\/wp\/v2\/pages\/21","targetHints":{"allow":["GET"]}}],"collection":[{"href":"https:\/\/agora.xtec.cat\/institutcanplanas\/wp-json\/wp\/v2\/pages"}],"about":[{"href":"https:\/\/agora.xtec.cat\/institutcanplanas\/wp-json\/wp\/v2\/types\/page"}],"author":[{"embeddable":true,"href":"https:\/\/agora.xtec.cat\/institutcanplanas\/wp-json\/wp\/v2\/users\/1"}],"replies":[{"embeddable":true,"href":"https:\/\/agora.xtec.cat\/institutcanplanas\/wp-json\/wp\/v2\/comments?post=21"}],"version-history":[{"count":4,"href":"https:\/\/agora.xtec.cat\/institutcanplanas\/wp-json\/wp\/v2\/pages\/21\/revisions"}],"predecessor-version":[{"id":6111,"href":"https:\/\/agora.xtec.cat\/institutcanplanas\/wp-json\/wp\/v2\/pages\/21\/revisions\/6111"}],"up":[{"embeddable":true,"href":"https:\/\/agora.xtec.cat\/institutcanplanas\/wp-json\/wp\/v2\/pages\/19"}],"wp:attachment":[{"href":"https:\/\/agora.xtec.cat\/institutcanplanas\/wp-json\/wp\/v2\/media?parent=21"}],"curies":[{"name":"wp","href":"https:\/\/api.w.org\/{rel}","templated":true}]}}