{"id":1423,"date":"2017-06-13T13:58:07","date_gmt":"2017-06-13T11:58:07","guid":{"rendered":"http:\/\/agora.xtec.cat\/institutbisbesivilla\/?page_id=1423"},"modified":"2023-07-25T18:46:52","modified_gmt":"2023-07-25T16:46:52","slug":"preinscripcio","status":"publish","type":"page","link":"https:\/\/agora.xtec.cat\/institutbisbesivilla\/secretaria\/preinscripcio\/","title":{"rendered":"Preinscripci\u00f3"},"content":{"rendered":"<p>La preinscripci\u00f3 \u00e9s el tr\u00e0mit que cal fer per ser adm\u00e8s per primera vegada en un centre sostingut amb fons p\u00fablics, i tamb\u00e9 quan es vol canviar de centre. Per fer la preinscripci\u00f3 cal:<\/p>\n<ul>\n<li>con\u00e8ixer el calendari de tot el proc\u00e9s,<\/li>\n<li>consultar els centres i l\u2019oferta de places escolars,<\/li>\n<li>con\u00e8ixer els criteris de prioritat amb qu\u00e8 s\u2019ordenen les sol\u00b7licituds i tamb\u00e9 la documentaci\u00f3 necess\u00e0ria per justificar-los,<\/li>\n<li>presentar la sol\u00b7licitud i la documentaci\u00f3 en el termini que s\u2019estableixi.<\/li>\n<\/ul>\n<p>Cada centre educatiu us pot informar del seu projecte educatiu, dels ensenyaments que imparteix, de les places de qu\u00e8 disposa, de l\u2019adscripci\u00f3 a altres centres i si t\u00e9 mitjans espec\u00edfics d\u2019adaptaci\u00f3 a determinades discapacitats dels alumnes. Normalment els centres organitzen jornades de portes obertes abans del per\u00edode de preinscripci\u00f3.<\/p>\n<p>Cada any el Departament publica la resoluci\u00f3 que regula el proc\u00e9s de preinscripci\u00f3, on s\u2019estableixen les dates i els terminis que s\u00f3n espec\u00edfics per a cada ensenyament.<\/p>\n<p>Per m\u00e9s informaci\u00f3 podeu clicar als seg\u00fcents enlla\u00e7os:<\/p>\n<blockquote>\n<ul>\n<li><a href=\"https:\/\/docs.google.com\/document\/d\/116TXtP3-bcQNsgys7fGAUR5A9BYEFXmlMFckEC0qbro\/edit\">Preinscripci\u00f3 i matr\u00edcula ESO<\/a><\/li>\n<li><a href=\"https:\/\/docs.google.com\/document\/d\/192KxL6DQnSaaf_6z3s4u2OLUUrhFr__py6pjmSZHwVo\/edit\">Preinscripci\u00f3 i matr\u00edcula batxillerat, PFI, CFGM i CFGS<\/a><\/li>\n<li><a href=\"http:\/\/queestudiar.gencat.cat\/ca\/preinscripcio\/estudis\/obligatoris\/\">ESO<\/a><\/li>\n<li><a href=\"http:\/\/queestudiar.gencat.cat\/ca\/preinscripcio\/estudis\/batxillerat\/\">Batxillerat<\/a><\/li>\n<li><a href=\"http:\/\/queestudiar.gencat.cat\/ca\/preinscripcio\/estudis\/fp-gm\/\">Formaci\u00f3 professional grau mitj\u00e0<\/a><\/li>\n<li><a href=\"http:\/\/queestudiar.gencat.cat\/ca\/preinscripcio\/estudis\/fp-gs\/\">Formaci\u00f3 professional grau superior<\/a><\/li>\n<\/ul>\n<\/blockquote>\n","protected":false},"excerpt":{"rendered":"<p>La preinscripci\u00f3 \u00e9s el tr\u00e0mit que cal fer per ser adm\u00e8s per primera vegada en un centre sostingut amb fons p\u00fablics, i tamb\u00e9 quan es vol canviar de centre. Per fer la preinscripci\u00f3 cal:<\/p>\n<ul>\n<li>con\u00e8ixer el calendari de tot el proc\u00e9s,<\/li>\n<li>consultar els centres i l\u2019oferta de&hellip;  <a href=\"https:\/\/agora.xtec.cat\/institutbisbesivilla\/secretaria\/preinscripcio\/\" title=\"Read Preinscripci\u00f3\">Llegeix m\u00e9s\u00bb<\/a><br \/>\n","protected":false},"author":7,"featured_media":0,"parent":2749,"menu_order":2,"comment_status":"closed","ping_status":"closed","template":"page-templates\/side-menu.php","meta":{"_bbp_topic_count":0,"_bbp_reply_count":0,"_bbp_total_topic_count":0,"_bbp_total_reply_count":0,"_bbp_voice_count":0,"_bbp_anonymous_reply_count":0,"_bbp_topic_count_hidden":0,"_bbp_reply_count_hidden":0,"_bbp_forum_subforum_count":0,"footnotes":""},"class_list":["post-1423","page","type-page","status-publish","hentry"],"post_mailing_queue_ids":[],"_links":{"self":[{"href":"https:\/\/agora.xtec.cat\/institutbisbesivilla\/wp-json\/wp\/v2\/pages\/1423","targetHints":{"allow":["GET"]}}],"collection":[{"href":"https:\/\/agora.xtec.cat\/institutbisbesivilla\/wp-json\/wp\/v2\/pages"}],"about":[{"href":"https:\/\/agora.xtec.cat\/institutbisbesivilla\/wp-json\/wp\/v2\/types\/page"}],"author":[{"embeddable":true,"href":"https:\/\/agora.xtec.cat\/institutbisbesivilla\/wp-json\/wp\/v2\/users\/7"}],"replies":[{"embeddable":true,"href":"https:\/\/agora.xtec.cat\/institutbisbesivilla\/wp-json\/wp\/v2\/comments?post=1423"}],"version-history":[{"count":3,"href":"https:\/\/agora.xtec.cat\/institutbisbesivilla\/wp-json\/wp\/v2\/pages\/1423\/revisions"}],"predecessor-version":[{"id":3935,"href":"https:\/\/agora.xtec.cat\/institutbisbesivilla\/wp-json\/wp\/v2\/pages\/1423\/revisions\/3935"}],"up":[{"embeddable":true,"href":"https:\/\/agora.xtec.cat\/institutbisbesivilla\/wp-json\/wp\/v2\/pages\/2749"}],"wp:attachment":[{"href":"https:\/\/agora.xtec.cat\/institutbisbesivilla\/wp-json\/wp\/v2\/media?parent=1423"}],"curies":[{"name":"wp","href":"https:\/\/api.w.org\/{rel}","templated":true}]}}