{"id":1919,"date":"2019-10-13T20:09:57","date_gmt":"2019-10-13T18:09:57","guid":{"rendered":"http:\/\/agora.xtec.cat\/institut-el-morell\/?page_id=1919"},"modified":"2019-10-13T20:09:57","modified_gmt":"2019-10-13T18:09:57","slug":"gep-generacio-plurilingue","status":"publish","type":"page","link":"https:\/\/agora.xtec.cat\/institut-el-morell\/projecte-educatiu\/gep-generacio-plurilingue\/","title":{"rendered":"GEP (GEneraci\u00f3 Pluriling\u00fce)"},"content":{"rendered":"<p>&nbsp;<\/p>\n<p style=\"text-align: center;\"><a href=\"https:\/\/agora.xtec.cat\/institut-el-morell\/wp-content\/uploads\/usu1519\/2019\/10\/gep-logo.jpg\"><img loading=\"lazy\" decoding=\"async\" class=\"alignnone size-medium wp-image-1910\" src=\"https:\/\/agora.xtec.cat\/institut-el-morell\/wp-content\/uploads\/usu1519\/2019\/10\/gep-logo-300x173.jpg\" alt=\"\" width=\"300\" height=\"173\" srcset=\"https:\/\/agora.xtec.cat\/institut-el-morell\/wp-content\/uploads\/usu1519\/2019\/10\/gep-logo-300x173.jpg 300w, https:\/\/agora.xtec.cat\/institut-el-morell\/wp-content\/uploads\/usu1519\/2019\/10\/gep-logo-768x443.jpg 768w, https:\/\/agora.xtec.cat\/institut-el-morell\/wp-content\/uploads\/usu1519\/2019\/10\/gep-logo.jpg 852w\" sizes=\"auto, (max-width: 300px) 100vw, 300px\" \/><\/a><\/p>\n<p style=\"text-align: justify;\">Aquest curs 2019-2020 l\u2019Institut El Morell s\u2019ha afegit a la formaci\u00f3 del programa d\u2019innovaci\u00f3 pedag\u00f2gica <strong>Generaci\u00f3 Pluriling\u00fce (GEP)<\/strong> iniciat pel Departament d\u2019Ensenyament el curs 2017-2018.<\/p>\n<p style=\"text-align: justify;\">La finalitat d\u2019aquest programa \u00e9s millorar la compet\u00e8ncia en lleng\u00fces estrangeres de l\u2019alumnat, afavorint el seu creixement acad\u00e8mic i posterior inserci\u00f3 laboral, i capacitant-lo per interactuar amb el m\u00f3n en diverses lleng\u00fces i de manera cr\u00edtica.<\/p>\n<p style=\"text-align: justify;\">Pel que fa a les accions del programa GEP, aquestes s\u2019orienten a incrementar el temps d\u2019exposici\u00f3 de l\u2019alumnat a les lleng\u00fces estrangeres curriculars i a consolidar un projecte ling\u00fc\u00edstic pluriling\u00fce propi.<\/p>\n<p style=\"text-align: justify;\">Els objectius generals del programa s\u00f3n promoure l\u2019aplicaci\u00f3 a l\u2019aula de metodologies per a l\u2019aprenentatge integrat de continguts i llengua estrangera (<strong>AICLE<\/strong>); fomentar el desenvolupament de projectes interdisciplinaris en llengua estrangera i oferir pautes per a l\u2019organitzaci\u00f3 educativa i el disseny curricular.<\/p>\n","protected":false},"excerpt":{"rendered":"<p>&nbsp;<br \/>\n<a href=\"https:\/\/agora.xtec.cat\/institut-el-morell\/wp-content\/uploads\/usu1519\/2019\/10\/gep-logo.jpg\"><\/a><br \/>\nAquest curs 2019-2020 l\u2019Institut El Morell s\u2019ha afegit a la formaci\u00f3 del programa d\u2019innovaci\u00f3 pedag\u00f2gica Generaci\u00f3 Pluriling\u00fce (GEP) iniciat pel Departament d\u2019Ensenyament el curs 2017-2018.<br \/>\nLa finalitat d\u2019aquest programa \u00e9s millorar la compet\u00e8ncia en lleng\u00fces estrangeres de l\u2019alumnat, afavorint el seu creixement acad\u00e8mic i posterior&hellip;  <a href=\"https:\/\/agora.xtec.cat\/institut-el-morell\/projecte-educatiu\/gep-generacio-plurilingue\/\" title=\"Read GEP (GEneraci\u00f3 Pluriling\u00fce)\">Llegeix m\u00e9s\u00bb<\/a><\/p>\n","protected":false},"author":1,"featured_media":0,"parent":57,"menu_order":0,"comment_status":"closed","ping_status":"closed","template":"","meta":{"_bbp_topic_count":0,"_bbp_reply_count":0,"_bbp_total_topic_count":0,"_bbp_total_reply_count":0,"_bbp_voice_count":0,"_bbp_anonymous_reply_count":0,"_bbp_topic_count_hidden":0,"_bbp_reply_count_hidden":0,"_bbp_forum_subforum_count":0,"footnotes":""},"class_list":["post-1919","page","type-page","status-publish","hentry"],"post_mailing_queue_ids":[],"_links":{"self":[{"href":"https:\/\/agora.xtec.cat\/institut-el-morell\/wp-json\/wp\/v2\/pages\/1919","targetHints":{"allow":["GET"]}}],"collection":[{"href":"https:\/\/agora.xtec.cat\/institut-el-morell\/wp-json\/wp\/v2\/pages"}],"about":[{"href":"https:\/\/agora.xtec.cat\/institut-el-morell\/wp-json\/wp\/v2\/types\/page"}],"author":[{"embeddable":true,"href":"https:\/\/agora.xtec.cat\/institut-el-morell\/wp-json\/wp\/v2\/users\/1"}],"replies":[{"embeddable":true,"href":"https:\/\/agora.xtec.cat\/institut-el-morell\/wp-json\/wp\/v2\/comments?post=1919"}],"version-history":[{"count":1,"href":"https:\/\/agora.xtec.cat\/institut-el-morell\/wp-json\/wp\/v2\/pages\/1919\/revisions"}],"predecessor-version":[{"id":1920,"href":"https:\/\/agora.xtec.cat\/institut-el-morell\/wp-json\/wp\/v2\/pages\/1919\/revisions\/1920"}],"up":[{"embeddable":true,"href":"https:\/\/agora.xtec.cat\/institut-el-morell\/wp-json\/wp\/v2\/pages\/57"}],"wp:attachment":[{"href":"https:\/\/agora.xtec.cat\/institut-el-morell\/wp-json\/wp\/v2\/media?parent=1919"}],"curies":[{"name":"wp","href":"https:\/\/api.w.org\/{rel}","templated":true}]}}