{"id":688,"date":"2019-01-16T22:27:58","date_gmt":"2019-01-16T21:27:58","guid":{"rendered":"https:\/\/agora.xtec.cat\/instiana\/?page_id=688"},"modified":"2025-09-15T21:40:46","modified_gmt":"2025-09-15T19:40:46","slug":"eso-2","status":"publish","type":"page","link":"https:\/\/agora.xtec.cat\/instiana\/estudis\/eso\/eso-2\/","title":{"rendered":"2n d&#8217;ESO"},"content":{"rendered":"<p>\u00c9s el segon curs de l\u2019Educaci\u00f3 Secund\u00e0ria Obligat\u00f2ria. En aquesta etapa l\u2019alumnat continua refor\u00e7ant els coneixements fonamentals i fa un pas endavant en l\u2019adquisici\u00f3 d\u2019h\u00e0bits d\u2019estudi i autonomia personal. Es treballa de manera m\u00e9s aprofundida en les diferents mat\u00e8ries \u2014llengua, matem\u00e0tiques, ci\u00e8ncies, lleng\u00fces estrangeres, educaci\u00f3 art\u00edstica i f\u00edsica\u2014 i es fomenta la capacitat de raonament, la creativitat i la col\u00b7laboraci\u00f3. Aquest curs serveix de base per consolidar els aprenentatges i preparar l\u2019alumnat per als reptes acad\u00e8mics i personals dels cursos seg\u00fcents.<\/p>\n<table style=\"height: 147px; width: 97.2611%; border-collapse: collapse; border-style: none; background-color: #a69f9f;\" border=\"1\">\n<tbody>\n<tr style=\"height: 147px;\">\n<td style=\"width: 16.5691%; border-style: none; background-color: #f5c271; height: 147px; text-align: center;\"><a href=\"https:\/\/agora.xtec.cat\/instiana\/wp-content\/uploads\/usu1968\/2025\/09\/ESO_LOEM201_9.pdf\"><span style=\"color: #000000;\"><code><strong>HORARI<\/strong><\/code><\/span><\/a><\/p>\n<p><a href=\"https:\/\/agora.xtec.cat\/instiana\/wp-content\/uploads\/usu1968\/2025\/09\/ESO_LOEM201_9.pdf\"><span style=\"color: #000000;\"><code><strong>2n d'ESO A<\/strong><\/code><\/span><\/a><\/td>\n<td style=\"width: 16.5691%; border-style: none; background-color: #d1a9ce; height: 147px; text-align: center;\"><a href=\"https:\/\/agora.xtec.cat\/instiana\/wp-content\/uploads\/usu1968\/2025\/09\/ESO_LOEM202_10-1.pdf\"><span style=\"color: #000000;\"><code><strong>HORARI<\/strong><\/code><\/span><\/a><\/p>\n<p><a href=\"https:\/\/agora.xtec.cat\/instiana\/wp-content\/uploads\/usu1968\/2025\/09\/ESO_LOEM202_10-1.pdf\"><span style=\"color: #000000;\"><code><strong>2n d'ESO B<\/strong><\/code><\/span><\/a><\/td>\n<td style=\"width: 16.5691%; border-style: none; background-color: #edf584; height: 147px; text-align: center;\"><a href=\"https:\/\/agora.xtec.cat\/instiana\/wp-content\/uploads\/usu1968\/2025\/09\/ESO_LOEM203_11.pdf\"><span style=\"color: #000000;\"><code><strong>HORARI<\/strong><\/code><\/span><\/a><\/p>\n<p><a href=\"https:\/\/agora.xtec.cat\/instiana\/wp-content\/uploads\/usu1968\/2025\/09\/ESO_LOEM203_11.pdf\"><span style=\"color: #000000;\"><code><strong>2n d'ESO C<\/strong><\/code><\/span><\/a><\/td>\n<\/tr>\n<\/tbody>\n<\/table>\n<p>&nbsp;<\/p>\n<table style=\"height: 40px; width: 97.1566%; border-collapse: collapse; background-color: #e0dcdc; border-color: #000000;\" border=\"1\">\n<tbody>\n<tr style=\"height: 31px;\">\n<td style=\"width: 100%; height: 31px;\">\n<h5 style=\"text-align: center;\"><a href=\"https:\/\/agora.xtec.cat\/instiana\/wp-content\/uploads\/usu1968\/2025\/07\/Llibres-25-26-2n-ESO.docx-1.pdf\">Llibres d&#8217;2n ESO &#8211; <\/a><a href=\"https:\/\/agora.xtec.cat\/instiana\/wp-content\/uploads\/usu1968\/2025\/07\/Llibres-25-26-2n-ESO.docx-1.pdf\">Curs 25-26<\/a><\/h5>\n<\/td>\n<\/tr>\n<tr>\n<td style=\"width: 100%;\">\n<h5 style=\"text-align: center;\"><a href=\"https:\/\/agora.xtec.cat\/instiana\/treball-sintesi-eso-2\/\"><span style=\"color: #008080;\">Treball de s\u00edntesi 2n d&#8217;ESO<\/span><\/a><\/h5>\n<\/td>\n<\/tr>\n<tr>\n<td style=\"width: 100%;\">\n<h5 style=\"text-align: center;\"><a href=\"https:\/\/agora.xtec.cat\/instiana\/optatives-eso-2\/\"><span style=\"color: #008080;\">Optatives 2n d&#8217;ESO<\/span><\/a><\/h5>\n<\/td>\n<\/tr>\n<tr>\n<td style=\"width: 100%;\">\n<h5 style=\"text-align: center;\"><a href=\"https:\/\/agora.xtec.cat\/instiana\/equip-docent-eso-2\/\"><span style=\"color: #008080;\">Equip docent 2n d&#8217;ESO<\/span><\/a><\/h5>\n<\/td>\n<\/tr>\n<\/tbody>\n<\/table>\n<p>&nbsp;<\/p>\n<p>&nbsp;<\/p>\n","protected":false},"excerpt":{"rendered":"<p>\u00c9s el segon curs de l\u2019Educaci\u00f3 Secund\u00e0ria Obligat\u00f2ria. En aquesta etapa l\u2019alumnat continua refor\u00e7ant els coneixements fonamentals i fa un pas endavant en l\u2019adquisici\u00f3 d\u2019h\u00e0bits d\u2019estudi i autonomia personal. Es treballa de manera m\u00e9s aprofundida en les diferents mat\u00e8ries \u2014llengua, matem\u00e0tiques, ci\u00e8ncies, lleng\u00fces estrangeres, educaci\u00f3&hellip;  <a href=\"https:\/\/agora.xtec.cat\/instiana\/estudis\/eso\/eso-2\/\" title=\"Read 2n d&#8217;ESO\">Llegeix m\u00e9s\u00bb<\/a><\/p>\n","protected":false},"author":4,"featured_media":0,"parent":1674,"menu_order":2,"comment_status":"closed","ping_status":"closed","template":"page-templates\/side-menu.php","meta":{"_bbp_topic_count":0,"_bbp_reply_count":0,"_bbp_total_topic_count":0,"_bbp_total_reply_count":0,"_bbp_voice_count":0,"_bbp_anonymous_reply_count":0,"_bbp_topic_count_hidden":0,"_bbp_reply_count_hidden":0,"_bbp_forum_subforum_count":0,"footnotes":""},"class_list":["post-688","page","type-page","status-publish","hentry"],"post_mailing_queue_ids":[],"_links":{"self":[{"href":"https:\/\/agora.xtec.cat\/instiana\/wp-json\/wp\/v2\/pages\/688","targetHints":{"allow":["GET"]}}],"collection":[{"href":"https:\/\/agora.xtec.cat\/instiana\/wp-json\/wp\/v2\/pages"}],"about":[{"href":"https:\/\/agora.xtec.cat\/instiana\/wp-json\/wp\/v2\/types\/page"}],"author":[{"embeddable":true,"href":"https:\/\/agora.xtec.cat\/instiana\/wp-json\/wp\/v2\/users\/4"}],"replies":[{"embeddable":true,"href":"https:\/\/agora.xtec.cat\/instiana\/wp-json\/wp\/v2\/comments?post=688"}],"version-history":[{"count":8,"href":"https:\/\/agora.xtec.cat\/instiana\/wp-json\/wp\/v2\/pages\/688\/revisions"}],"predecessor-version":[{"id":3943,"href":"https:\/\/agora.xtec.cat\/instiana\/wp-json\/wp\/v2\/pages\/688\/revisions\/3943"}],"up":[{"embeddable":true,"href":"https:\/\/agora.xtec.cat\/instiana\/wp-json\/wp\/v2\/pages\/1674"}],"wp:attachment":[{"href":"https:\/\/agora.xtec.cat\/instiana\/wp-json\/wp\/v2\/media?parent=688"}],"curies":[{"name":"wp","href":"https:\/\/api.w.org\/{rel}","templated":true}]}}