{"id":651,"date":"2019-01-16T11:10:20","date_gmt":"2019-01-16T10:10:20","guid":{"rendered":"https:\/\/agora.xtec.cat\/instiana\/?page_id=651"},"modified":"2025-09-15T21:42:38","modified_gmt":"2025-09-15T19:42:38","slug":"eso-1","status":"publish","type":"page","link":"https:\/\/agora.xtec.cat\/instiana\/estudis\/eso\/eso-1\/","title":{"rendered":"1r d&#8217;ESO"},"content":{"rendered":"<p>\u00c9s el primer curs de l\u2019Educaci\u00f3 Secund\u00e0ria Obligat\u00f2ria. Aquesta etapa introdueix l\u2019alumnat en un aprenentatge m\u00e9s estructurat i diversificat, amb l\u2019objectiu de consolidar els coneixements b\u00e0sics de prim\u00e0ria i comen\u00e7ar a desenvolupar compet\u00e8ncies en diferents \u00e0rees: llengua, matem\u00e0tiques, ci\u00e8ncies, lleng\u00fces estrangeres i educaci\u00f3 art\u00edstica i f\u00edsica.<\/p>\n<table style=\"height: 147px; width: 97.2611%; border-collapse: collapse; border-style: none; background-color: #a69f9f;\" border=\"1\">\n<tbody>\n<tr style=\"height: 147px;\">\n<td style=\"width: 16.5691%; border-style: none; background-color: #f5c271; height: 147px; text-align: center;\"><span style=\"color: #000000;\"><a style=\"color: #000000;\" href=\"https:\/\/agora.xtec.cat\/instiana\/wp-content\/uploads\/usu1968\/2025\/09\/ESO_LOEM101_5.pdf\"><strong>HORARI<\/strong><\/a><\/span><\/p>\n<p><span style=\"color: #000000;\"><a style=\"color: #000000;\" href=\"https:\/\/agora.xtec.cat\/instiana\/wp-content\/uploads\/usu1968\/2025\/09\/ESO_LOEM101_5.pdf\"><strong>1r d&#8217;ESO A<\/strong><\/a><\/span><\/td>\n<td style=\"width: 16.5691%; border-style: none; height: 147px; background-color: #dadbf2; text-align: center;\"><span style=\"color: #000000;\"><a style=\"color: #000000;\" href=\"https:\/\/agora.xtec.cat\/instiana\/wp-content\/uploads\/usu1968\/2025\/09\/ESO_LOEM102_6.pdf\"><strong>HORARI<\/strong><\/a><\/span><\/p>\n<p><span style=\"color: #000000;\"><a style=\"color: #000000;\" href=\"https:\/\/agora.xtec.cat\/instiana\/wp-content\/uploads\/usu1968\/2025\/09\/ESO_LOEM102_6.pdf\"><strong>1r d&#8217;ESO B<\/strong><\/a><\/span><\/td>\n<td style=\"width: 16.5691%; border-style: none; background-color: #d1a9ce; height: 147px; text-align: center;\"><span style=\"color: #000000;\"><a style=\"color: #000000;\" href=\"https:\/\/agora.xtec.cat\/instiana\/wp-content\/uploads\/usu1968\/2025\/09\/ESO_LOEM103_7.pdf\"><strong>HORARI<\/strong><\/a><\/span><\/p>\n<p><span style=\"color: #000000;\"><a style=\"color: #000000;\" href=\"https:\/\/agora.xtec.cat\/instiana\/wp-content\/uploads\/usu1968\/2025\/09\/ESO_LOEM103_7.pdf\"><strong>1r d&#8217;ESO C<\/strong><\/a><\/span><\/td>\n<td style=\"width: 16.5691%; border-style: none; background-color: #edf584; height: 147px; text-align: center;\"><span style=\"color: #000000;\"><a style=\"color: #000000;\" href=\"https:\/\/agora.xtec.cat\/instiana\/wp-content\/uploads\/usu1968\/2025\/09\/ESO_LOEM104_8.pdf\"><strong>HORARI<\/strong><\/a><\/span><\/p>\n<p><span style=\"color: #000000;\"><a style=\"color: #000000;\" href=\"https:\/\/agora.xtec.cat\/instiana\/wp-content\/uploads\/usu1968\/2025\/09\/ESO_LOEM104_8.pdf\"><strong>1r d&#8217;ESO D<\/strong><\/a><\/span><\/td>\n<\/tr>\n<\/tbody>\n<\/table>\n<p>&nbsp;<\/p>\n<table style=\"height: 189px; width: 97.2661%; border-collapse: collapse; background-color: #e0dcdc; border-color: #000000;\" border=\"1\">\n<tbody>\n<tr style=\"height: 31px;\">\n<td style=\"width: 100%; height: 31px;\">\n<h5 style=\"text-align: center;\"><span style=\"color: #000000;\"><a style=\"color: #000000;\" href=\"https:\/\/agora.xtec.cat\/instiana\/wp-content\/uploads\/usu1968\/2025\/07\/Llibres-25-26-1r-ESO.docx-2.pdf\">Llibres 1r d&#8217;ESO &#8211; <\/a><a style=\"color: #000000;\" href=\"https:\/\/agora.xtec.cat\/instiana\/wp-content\/uploads\/usu1968\/2025\/07\/Llibres-25-26-1r-ESO.docx-2.pdf\">Curs 25-26<\/a><\/span><\/h5>\n<\/td>\n<\/tr>\n<tr style=\"height: 63px;\">\n<td style=\"width: 100%; height: 63px;\">\n<h5 style=\"text-align: center;\"><span style=\"color: #000000;\"><span style=\"caret-color: #008080;\">Projectes globalitzats 1r d&#8217;ESO<\/span><\/span><\/h5>\n<\/td>\n<\/tr>\n<tr style=\"height: 45px;\">\n<td style=\"width: 100%; height: 45px;\">\n<h5 style=\"text-align: center;\"><span style=\"color: #000000;\"><a style=\"color: #000000;\" href=\"https:\/\/agora.xtec.cat\/instiana\/optatives-eso-1-2\/\">Optatives 1r d&#8217;ESO<\/a><\/span><\/h5>\n<\/td>\n<\/tr>\n<tr style=\"height: 50px;\">\n<td style=\"width: 100%; height: 50px;\">\n<h5 style=\"text-align: center;\"><span style=\"color: #000000;\"><a style=\"color: #000000;\" href=\"https:\/\/agora.xtec.cat\/instiana\/equip-docent-eso-1\/\">Equip docent 1r d&#8217;ESO\u00a0<\/a><\/span><\/h5>\n<\/td>\n<\/tr>\n<\/tbody>\n<\/table>\n<p>&nbsp;<\/p>\n","protected":false},"excerpt":{"rendered":"<p>\u00c9s el primer curs de l\u2019Educaci\u00f3 Secund\u00e0ria Obligat\u00f2ria. Aquesta etapa introdueix l\u2019alumnat en un aprenentatge m\u00e9s estructurat i diversificat, amb l\u2019objectiu de consolidar els coneixements b\u00e0sics de prim\u00e0ria i comen\u00e7ar a desenvolupar compet\u00e8ncies en diferents \u00e0rees: llengua, matem\u00e0tiques, ci\u00e8ncies, lleng\u00fces estrangeres i educaci\u00f3 art\u00edstica i&hellip;  <a href=\"https:\/\/agora.xtec.cat\/instiana\/estudis\/eso\/eso-1\/\" title=\"Read 1r d&#8217;ESO\">Llegeix m\u00e9s\u00bb<\/a><\/p>\n","protected":false},"author":4,"featured_media":0,"parent":1674,"menu_order":1,"comment_status":"closed","ping_status":"closed","template":"page-templates\/side-menu.php","meta":{"_bbp_topic_count":0,"_bbp_reply_count":0,"_bbp_total_topic_count":0,"_bbp_total_reply_count":0,"_bbp_voice_count":0,"_bbp_anonymous_reply_count":0,"_bbp_topic_count_hidden":0,"_bbp_reply_count_hidden":0,"_bbp_forum_subforum_count":0,"footnotes":""},"class_list":["post-651","page","type-page","status-publish","hentry"],"post_mailing_queue_ids":[],"_links":{"self":[{"href":"https:\/\/agora.xtec.cat\/instiana\/wp-json\/wp\/v2\/pages\/651","targetHints":{"allow":["GET"]}}],"collection":[{"href":"https:\/\/agora.xtec.cat\/instiana\/wp-json\/wp\/v2\/pages"}],"about":[{"href":"https:\/\/agora.xtec.cat\/instiana\/wp-json\/wp\/v2\/types\/page"}],"author":[{"embeddable":true,"href":"https:\/\/agora.xtec.cat\/instiana\/wp-json\/wp\/v2\/users\/4"}],"replies":[{"embeddable":true,"href":"https:\/\/agora.xtec.cat\/instiana\/wp-json\/wp\/v2\/comments?post=651"}],"version-history":[{"count":8,"href":"https:\/\/agora.xtec.cat\/instiana\/wp-json\/wp\/v2\/pages\/651\/revisions"}],"predecessor-version":[{"id":3949,"href":"https:\/\/agora.xtec.cat\/instiana\/wp-json\/wp\/v2\/pages\/651\/revisions\/3949"}],"up":[{"embeddable":true,"href":"https:\/\/agora.xtec.cat\/instiana\/wp-json\/wp\/v2\/pages\/1674"}],"wp:attachment":[{"href":"https:\/\/agora.xtec.cat\/instiana\/wp-json\/wp\/v2\/media?parent=651"}],"curies":[{"name":"wp","href":"https:\/\/api.w.org\/{rel}","templated":true}]}}