{"id":589,"date":"2019-01-10T13:54:02","date_gmt":"2019-01-10T12:54:02","guid":{"rendered":"https:\/\/agora.xtec.cat\/instiana\/?page_id=589"},"modified":"2025-09-22T20:59:00","modified_gmt":"2025-09-22T18:59:00","slug":"diversificacio-curricular-tiaana","status":"publish","type":"page","link":"https:\/\/agora.xtec.cat\/instiana\/projectes\/diversificacio-curricular-tiaana\/","title":{"rendered":"TIAANA &#8211; Programa de Diversificaci\u00f3 Curricular"},"content":{"rendered":"<p style=\"text-align: justify;\"><a href=\"https:\/\/agora.xtec.cat\/instiana\/wp-content\/uploads\/usu1968\/2019\/01\/inclusiva.jpg\"><img loading=\"lazy\" decoding=\"async\" class=\"alignright size-medium wp-image-811\" src=\"https:\/\/agora.xtec.cat\/instiana\/wp-content\/uploads\/usu1968\/2019\/01\/inclusiva-300x200.jpg\" alt=\"\" width=\"300\" height=\"200\" srcset=\"https:\/\/agora.xtec.cat\/instiana\/wp-content\/uploads\/usu1968\/2019\/01\/inclusiva-300x200.jpg 300w, https:\/\/agora.xtec.cat\/instiana\/wp-content\/uploads\/usu1968\/2019\/01\/inclusiva.jpg 600w\" sizes=\"auto, (max-width: 300px) 100vw, 300px\" \/><\/a>El projecte TIAANA \u00e9s un Programa de Diversificaci\u00f3 Curricular de tem\u00e0tica s\u00f2cio-sanit\u00e0ria, d\u2019ara endavant PDC, instaurat a l\u2019Institut Tiana durant el curs acad\u00e8mic 2014-15.\u00a0Aquest projecte va ser possible amb la col\u00b7laboraci\u00f3 de l\u2019Ajuntament de Tiana en la contractaci\u00f3 del professional de l\u2019\u00e0mbit pr\u00e0ctic, que comparteix la tutoria dels alumnes amb l\u2019orientadora del centre.<\/p>\n<p>L\u2019objectiu principal del PDC \u00e9s millorar l\u2019atenci\u00f3 a la diversitat de l\u2019alumnat del centre, mitjan\u00e7ant l\u2019an\u00e0lisi acurada de les necessitats individuals de cada alumne\/a, tot centrant-se en el m\u00f3n competencial b\u00e0sic i en el seu perfil laboral.\u00a0Com ja hem avan\u00e7at, la figura t\u00e8cnica de l\u2019Ajuntament imparteix la mat\u00e8ria de l\u2019\u00e0mbit pr\u00e0ctic al PDC. L\u2019objectiu d\u2019aquesta mat\u00e8ria \u00e9s assegurar l\u2019adquisici\u00f3 d\u2019h\u00e0bits b\u00e0sics de treball i el desenvolupament d\u2019una disposici\u00f3 activa i positiva davant la feina.<\/p>\n<p>En aquest \u00e0mbit s\u2019apliquen dues metodologies de treball:<\/p>\n<ul>\n<li>Realitzaci\u00f3 de classes de formaci\u00f3 te\u00f2rica i pr\u00e0ctica en l\u2019\u00e0mbit assistencial a 3r d\u2019ESO.<\/li>\n<li>La realitzaci\u00f3 de pr\u00e0ctiques en empreses p\u00fabliques o privades priorit\u00e0riament de l\u2019\u00e0mbit assistencial. La durada d\u2019aquestes pr\u00e0ctiques \u00e9s de dos trimestres per als alumnes de 3r d\u2019ESO i d\u2019un curs escolar per als alumnes de 4t d\u2019ESO. L\u2019objectiu d\u2019aquestes pr\u00e0ctiques \u00e9s que l\u2019alumnat aprengui i conegui el funcionament del m\u00f3n laboral i motivar-lo per a qu\u00e8 continu\u00efn el seu itinerari formatiu.<\/li>\n<\/ul>\n<p>La t\u00e8cnica de l\u2019Ajuntament, en definitiva, \u00e9s la responsable de coordinar, gestionar i fer el seguiment dels alumnes que fan les pr\u00e0ctiques a les empreses del municipi o de municipis propers.<\/p>\n","protected":false},"excerpt":{"rendered":"<p><a href=\"https:\/\/agora.xtec.cat\/instiana\/wp-content\/uploads\/usu1968\/2019\/01\/inclusiva.jpg\"><\/a>El projecte TIAANA \u00e9s un Programa de Diversificaci\u00f3 Curricular de tem\u00e0tica s\u00f2cio-sanit\u00e0ria, d\u2019ara endavant PDC, instaurat a l\u2019Institut Tiana durant el curs acad\u00e8mic 2014-15.\u00a0Aquest projecte va ser possible amb la col\u00b7laboraci\u00f3 de l\u2019Ajuntament de Tiana en la contractaci\u00f3 del professional de l\u2019\u00e0mbit pr\u00e0ctic, que&hellip;  <a href=\"https:\/\/agora.xtec.cat\/instiana\/projectes\/diversificacio-curricular-tiaana\/\" title=\"Read TIAANA &#8211; Programa de Diversificaci\u00f3 Curricular\">Llegeix m\u00e9s\u00bb<\/a><\/p>\n","protected":false},"author":3,"featured_media":0,"parent":579,"menu_order":5,"comment_status":"closed","ping_status":"closed","template":"page-templates\/side-menu.php","meta":{"_bbp_topic_count":0,"_bbp_reply_count":0,"_bbp_total_topic_count":0,"_bbp_total_reply_count":0,"_bbp_voice_count":0,"_bbp_anonymous_reply_count":0,"_bbp_topic_count_hidden":0,"_bbp_reply_count_hidden":0,"_bbp_forum_subforum_count":0,"footnotes":""},"class_list":["post-589","page","type-page","status-publish","hentry"],"post_mailing_queue_ids":[],"_links":{"self":[{"href":"https:\/\/agora.xtec.cat\/instiana\/wp-json\/wp\/v2\/pages\/589","targetHints":{"allow":["GET"]}}],"collection":[{"href":"https:\/\/agora.xtec.cat\/instiana\/wp-json\/wp\/v2\/pages"}],"about":[{"href":"https:\/\/agora.xtec.cat\/instiana\/wp-json\/wp\/v2\/types\/page"}],"author":[{"embeddable":true,"href":"https:\/\/agora.xtec.cat\/instiana\/wp-json\/wp\/v2\/users\/3"}],"replies":[{"embeddable":true,"href":"https:\/\/agora.xtec.cat\/instiana\/wp-json\/wp\/v2\/comments?post=589"}],"version-history":[{"count":4,"href":"https:\/\/agora.xtec.cat\/instiana\/wp-json\/wp\/v2\/pages\/589\/revisions"}],"predecessor-version":[{"id":4005,"href":"https:\/\/agora.xtec.cat\/instiana\/wp-json\/wp\/v2\/pages\/589\/revisions\/4005"}],"up":[{"embeddable":true,"href":"https:\/\/agora.xtec.cat\/instiana\/wp-json\/wp\/v2\/pages\/579"}],"wp:attachment":[{"href":"https:\/\/agora.xtec.cat\/instiana\/wp-json\/wp\/v2\/media?parent=589"}],"curies":[{"name":"wp","href":"https:\/\/api.w.org\/{rel}","templated":true}]}}