{"id":569,"date":"2019-01-10T09:21:49","date_gmt":"2019-01-10T08:21:49","guid":{"rendered":"https:\/\/agora.xtec.cat\/instiana\/?page_id=569"},"modified":"2025-09-17T12:13:07","modified_gmt":"2025-09-17T10:13:07","slug":"cientificotecnologic-2","status":"publish","type":"page","link":"https:\/\/agora.xtec.cat\/instiana\/organitzacio-i-gestio\/ambits-curriculars\/cientificotecnologic-2\/","title":{"rendered":"Cientificotecnol\u00f2gic"},"content":{"rendered":"<p>&nbsp;<\/p>\n<table style=\"border-collapse: collapse; width: 100%;\" border=\"1\">\n<tbody>\n<tr>\n<td style=\"width: 79.5758%;\"><strong>Ci\u00e8ncies de la naturalesa: F\u00edsica i Qu\u00edmica, Biologia i Geologia<\/strong><\/p>\n<p style=\"text-align: justify;\">Les ci\u00e8ncies de la naturalesa, la biologia, la geologia, la f\u00edsica i la qu\u00edmica s\u00f3n les mat\u00e8ries pr\u00f2pies del departament de Ci\u00e8ncies experimentals i tenen com a objectiu fonamental despertar en l&#8217;alumne l&#8217;inter\u00e8s &#8220;<em>a cercar respostes cient\u00edfiques als interrogants que els planteja el contacte directe amb la naturalesa<\/em>&#8220;.<\/p>\n<\/td>\n<td style=\"width: 20.4242%;\">\u00a0<a href=\"https:\/\/agora.xtec.cat\/instiana\/wp-content\/uploads\/usu1968\/2019\/01\/4A8A3D10-F17C-4EA5-B916-88BEBD209D8E.jpeg\"><img loading=\"lazy\" decoding=\"async\" class=\"alignnone size-full wp-image-742\" src=\"https:\/\/agora.xtec.cat\/instiana\/wp-content\/uploads\/usu1968\/2019\/01\/4A8A3D10-F17C-4EA5-B916-88BEBD209D8E.jpeg\" alt=\"\" width=\"150\" height=\"150\" \/><\/a><\/td>\n<\/tr>\n<tr>\n<td style=\"width: 100%; text-align: justify;\" colspan=\"2\"><strong data-start=\"240\" data-end=\"255\">Ra\u00fal Alonso<\/strong><\/td>\n<\/tr>\n<tr>\n<td style=\"width: 100%;\" colspan=\"2\"><strong data-start=\"261\" data-end=\"277\">Laura Amor\u00edn<\/strong><\/td>\n<\/tr>\n<tr>\n<td style=\"text-align: justify; width: 100%;\" colspan=\"2\"><strong data-start=\"283\" data-end=\"305\">Patricia Ballestar<\/strong><\/td>\n<\/tr>\n<tr>\n<td style=\"text-align: justify;\" colspan=\"2\"><strong data-start=\"311\" data-end=\"332\">Joan Josep Ib\u00e1\u00f1ez<\/strong><\/td>\n<\/tr>\n<tr>\n<td style=\"text-align: justify;\" colspan=\"2\">\n<p data-start=\"338\" data-end=\"355\"><strong data-start=\"338\" data-end=\"353\">Erik Molina<\/strong><\/p>\n<\/td>\n<\/tr>\n<tr>\n<td style=\"text-align: justify;\" colspan=\"2\">\n<p data-start=\"359\" data-end=\"375\"><strong data-start=\"359\" data-end=\"373\">Rosa Oliv\u00e9<\/strong><\/p>\n<\/td>\n<\/tr>\n<tr>\n<td style=\"width: 100%; text-align: justify;\" colspan=\"2\"><strong data-start=\"379\" data-end=\"395\">Ana Torrente<\/strong><\/td>\n<\/tr>\n<\/tbody>\n<\/table>\n<p>&nbsp;<\/p>\n<table style=\"border-collapse: collapse; width: 100%;\" border=\"1\">\n<tbody>\n<tr style=\"height: 204px;\">\n<td style=\"width: 80.9091%; height: 204px;\"><strong>Tecnologia<\/strong><\/p>\n<p style=\"text-align: justify;\">El departament de Tecnologia t\u00e9 com a objectiu que els alumnes puguin adquirir coneixements i habilitats relacionades amb el proc\u00e9s tecnol\u00f2gic i aix\u00ed, ser capa\u00e7os d&#8217;augmentar la seva capacitat d&#8217;actuar sobre l&#8217;entorn i de comunicar-se de manera m\u00e9s efica\u00e7 amb la societat del coneixement actual.<\/p>\n<\/td>\n<td style=\"width: 19.0909%; height: 204px;\"><a href=\"https:\/\/agora.xtec.cat\/instiana\/wp-content\/uploads\/usu1968\/2019\/01\/ECB1FBF2-F9DB-4E03-B42E-BACCCCBA7FBE.jpeg\"><img loading=\"lazy\" decoding=\"async\" class=\"alignnone size-full wp-image-747\" src=\"https:\/\/agora.xtec.cat\/instiana\/wp-content\/uploads\/usu1968\/2019\/01\/ECB1FBF2-F9DB-4E03-B42E-BACCCCBA7FBE.jpeg\" alt=\"\" width=\"150\" height=\"150\" \/><\/a><\/td>\n<\/tr>\n<tr style=\"height: 30px;\">\n<td style=\"width: 100%; text-align: justify; height: 60px;\" colspan=\"2\">\n<p data-start=\"182\" data-end=\"200\"><strong data-start=\"182\" data-end=\"198\">Gerard Arqu\u00e9<\/strong><\/p>\n<\/td>\n<\/tr>\n<tr style=\"height: 30px;\">\n<td style=\"text-align: justify; height: 60px;\" colspan=\"2\">\n<p data-start=\"204\" data-end=\"222\"><strong data-start=\"204\" data-end=\"220\">Josep Gimeno<\/strong><\/p>\n<\/td>\n<\/tr>\n<tr>\n<td style=\"width: 100%; text-align: justify;\" colspan=\"2\">\n<p data-start=\"226\" data-end=\"243\"><strong data-start=\"226\" data-end=\"241\">Joel Ib\u00e1\u00f1ez<\/strong><\/p>\n<\/td>\n<\/tr>\n<tr>\n<td style=\"text-align: justify;\" colspan=\"2\"><strong data-start=\"247\" data-end=\"264\">Al\u00edcia Tarodo<\/strong><\/td>\n<\/tr>\n<\/tbody>\n<\/table>\n<p>&nbsp;<\/p>\n","protected":false},"excerpt":{"rendered":"<p>&nbsp;<\/p>\n<p>Ci\u00e8ncies de la naturalesa: F\u00edsica i Qu\u00edmica, Biologia i Geologia<br \/>\nLes ci\u00e8ncies de la naturalesa, la biologia, la geologia, la f\u00edsica i la qu\u00edmica s\u00f3n les mat\u00e8ries pr\u00f2pies del departament de Ci\u00e8ncies experimentals i tenen com a objectiu fonamental despertar en l&#8217;alumne l&#8217;inter\u00e8s &#8220;a cercar respostes&hellip;  <a href=\"https:\/\/agora.xtec.cat\/instiana\/organitzacio-i-gestio\/ambits-curriculars\/cientificotecnologic-2\/\" title=\"Read Cientificotecnol\u00f2gic\">Llegeix m\u00e9s\u00bb<\/a><\/p>\n","protected":false},"author":3,"featured_media":0,"parent":547,"menu_order":3,"comment_status":"closed","ping_status":"closed","template":"page-templates\/side-menu.php","meta":{"_bbp_topic_count":0,"_bbp_reply_count":0,"_bbp_total_topic_count":0,"_bbp_total_reply_count":0,"_bbp_voice_count":0,"_bbp_anonymous_reply_count":0,"_bbp_topic_count_hidden":0,"_bbp_reply_count_hidden":0,"_bbp_forum_subforum_count":0,"footnotes":""},"class_list":["post-569","page","type-page","status-publish","hentry"],"post_mailing_queue_ids":[],"_links":{"self":[{"href":"https:\/\/agora.xtec.cat\/instiana\/wp-json\/wp\/v2\/pages\/569","targetHints":{"allow":["GET"]}}],"collection":[{"href":"https:\/\/agora.xtec.cat\/instiana\/wp-json\/wp\/v2\/pages"}],"about":[{"href":"https:\/\/agora.xtec.cat\/instiana\/wp-json\/wp\/v2\/types\/page"}],"author":[{"embeddable":true,"href":"https:\/\/agora.xtec.cat\/instiana\/wp-json\/wp\/v2\/users\/3"}],"replies":[{"embeddable":true,"href":"https:\/\/agora.xtec.cat\/instiana\/wp-json\/wp\/v2\/comments?post=569"}],"version-history":[{"count":8,"href":"https:\/\/agora.xtec.cat\/instiana\/wp-json\/wp\/v2\/pages\/569\/revisions"}],"predecessor-version":[{"id":3966,"href":"https:\/\/agora.xtec.cat\/instiana\/wp-json\/wp\/v2\/pages\/569\/revisions\/3966"}],"up":[{"embeddable":true,"href":"https:\/\/agora.xtec.cat\/instiana\/wp-json\/wp\/v2\/pages\/547"}],"wp:attachment":[{"href":"https:\/\/agora.xtec.cat\/instiana\/wp-json\/wp\/v2\/media?parent=569"}],"curies":[{"name":"wp","href":"https:\/\/api.w.org\/{rel}","templated":true}]}}