{"id":4015,"date":"2025-09-24T19:12:46","date_gmt":"2025-09-24T17:12:46","guid":{"rendered":"https:\/\/agora.xtec.cat\/instiana\/?page_id=4015"},"modified":"2025-09-24T19:14:32","modified_gmt":"2025-09-24T17:14:32","slug":"punt-lila","status":"publish","type":"page","link":"https:\/\/agora.xtec.cat\/instiana\/projectes\/punt-lila\/","title":{"rendered":"Punt Lila"},"content":{"rendered":"<p>El\u00a0<strong>Punt Lila<\/strong>\u00a0\u00e9s un\u00a0<strong>projecte de centre<\/strong>\u00a0que forma part del\u00a0<strong>Pla de conviv\u00e8ncia de l\u2019Institut Tiana<\/strong>\u00a0i que treballa un dels v\u00e8rtexs m\u00e9s importants de la conviv\u00e8ncia al centre: la\u00a0<a href=\"https:\/\/educacio.gencat.cat\/ca\/departament\/linies-estrategiques\/coeducacio\/index.html\"><strong>coeducaci\u00f3<\/strong><\/a>.<\/p>\n<div>\n<p>La coeducaci\u00f3 \u00e9s una manera d\u2019<b>aprendre i conviure junts<\/b>, nois i noies, des del\u00a0<b>respecte i la igualtat<\/b>. Suposa garantir que tothom tingui les mateixes oportunitats,\u00a0<b>sense importar el g\u00e8nere, l\u2019orientaci\u00f3 o la proced\u00e8ncia<\/b>, evitant l\u2019\u00fas d\u2019estereotips i qualsevol forma de discriminaci\u00f3. En definitiva, \u00e9s educar per ser lliures, respectuosos i iguals.<\/p>\n<p>Per tant, el Punt Lila neix el curs 2023-24 amb la idea de ser un projecte on alumnat d\u2019ESO i Batxillerat i professorat col\u00b7laboren de manera volunt\u00e0ria per\u00a0<strong>aprendre, compartir i promocionar la igualtat i el respecte dins del centre<\/strong>. La nostra missi\u00f3 \u00e9s construir un institut lliure d\u2019estereotips, discriminacions i viol\u00e8ncies, i on tothom gaudeixi de les mateixes oportunitats.<\/p>\n<p><strong>Qu\u00e8 fem al Punt Lila?<\/strong>\u00a0<img loading=\"lazy\" decoding=\"async\" class=\"an1\" draggable=\"false\" src=\"https:\/\/fonts.gstatic.com\/s\/e\/notoemoji\/16.0\/1f7e3\/72.png\" alt=\"\ud83d\udfe3\" width=\"25\" height=\"25\" data-emoji=\"\ud83d\udfe3\" aria-label=\"\ud83d\udfe3\" \/><\/p>\n<p>Al llarg del curs, des del Punt Lila organitzem i participem en m\u00faltiples activitats:<\/p>\n<ul>\n<li><strong>Tallers i xerrades<\/strong>\u00a0amb entitats i associacions del poble i del territori (Creu Roja, Ajuntament de Tiana, Consell Comarcal, Biblioteca, visites d&#8217;antics alumnes\u2026).<\/li>\n<li><strong>Participaci\u00f3 en dates clau i efem\u00e8rides<\/strong>\u00a0com el 25N, el 8M o el 17M.<\/li>\n<li><strong>Espais de debat i reflexi\u00f3<\/strong>\u00a0sobre temes que preocupen l\u2019alumnat i la comunitat educativa.<\/li>\n<li><strong>Es preparen propostes de millora per al centre educatiu<\/strong>, per fer-lo m\u00e9s just, inclusiu i respectu\u00f3s.<\/li>\n<li><strong>Col\u00b7laboraci\u00f3 en actes i projectes externs<\/strong>, com la Marat\u00f3 de TV3, el concurs de curtmetratges contra l\u2019LGTBIf\u00f2bia o la Trobada d\u2019escoles feministes de Catalunya.<\/li>\n<li><strong>Activitats en xarxa amb el poble<\/strong>, aprofitant les iniciatives de l\u2019Ajuntament i altres agents locals: obres de teatre, formacions, tallers i actes comunitaris.<\/li>\n<\/ul>\n<p><strong>Per qu\u00e8 un Punt Lila?<\/strong><\/p>\n<p>Creiem que educar en\u00a0<strong>igualtat, respecte i llibertat<\/strong>\u00a0\u00e9s essencial per al benestar de tothom. El Punt Lila \u00e9s un espai on podem cr\u00e9ixer conjuntament, nois i noies, des de la diversitat i la inclusi\u00f3 de tots els membres de la comunitat educativa.<\/p>\n<p style=\"text-align: center;\"><img loading=\"lazy\" decoding=\"async\" class=\"an1 alignnone\" draggable=\"false\" src=\"https:\/\/fonts.gstatic.com\/s\/e\/notoemoji\/16.0\/1f4f2\/72.png\" alt=\"\ud83d\udcf2\" width=\"24\" height=\"24\" data-emoji=\"\ud83d\udcf2\" aria-label=\"\ud83d\udcf2\" \/>\u00a0Si voleu saber m\u00e9s, podeu seguir-nos al nostre\u00a0<strong>Instagram: @puntlila.instiana\u00a0<\/strong><\/p>\n<p><img loading=\"lazy\" decoding=\"async\" class=\"size-medium wp-image-4016 aligncenter\" src=\"https:\/\/agora.xtec.cat\/instiana\/wp-content\/uploads\/usu1968\/2025\/09\/5acf032d-476b-4cfb-95c2-c11cce030582-300x300.png\" alt=\"\" width=\"300\" height=\"300\" srcset=\"https:\/\/agora.xtec.cat\/instiana\/wp-content\/uploads\/usu1968\/2025\/09\/5acf032d-476b-4cfb-95c2-c11cce030582-300x300.png 300w, https:\/\/agora.xtec.cat\/instiana\/wp-content\/uploads\/usu1968\/2025\/09\/5acf032d-476b-4cfb-95c2-c11cce030582-150x150.png 150w, https:\/\/agora.xtec.cat\/instiana\/wp-content\/uploads\/usu1968\/2025\/09\/5acf032d-476b-4cfb-95c2-c11cce030582-768x768.png 768w, https:\/\/agora.xtec.cat\/instiana\/wp-content\/uploads\/usu1968\/2025\/09\/5acf032d-476b-4cfb-95c2-c11cce030582.png 796w\" sizes=\"auto, (max-width: 300px) 100vw, 300px\" \/><\/p>\n<\/div>\n","protected":false},"excerpt":{"rendered":"<p>El\u00a0Punt Lila\u00a0\u00e9s un\u00a0projecte de centre\u00a0que forma part del\u00a0Pla de conviv\u00e8ncia de l\u2019Institut Tiana\u00a0i que treballa un dels v\u00e8rtexs m\u00e9s importants de la conviv\u00e8ncia al centre: la\u00a0<a href=\"https:\/\/educacio.gencat.cat\/ca\/departament\/linies-estrategiques\/coeducacio\/index.html\">coeducaci\u00f3<\/a>.<\/p>\n<p>La coeducaci\u00f3 \u00e9s una manera d\u2019aprendre i conviure junts, nois i noies, des del\u00a0respecte i la igualtat. Suposa garantir&hellip;  <a href=\"https:\/\/agora.xtec.cat\/instiana\/projectes\/punt-lila\/\" title=\"Read Punt Lila\">Llegeix m\u00e9s\u00bb<\/a><\/p>\n","protected":false},"author":1,"featured_media":0,"parent":579,"menu_order":7,"comment_status":"closed","ping_status":"closed","template":"","meta":{"_bbp_topic_count":0,"_bbp_reply_count":0,"_bbp_total_topic_count":0,"_bbp_total_reply_count":0,"_bbp_voice_count":0,"_bbp_anonymous_reply_count":0,"_bbp_topic_count_hidden":0,"_bbp_reply_count_hidden":0,"_bbp_forum_subforum_count":0,"footnotes":""},"class_list":["post-4015","page","type-page","status-publish","hentry"],"post_mailing_queue_ids":[],"_links":{"self":[{"href":"https:\/\/agora.xtec.cat\/instiana\/wp-json\/wp\/v2\/pages\/4015","targetHints":{"allow":["GET"]}}],"collection":[{"href":"https:\/\/agora.xtec.cat\/instiana\/wp-json\/wp\/v2\/pages"}],"about":[{"href":"https:\/\/agora.xtec.cat\/instiana\/wp-json\/wp\/v2\/types\/page"}],"author":[{"embeddable":true,"href":"https:\/\/agora.xtec.cat\/instiana\/wp-json\/wp\/v2\/users\/1"}],"replies":[{"embeddable":true,"href":"https:\/\/agora.xtec.cat\/instiana\/wp-json\/wp\/v2\/comments?post=4015"}],"version-history":[{"count":1,"href":"https:\/\/agora.xtec.cat\/instiana\/wp-json\/wp\/v2\/pages\/4015\/revisions"}],"predecessor-version":[{"id":4017,"href":"https:\/\/agora.xtec.cat\/instiana\/wp-json\/wp\/v2\/pages\/4015\/revisions\/4017"}],"up":[{"embeddable":true,"href":"https:\/\/agora.xtec.cat\/instiana\/wp-json\/wp\/v2\/pages\/579"}],"wp:attachment":[{"href":"https:\/\/agora.xtec.cat\/instiana\/wp-json\/wp\/v2\/media?parent=4015"}],"curies":[{"name":"wp","href":"https:\/\/api.w.org\/{rel}","templated":true}]}}