{"id":2625,"date":"2022-06-16T10:26:06","date_gmt":"2022-06-16T08:26:06","guid":{"rendered":"https:\/\/agora.xtec.cat\/instiana\/?page_id=2625"},"modified":"2022-06-16T11:37:44","modified_gmt":"2022-06-16T09:37:44","slug":"tpv","status":"publish","type":"page","link":"https:\/\/agora.xtec.cat\/instiana\/linstitut\/tpv\/","title":{"rendered":"TPV"},"content":{"rendered":"<h3 class=\"p9 f15\">Qu\u00e8 \u00e9s TPV?<a href=\"https:\/\/tpvescola.com\/DirectLogin.aspx?eid=449\" target=\"_blank\" rel=\"noopener\"><img loading=\"lazy\" decoding=\"async\" class=\"alignright\" src=\"http:\/\/agora.xtec.cat\/ceipberti\/wp-content\/uploads\/usu199\/2018\/02\/tpv-escola.jpg\" alt=\"TPV escola | Escola Bert\u00ed\" width=\"202\" height=\"202\" \/><\/a><\/h3>\n<h5 class=\"p9 f15\">TPV (Terminal de Punt de Venda)<\/h5>\n<p>El TPV \u00e9s un sistema de gesti\u00f3 de pagaments i d&#8217;autoritzacions a trav\u00e9s d&#8217;un dispositiu electr\u00f2nic personal.<\/p>\n<p>En concret el TPV Escola \u00e9s el sistema que ens permet gestionar les entrades i sortides financeres aix\u00ed com les signatures de diferents documents o autoritzacions de forma r\u00e0pida i eficient agilitzant aix\u00ed el control i el temps de resposta dels pagaments que cal realitzar en el nostre centre i generant els informes que ho justifiquen.<\/p>\n<h3 class=\"p11 f17\">Qu\u00e8 cal fer per instal\u00b7lar-se l&#8217;aplicaci\u00f3?<\/h3>\n<p><iframe loading=\"lazy\" title=\"TPVEscola - Instal\u00b7laci\u00f3 de l&#039;APP i primeres recomanacions\" width=\"500\" height=\"281\" src=\"https:\/\/www.youtube.com\/embed\/Bz0XQ7n_11U?feature=oembed\" frameborder=\"0\" allow=\"accelerometer; autoplay; clipboard-write; encrypted-media; gyroscope; picture-in-picture; web-share\" referrerpolicy=\"strict-origin-when-cross-origin\" allowfullscreen><\/iframe><\/p>\n","protected":false},"excerpt":{"rendered":"<p>Qu\u00e8 \u00e9s TPV?<a href=\"https:\/\/tpvescola.com\/DirectLogin.aspx?eid=449\" target=\"_blank\" rel=\"noopener\"><\/a><br \/>\nTPV (Terminal de Punt de Venda)<br \/>\nEl TPV \u00e9s un sistema de gesti\u00f3 de pagaments i d&#8217;autoritzacions a trav\u00e9s d&#8217;un dispositiu electr\u00f2nic personal.<br \/>\nEn concret el TPV Escola \u00e9s el sistema que ens permet gestionar les entrades i sortides financeres aix\u00ed com&hellip;  <a href=\"https:\/\/agora.xtec.cat\/instiana\/linstitut\/tpv\/\" title=\"Read TPV\">Llegeix m\u00e9s\u00bb<\/a><\/p>\n","protected":false},"author":1,"featured_media":0,"parent":19,"menu_order":9,"comment_status":"closed","ping_status":"closed","template":"page-templates\/side-menu.php","meta":{"_bbp_topic_count":0,"_bbp_reply_count":0,"_bbp_total_topic_count":0,"_bbp_total_reply_count":0,"_bbp_voice_count":0,"_bbp_anonymous_reply_count":0,"_bbp_topic_count_hidden":0,"_bbp_reply_count_hidden":0,"_bbp_forum_subforum_count":0,"footnotes":""},"class_list":["post-2625","page","type-page","status-publish","hentry"],"post_mailing_queue_ids":[],"_links":{"self":[{"href":"https:\/\/agora.xtec.cat\/instiana\/wp-json\/wp\/v2\/pages\/2625","targetHints":{"allow":["GET"]}}],"collection":[{"href":"https:\/\/agora.xtec.cat\/instiana\/wp-json\/wp\/v2\/pages"}],"about":[{"href":"https:\/\/agora.xtec.cat\/instiana\/wp-json\/wp\/v2\/types\/page"}],"author":[{"embeddable":true,"href":"https:\/\/agora.xtec.cat\/instiana\/wp-json\/wp\/v2\/users\/1"}],"replies":[{"embeddable":true,"href":"https:\/\/agora.xtec.cat\/instiana\/wp-json\/wp\/v2\/comments?post=2625"}],"version-history":[{"count":3,"href":"https:\/\/agora.xtec.cat\/instiana\/wp-json\/wp\/v2\/pages\/2625\/revisions"}],"predecessor-version":[{"id":2637,"href":"https:\/\/agora.xtec.cat\/instiana\/wp-json\/wp\/v2\/pages\/2625\/revisions\/2637"}],"up":[{"embeddable":true,"href":"https:\/\/agora.xtec.cat\/instiana\/wp-json\/wp\/v2\/pages\/19"}],"wp:attachment":[{"href":"https:\/\/agora.xtec.cat\/instiana\/wp-json\/wp\/v2\/media?parent=2625"}],"curies":[{"name":"wp","href":"https:\/\/api.w.org\/{rel}","templated":true}]}}