{"id":2006,"date":"2020-07-08T00:27:34","date_gmt":"2020-07-07T22:27:34","guid":{"rendered":"https:\/\/agora.xtec.cat\/instiana\/?page_id=2006"},"modified":"2025-09-15T12:51:46","modified_gmt":"2025-09-15T10:51:46","slug":"matricula-eso","status":"publish","type":"page","link":"https:\/\/agora.xtec.cat\/instiana\/secretaria\/matricula-eso\/","title":{"rendered":"Matr\u00edcula ESO"},"content":{"rendered":"<h4>Matr\u00edcula ESO curs 2025-2026<img loading=\"lazy\" decoding=\"async\" class=\"alignright\" src=\"https:\/\/govern.cat\/govern\/docs\/2020\/03\/18\/13\/14\/041c0a46-fec1-4fcf-965f-7f7049ea6bc0.jpg\" alt=\"Nota de premsa. Departament d'Educaci\u00f3\" width=\"284\" height=\"213\" \/><\/h4>\n<p>La preinscripci\u00f3 \u00e9s el tr\u00e0mit que cal fer per poder accedir a l&#8217;institut de Tiana si l&#8217;alumne\/a no est\u00e0 matriculat en el nostre centre. <strong>L&#8217;alumnat adm\u00e8s en el per\u00edode de preinscripci\u00f3 haur\u00e0 de formalitzar la matr\u00edcula<\/strong> <strong>de forma presencial:<\/strong><\/p>\n<table class=\" alignleft\" style=\"height: 90px;\">\n<tbody>\n<tr style=\"height: 36px;\">\n<td style=\"width: 229px; text-align: center; height: 43px;\"><strong>Matr\u00edcula ESO<\/strong><\/td>\n<td style=\"width: 232px; text-align: center; height: 43px;\"><strong>Del 25 de juny al 3 de juliol de 2025<\/strong><\/td>\n<\/tr>\n<\/tbody>\n<\/table>\n<p>&nbsp;<\/p>\n<p>&nbsp;<\/p>\n<p>&nbsp;<\/p>\n<p><strong>Horari d&#8217;atenci\u00f3 al p\u00fablic:<\/strong><\/p>\n<p>De dilluns a divendres de 9:00h a 14:00h<\/p>\n<p>Dilluns 30 de 16:00h a 19:00h<\/p>\n<p><strong>Documentaci\u00f3<\/strong> <strong>que cal lliurar<\/strong> per formalitzar la matr\u00edcula:<\/p>\n<ul>\n<li><strong>Fitxa de dades personals i acad\u00e8miques emplenada a trav\u00e9s de TPV.<\/strong><\/li>\n<li><strong>Formulari de la tria de mat\u00e8ries optatives emplenada a trav\u00e9s de TPV <\/strong><span style=\"color: #000000;\">(nom\u00e9s per a l&#8217;alumnat que es matriculi a 2n, 3r i 4t d&#8217;ESO)<\/span><strong>.<br \/>\n<img loading=\"lazy\" decoding=\"async\" class=\"size-medium wp-image-2567 alignright\" src=\"https:\/\/agora.xtec.cat\/instiana\/wp-content\/uploads\/usu1968\/2022\/03\/Diapositiva1-720x548-1-1-300x228.jpeg\" alt=\"\" width=\"300\" height=\"228\" srcset=\"https:\/\/agora.xtec.cat\/instiana\/wp-content\/uploads\/usu1968\/2022\/03\/Diapositiva1-720x548-1-1-300x228.jpeg 300w, https:\/\/agora.xtec.cat\/instiana\/wp-content\/uploads\/usu1968\/2022\/03\/Diapositiva1-720x548-1-1.jpeg 720w\" sizes=\"auto, (max-width: 300px) 100vw, 300px\" \/><\/strong><\/li>\n<li><strong>Full d&#8217;autoritzacions signat a trav\u00e9s del TPV<\/strong><\/li>\n<li><strong>Carta de comprom\u00eds educatiu signada a trav\u00e9s del TPV<\/strong><\/li>\n<li><strong>Ingr\u00e9s de la quota de material a trav\u00e9s del TPV<\/strong><\/li>\n<li><strong>Ingr\u00e9s de la quota digital, dispositius, llic\u00e8ncies i AFA\u00a0 a trav\u00e9s del TPV\u00a0<\/strong><\/li>\n<li><strong><span style=\"color: #999999;\">Fotoc\u00f2pia del DNI de l&#8217;alumne\/a (obligatori a partir dels 14 anys)*<\/span><\/strong><\/li>\n<li><strong><span style=\"color: #999999;\">Fotoc\u00f2pia de la targeta sanit\u00e0ria individual TSI*.<\/span><\/strong><\/li>\n<li><strong>Fotoc\u00f2pia del llibre de fam\u00edlia.<\/strong><\/li>\n<li><strong>Fotoc\u00f2pia del carnet de vacunacions.<\/strong><\/li>\n<li><strong>Una fotografia tipus carnet amb el nom i els cognoms al darrere.<\/strong><\/li>\n<li><strong>Fotoc\u00f2pia de la sent\u00e8ncia de divorci <\/strong>(si escau)<\/li>\n<li><strong>Butllet\u00ed de notes finals <\/strong>(nom\u00e9s per a l&#8217;alumnat que es matriculi a 2n, 3r o 4t de l&#8217;ESO)<\/li>\n<\/ul>\n<p><span style=\"color: #999999;\">* No cal presentar la documentaci\u00f3 que ja es va lliurar en el per\u00edode de preinscripci\u00f3<\/span><\/p>\n<table style=\"border-collapse: collapse; width: 32.632%; height: 81px;\">\n<tbody>\n<tr style=\"height: 39px;\">\n<td style=\"width: 2.96053%; height: 39px;\"><span style=\"color: #999999;\"><img loading=\"lazy\" decoding=\"async\" class=\"wp-image-1768 aligncenter\" src=\"https:\/\/agora.xtec.cat\/instiana\/wp-content\/uploads\/usu1968\/2020\/05\/PDF.jpg\" alt=\"\" width=\"43\" height=\"43\" srcset=\"https:\/\/agora.xtec.cat\/instiana\/wp-content\/uploads\/usu1968\/2020\/05\/PDF.jpg 600w, https:\/\/agora.xtec.cat\/instiana\/wp-content\/uploads\/usu1968\/2020\/05\/PDF-150x150.jpg 150w, https:\/\/agora.xtec.cat\/instiana\/wp-content\/uploads\/usu1968\/2020\/05\/PDF-300x300.jpg 300w\" sizes=\"auto, (max-width: 43px) 100vw, 43px\" \/><\/span><\/td>\n<td style=\"width: 18.2098%; height: 39px;\"><a href=\"https:\/\/agora.xtec.cat\/instiana\/wp-content\/uploads\/usu1968\/2025\/03\/Quota-material-25-26.pdf\">Quota material 25-26<\/a><\/td>\n<\/tr>\n<\/tbody>\n<\/table>\n<ul style=\"list-style-type: disc;\">\n<li><strong>Cal recordar que els alumnes que continuen escolaritzats en l&#8217;institut de Tiana no han de participar en el proc\u00e9s de preinscripci\u00f3. Nom\u00e9s cal fer la confirmaci\u00f3 de la pla\u00e7a i la tria d&#8217;optatives durant el mes d&#8217;abril a trav\u00e9s de TPV.<\/strong><\/li>\n<\/ul>\n<p><img loading=\"lazy\" decoding=\"async\" class=\"size-full wp-image-2564 alignleft\" src=\"https:\/\/agora.xtec.cat\/instiana\/wp-content\/uploads\/usu1968\/2022\/03\/Nou-INS-Tiana-1.png\" alt=\"\" width=\"132\" height=\"127\" \/>Si <strong>voleu matricular-vos a l&#8217;institut<\/strong> i no heu pogut participar en el proc\u00e9s de preinscripci\u00f3 d&#8217;enguany cal que us poseu en <strong>contacte<\/strong> amb nosaltres a l&#8217;adre\u00e7a electr\u00f2nica<a href=\"mailto:instiana@xtec.cat\"> instiana@xtec.cat<\/a> o b\u00e9 que ens truqueu al <strong>933 951 719<\/strong> de dilluns a divendres de 9 a 14 hores on us resoldrem qualsevol dubte o pregunta relacionada amb la possibilitat de matricular-vos a l&#8217;institut de Tiana.<\/p>\n<p>&nbsp;<\/p>\n<p>&nbsp;<\/p>\n<p><strong>App TPV<\/strong><\/p>\n<p style=\"font-weight: 400;\">Per poder fer els pagaments i firmar les autoritzacions heu d&#8217;accedir a <b><a href=\"https:\/\/tpvescola.com\/DirectLogin.aspx?eid=449\" target=\"_blank\" rel=\"noopener\" data-saferedirecturl=\"https:\/\/www.google.com\/url?q=https:\/\/tpvescola.com\/DirectLogin.aspx?eid%3D449&amp;source=gmail&amp;ust=1655452557321000&amp;usg=AOvVaw1IXwm9sXAbDFQZZ-KSgB6F\">TPV escola<\/a><\/b> o descarregar-vos l&#8217;app. Teniu les instruccions i v\u00eddeos explicatius al seg\u00fcent enlla\u00e7:<\/p>\n<p><a href=\"https:\/\/tpvescola.com\/webiframe\/Aterratge.html\" target=\"_blank\" rel=\"noopener\">https:\/\/tpvescola.com\/webiframe\/Aterratge.html<\/a><\/p>\n","protected":false},"excerpt":{"rendered":"<p>Matr\u00edcula ESO curs 2025-2026<br \/>\nLa preinscripci\u00f3 \u00e9s el tr\u00e0mit que cal fer per poder accedir a l&#8217;institut de Tiana si l&#8217;alumne\/a no est\u00e0 matriculat en el nostre centre. L&#8217;alumnat adm\u00e8s en el per\u00edode de preinscripci\u00f3 haur\u00e0 de formalitzar la matr\u00edcula de forma presencial:<\/p>\n<p>Matr\u00edcula ESO<br \/>\nDel 25 de&hellip;  <a href=\"https:\/\/agora.xtec.cat\/instiana\/secretaria\/matricula-eso\/\" title=\"Read Matr\u00edcula ESO\">Llegeix m\u00e9s\u00bb<\/a><\/p>\n","protected":false},"author":1,"featured_media":0,"parent":81,"menu_order":5,"comment_status":"closed","ping_status":"closed","template":"page-templates\/side-menu.php","meta":{"_bbp_topic_count":0,"_bbp_reply_count":0,"_bbp_total_topic_count":0,"_bbp_total_reply_count":0,"_bbp_voice_count":0,"_bbp_anonymous_reply_count":0,"_bbp_topic_count_hidden":0,"_bbp_reply_count_hidden":0,"_bbp_forum_subforum_count":0,"footnotes":""},"class_list":["post-2006","page","type-page","status-publish","hentry"],"post_mailing_queue_ids":[],"_links":{"self":[{"href":"https:\/\/agora.xtec.cat\/instiana\/wp-json\/wp\/v2\/pages\/2006","targetHints":{"allow":["GET"]}}],"collection":[{"href":"https:\/\/agora.xtec.cat\/instiana\/wp-json\/wp\/v2\/pages"}],"about":[{"href":"https:\/\/agora.xtec.cat\/instiana\/wp-json\/wp\/v2\/types\/page"}],"author":[{"embeddable":true,"href":"https:\/\/agora.xtec.cat\/instiana\/wp-json\/wp\/v2\/users\/1"}],"replies":[{"embeddable":true,"href":"https:\/\/agora.xtec.cat\/instiana\/wp-json\/wp\/v2\/comments?post=2006"}],"version-history":[{"count":6,"href":"https:\/\/agora.xtec.cat\/instiana\/wp-json\/wp\/v2\/pages\/2006\/revisions"}],"predecessor-version":[{"id":3720,"href":"https:\/\/agora.xtec.cat\/instiana\/wp-json\/wp\/v2\/pages\/2006\/revisions\/3720"}],"up":[{"embeddable":true,"href":"https:\/\/agora.xtec.cat\/instiana\/wp-json\/wp\/v2\/pages\/81"}],"wp:attachment":[{"href":"https:\/\/agora.xtec.cat\/instiana\/wp-json\/wp\/v2\/media?parent=2006"}],"curies":[{"name":"wp","href":"https:\/\/api.w.org\/{rel}","templated":true}]}}