{"id":1037,"date":"2019-02-06T19:37:44","date_gmt":"2019-02-06T18:37:44","guid":{"rendered":"https:\/\/agora.xtec.cat\/instiana\/?page_id=1037"},"modified":"2019-10-02T18:40:48","modified_gmt":"2019-10-02T16:40:48","slug":"treball-de-recerca","status":"publish","type":"page","link":"https:\/\/agora.xtec.cat\/instiana\/treball-de-recerca\/","title":{"rendered":"Projecte de Recerca"},"content":{"rendered":"<p>El Projecte de Recerca de 4t d&#8217;ESO convida l&#8217;alumnat a cercar, investigar i aprofundir en algun tema que els pugui interessar. Cada \u00e0mbit proposa un m\u00ednim de 5 treballs a desenvolupar per l&#8217;alumnat durant el curs.<\/p>\n<p>L&#8217;alumnat lliurar\u00e0 la mem\u00f2ria a mitjans d&#8217;abril i la defensar\u00e0 davant d&#8217;un tribunal durant el mes de maig.<\/p>\n","protected":false},"excerpt":{"rendered":"<p>El Projecte de Recerca de 4t d&#8217;ESO convida l&#8217;alumnat a cercar, investigar i aprofundir en algun tema que els pugui interessar. Cada \u00e0mbit proposa un m\u00ednim de 5 treballs a desenvolupar per l&#8217;alumnat durant el curs.<br \/>\nL&#8217;alumnat lliurar\u00e0 la mem\u00f2ria a mitjans d&#8217;abril i la defensar\u00e0&hellip;  <a href=\"https:\/\/agora.xtec.cat\/instiana\/treball-de-recerca\/\" title=\"Read Projecte de Recerca\">Llegeix m\u00e9s\u00bb<\/a><\/p>\n","protected":false},"author":4,"featured_media":0,"parent":0,"menu_order":0,"comment_status":"closed","ping_status":"closed","template":"","meta":{"_bbp_topic_count":0,"_bbp_reply_count":0,"_bbp_total_topic_count":0,"_bbp_total_reply_count":0,"_bbp_voice_count":0,"_bbp_anonymous_reply_count":0,"_bbp_topic_count_hidden":0,"_bbp_reply_count_hidden":0,"_bbp_forum_subforum_count":0,"footnotes":""},"class_list":["post-1037","page","type-page","status-publish","hentry"],"post_mailing_queue_ids":[],"_links":{"self":[{"href":"https:\/\/agora.xtec.cat\/instiana\/wp-json\/wp\/v2\/pages\/1037","targetHints":{"allow":["GET"]}}],"collection":[{"href":"https:\/\/agora.xtec.cat\/instiana\/wp-json\/wp\/v2\/pages"}],"about":[{"href":"https:\/\/agora.xtec.cat\/instiana\/wp-json\/wp\/v2\/types\/page"}],"author":[{"embeddable":true,"href":"https:\/\/agora.xtec.cat\/instiana\/wp-json\/wp\/v2\/users\/4"}],"replies":[{"embeddable":true,"href":"https:\/\/agora.xtec.cat\/instiana\/wp-json\/wp\/v2\/comments?post=1037"}],"version-history":[{"count":2,"href":"https:\/\/agora.xtec.cat\/instiana\/wp-json\/wp\/v2\/pages\/1037\/revisions"}],"predecessor-version":[{"id":1370,"href":"https:\/\/agora.xtec.cat\/instiana\/wp-json\/wp\/v2\/pages\/1037\/revisions\/1370"}],"wp:attachment":[{"href":"https:\/\/agora.xtec.cat\/instiana\/wp-json\/wp\/v2\/media?parent=1037"}],"curies":[{"name":"wp","href":"https:\/\/api.w.org\/{rel}","templated":true}]}}