{"id":1030,"date":"2019-02-06T18:57:01","date_gmt":"2019-02-06T17:57:01","guid":{"rendered":"https:\/\/agora.xtec.cat\/instiana\/?page_id=1030"},"modified":"2025-05-28T10:56:03","modified_gmt":"2025-05-28T08:56:03","slug":"optatives-eso-4","status":"publish","type":"page","link":"https:\/\/agora.xtec.cat\/instiana\/optatives-eso-4\/","title":{"rendered":"Optatives 4t d&#8217;ESO"},"content":{"rendered":"<p>Les mat\u00e8ries optatives de modalitat de 4t d&#8217;ESO estan dividides en itineraris que ha de triar l&#8217;alumnat:<\/p>\n<table style=\"border-collapse: collapse; width: 66.5061%; height: 192px;\" border=\"1\">\n<tbody>\n<tr>\n<td style=\"width: 15%; text-align: center;\"><strong>Itinerari<\/strong><\/td>\n<td style=\"text-align: center; width: 57.8864%;\"><strong>Franja 1<\/strong><\/td>\n<td style=\"text-align: center; width: 27.1293%;\"><strong>Franja 2<\/strong><\/td>\n<\/tr>\n<tr>\n<td style=\"width: 15%; text-align: center;\"><strong>A<\/strong><\/td>\n<td style=\"text-align: center; width: 57.8864%;\"><strong><span style=\"color: #008080;\">Biologia i Geologia<\/span><\/strong><\/td>\n<td style=\"text-align: center; width: 27.1293%;\"><strong><span style=\"color: #008080;\">F\u00edsica i Qu\u00edmica<\/span><\/strong><\/td>\n<\/tr>\n<tr>\n<td style=\"width: 15%; text-align: center;\"><strong>B<\/strong><\/td>\n<td style=\"text-align: center; width: 57.8864%;\"><strong><span style=\"color: #008080;\">Tecnologia<\/span><\/strong><\/td>\n<td style=\"text-align: center; width: 27.1293%;\"><strong><span style=\"color: #008080;\">F\u00edsica i Qu\u00edmica<\/span><\/strong><\/td>\n<\/tr>\n<tr>\n<td style=\"width: 15%; text-align: center;\"><strong>C<\/strong><\/td>\n<td style=\"text-align: center; width: 57.8864%;\"><strong><span style=\"color: #008080;\">Llat\u00ed<\/span><\/strong><\/td>\n<td style=\"text-align: center; width: 27.1293%;\"><span style=\"color: #008080;\"><b>Cultura Cl\u00e0ssica<\/b><\/span><\/td>\n<\/tr>\n<tr>\n<td style=\"width: 15%; text-align: center;\"><strong>D<\/strong><\/td>\n<td style=\"text-align: center; width: 57.8864%;\"><strong><span style=\"color: #008080;\">Economia<\/span><\/strong><\/td>\n<td style=\"text-align: center; width: 27.1293%;\"><strong><span style=\"color: #008080;\">Emprenedoria<\/span><\/strong><\/td>\n<\/tr>\n<tr>\n<td style=\"width: 15%; text-align: center;\"><strong>E<\/strong><\/td>\n<td style=\"text-align: center; width: 57.8864%;\"><strong><span style=\"color: #008080;\">Arts Esc\u00e8niques-Dansa<\/span><\/strong><\/td>\n<td style=\"text-align: center; width: 27.1293%;\"><strong><span style=\"color: #008080;\">M\u00fasica<\/span><\/strong><\/td>\n<\/tr>\n<\/tbody>\n<\/table>\n<table style=\"border-collapse: collapse; width: 82.0885%; height: 64px;\">\n<tbody>\n<tr style=\"height: 10px;\">\n<td style=\"width: 100%; height: 10px;\"><strong>Franja 3<\/strong><\/td>\n<\/tr>\n<tr style=\"height: 32px;\">\n<td style=\"width: 100%; height: 32px;\">A m\u00e9s a m\u00e9s, tots els itineraris cursaran una tercera franja on podran escollir entre una de les seg\u00fcents opcions: <span style=\"color: #008080;\">Digitalitzaci\u00f3<\/span><span style=\"color: #008080;\">, <\/span><span style=\"color: #008080;\">Expressi\u00f3 Art\u00edstica, Filosofia<\/span> o <span style=\"color: #008080;\">Segona llengua estrangera: alemany*<\/span>.<\/td>\n<\/tr>\n<\/tbody>\n<\/table>\n<p><span style=\"font-family: inherit; font-size: 1em;\">*Els alumnes que han cursat alemany a 3r d&#8217;ESO han de seleccionar aquesta optativa obligat\u00f2riament.<\/span><\/p>\n<ul>\n<li><span style=\"color: #008080;\"><span style=\"color: #000000;\">Paral\u00b7lelament, tamb\u00e9 s&#8217;ofereixen les mat\u00e8ries anuals de: <\/span><strong>Religi\u00f3<\/strong> i <strong>A<\/strong><\/span><strong><span style=\"color: #008080;\">ctivitats c\u00edviques i culturals<\/span><\/strong><span style=\"color: #008080;\"><span style=\"color: #000000;\">.<\/span><\/span><\/li>\n<\/ul>\n","protected":false},"excerpt":{"rendered":"<p>Les mat\u00e8ries optatives de modalitat de 4t d&#8217;ESO estan dividides en itineraris que ha de triar l&#8217;alumnat:<\/p>\n<p>Itinerari<br \/>\nFranja 1<br \/>\nFranja 2<\/p>\n<p>A<br \/>\nBiologia i Geologia<br \/>\nF\u00edsica i Qu\u00edmica<\/p>\n<p>B<br \/>\nTecnologia<br \/>\nF\u00edsica i Qu\u00edmica<\/p>\n<p>C<br \/>\nLlat\u00ed<br \/>\nCultura Cl\u00e0ssica<\/p>\n<p>D<br \/>\nEconomia<br \/>\nEmprenedoria<\/p>\n<p>E<br \/>\nArts Esc\u00e8niques-Dansa<br \/>\nM\u00fasica<\/p>\n<p>Franja 3<\/p>\n<p>A m\u00e9s a m\u00e9s, tots els itineraris cursaran una tercera franja on podran escollir entre una de les&hellip;  <a href=\"https:\/\/agora.xtec.cat\/instiana\/optatives-eso-4\/\" title=\"Read Optatives 4t d&#8217;ESO\">Llegeix m\u00e9s\u00bb<\/a><\/p>\n","protected":false},"author":4,"featured_media":0,"parent":0,"menu_order":0,"comment_status":"closed","ping_status":"closed","template":"","meta":{"_bbp_topic_count":0,"_bbp_reply_count":0,"_bbp_total_topic_count":0,"_bbp_total_reply_count":0,"_bbp_voice_count":0,"_bbp_anonymous_reply_count":0,"_bbp_topic_count_hidden":0,"_bbp_reply_count_hidden":0,"_bbp_forum_subforum_count":0,"footnotes":""},"class_list":["post-1030","page","type-page","status-publish","hentry"],"post_mailing_queue_ids":[],"_links":{"self":[{"href":"https:\/\/agora.xtec.cat\/instiana\/wp-json\/wp\/v2\/pages\/1030","targetHints":{"allow":["GET"]}}],"collection":[{"href":"https:\/\/agora.xtec.cat\/instiana\/wp-json\/wp\/v2\/pages"}],"about":[{"href":"https:\/\/agora.xtec.cat\/instiana\/wp-json\/wp\/v2\/types\/page"}],"author":[{"embeddable":true,"href":"https:\/\/agora.xtec.cat\/instiana\/wp-json\/wp\/v2\/users\/4"}],"replies":[{"embeddable":true,"href":"https:\/\/agora.xtec.cat\/instiana\/wp-json\/wp\/v2\/comments?post=1030"}],"version-history":[{"count":7,"href":"https:\/\/agora.xtec.cat\/instiana\/wp-json\/wp\/v2\/pages\/1030\/revisions"}],"predecessor-version":[{"id":3788,"href":"https:\/\/agora.xtec.cat\/instiana\/wp-json\/wp\/v2\/pages\/1030\/revisions\/3788"}],"wp:attachment":[{"href":"https:\/\/agora.xtec.cat\/instiana\/wp-json\/wp\/v2\/media?parent=1030"}],"curies":[{"name":"wp","href":"https:\/\/api.w.org\/{rel}","templated":true}]}}