{"id":1015,"date":"2019-02-06T11:12:46","date_gmt":"2019-02-06T10:12:46","guid":{"rendered":"https:\/\/agora.xtec.cat\/instiana\/?page_id=1015"},"modified":"2025-05-28T10:55:10","modified_gmt":"2025-05-28T08:55:10","slug":"optatives-eso-2","status":"publish","type":"page","link":"https:\/\/agora.xtec.cat\/instiana\/optatives-eso-2\/","title":{"rendered":"Optatives 2n d&#8217;ESO"},"content":{"rendered":"<p>L\u2019institut Tiana ofereix a 2n d\u2019ESO un total de quatre mat\u00e8ries optatives anuals: Expressi\u00f3 creativa, Educaci\u00f3 emocional, Rob\u00f2tica 1 i Segona llengua estrangera: alemany.<\/p>\n<table style=\"width: 83.6807%; height: 304px;\">\n<tbody>\n<tr style=\"height: 32px;\">\n<td style=\"text-align: center; height: 32px;\"><strong>Optativa<\/strong><\/td>\n<td style=\"height: 32px;\">\n<div style=\"text-align: center;\"><strong>Objectius<\/strong><\/div>\n<\/td>\n<\/tr>\n<tr style=\"height: 80px;\">\n<td style=\"height: 80px; text-align: center;\"><strong>Teatre musical<\/strong><\/td>\n<td style=\"height: 80px;\">Aprendre a treballar en grup i enriquir-se de les emocions que aporta el m\u00f3n de la<strong> interpretaci\u00f3<\/strong> i la m\u00fasica.<\/td>\n<\/tr>\n<tr style=\"height: 48px;\">\n<td style=\"height: 48px; text-align: center;\"><strong>Rob\u00f2tica<\/strong><\/td>\n<td style=\"height: 48px;\">Dins el projecte\u00a0<strong>STEAM<\/strong> (acr\u00f2nim angl\u00e8s que engloba les disciplines educatives; Science Technology, Engineering, Art i Mathematics) es fa \u00fas de robots com a fil conductor. Amb la seva construcci\u00f3 i programaci\u00f3, l\u2019alumnat desenvolupa habilitats creatives i resolutives com \u00e9s la realitzaci\u00f3 d\u2019hip\u00f2tesis i el pensament sistem\u00e0tic, l\u00f2gic i estructural.<\/p>\n<p><em>Aquesta optativa es combina amb l&#8217;Expressi\u00f3 escrita (una hora de cada mat\u00e8ria optativa a la setmana)<\/em><\/td>\n<\/tr>\n<tr style=\"height: 48px;\">\n<td style=\"height: 48px; text-align: center;\"><strong>Expressi\u00f3 escrita<\/strong><\/td>\n<td style=\"height: 48px;\">Si t\u2019agrada escriure o vols aprendre a fer-ho millor, aquesta optativa \u00e9s per a tu! Farem activitats per millorar<strong data-start=\"209\" data-end=\"250\"> com ens expressem per escrit<\/strong>, jugarem amb les paraules, crearem hist\u00f2ries i aprendrem trucs per escriure de manera clara, original i divertida.<\/p>\n<p><em>Aquesta optativa es combina amb la Rob\u00f2tica(una hora de cada mat\u00e8ria optativa a la setmana)<\/em><\/td>\n<\/tr>\n<tr style=\"height: 48px;\">\n<td style=\"height: 48px; text-align: center;\"><strong>Segona llengua estrangera: alemany<\/strong><\/td>\n<td style=\"height: 48px;\">Aquesta mat\u00e8ria \u00e9s una introducci\u00f3 a la\u00a0<strong>llengua alemanya<\/strong>. Es treballen les compet\u00e8ncies comunicatives fonamentals: comprensi\u00f3 lectora i expressi\u00f3 escrita i oral. Si fent aquest tastet us agrada la mat\u00e8ria, en cursos posteriors podreu donar-li continu\u00eftat per aprendre aquesta llengua i qui sap si fer un viatge per poder practicar-la!<\/td>\n<\/tr>\n<\/tbody>\n<\/table>\n<ul>\n<li><span style=\"color: #008080;\"><span style=\"color: #000000;\">Paral\u00b7lelament, tamb\u00e9 s&#8217;ofereixen les mat\u00e8ries anuals de: <\/span><strong>Religi\u00f3<\/strong> i <strong>A<\/strong><\/span><strong><span style=\"color: #008080;\">ctivitats c\u00edviques i culturals<\/span><\/strong><span style=\"color: #008080;\"><span style=\"color: #000000;\">.<\/span><\/span><\/li>\n<\/ul>\n","protected":false},"excerpt":{"rendered":"<p>L\u2019institut Tiana ofereix a 2n d\u2019ESO un total de quatre mat\u00e8ries optatives anuals: Expressi\u00f3 creativa, Educaci\u00f3 emocional, Rob\u00f2tica 1 i Segona llengua estrangera: alemany.<\/p>\n<p>Optativa<\/p>\n<p>Objectius<\/p>\n<p>Teatre musical<br \/>\nAprendre a treballar en grup i enriquir-se de les emocions que aporta el m\u00f3n de la interpretaci\u00f3 i la m\u00fasica.<\/p>\n<p>Rob\u00f2tica<br \/>\nDins el&hellip;  <a href=\"https:\/\/agora.xtec.cat\/instiana\/optatives-eso-2\/\" title=\"Read Optatives 2n d&#8217;ESO\">Llegeix m\u00e9s\u00bb<\/a><\/p>\n","protected":false},"author":4,"featured_media":0,"parent":0,"menu_order":0,"comment_status":"closed","ping_status":"closed","template":"","meta":{"_bbp_topic_count":0,"_bbp_reply_count":0,"_bbp_total_topic_count":0,"_bbp_total_reply_count":0,"_bbp_voice_count":0,"_bbp_anonymous_reply_count":0,"_bbp_topic_count_hidden":0,"_bbp_reply_count_hidden":0,"_bbp_forum_subforum_count":0,"footnotes":""},"class_list":["post-1015","page","type-page","status-publish","hentry"],"post_mailing_queue_ids":[],"_links":{"self":[{"href":"https:\/\/agora.xtec.cat\/instiana\/wp-json\/wp\/v2\/pages\/1015","targetHints":{"allow":["GET"]}}],"collection":[{"href":"https:\/\/agora.xtec.cat\/instiana\/wp-json\/wp\/v2\/pages"}],"about":[{"href":"https:\/\/agora.xtec.cat\/instiana\/wp-json\/wp\/v2\/types\/page"}],"author":[{"embeddable":true,"href":"https:\/\/agora.xtec.cat\/instiana\/wp-json\/wp\/v2\/users\/4"}],"replies":[{"embeddable":true,"href":"https:\/\/agora.xtec.cat\/instiana\/wp-json\/wp\/v2\/comments?post=1015"}],"version-history":[{"count":6,"href":"https:\/\/agora.xtec.cat\/instiana\/wp-json\/wp\/v2\/pages\/1015\/revisions"}],"predecessor-version":[{"id":3787,"href":"https:\/\/agora.xtec.cat\/instiana\/wp-json\/wp\/v2\/pages\/1015\/revisions\/3787"}],"wp:attachment":[{"href":"https:\/\/agora.xtec.cat\/instiana\/wp-json\/wp\/v2\/media?parent=1015"}],"curies":[{"name":"wp","href":"https:\/\/api.w.org\/{rel}","templated":true}]}}