{"id":682,"date":"2018-11-15T12:16:46","date_gmt":"2018-11-15T11:16:46","guid":{"rendered":"http:\/\/agora.xtec.cat\/instarragona\/?page_id=682"},"modified":"2026-03-26T13:56:31","modified_gmt":"2026-03-26T12:56:31","slug":"batxillerat","status":"publish","type":"page","link":"https:\/\/agora.xtec.cat\/instarragona\/estudis\/batxillerat\/","title":{"rendered":"Batxillerat"},"content":{"rendered":"<p>El batxillerat forma part de l&#8217;educaci\u00f3 secund\u00e0ria postobligat\u00f2ria i es distribueix en dos cursos acad\u00e8mics. Es desenvolupa en diverses modalitats, per tal d&#8217;oferir un itinerari personalitzat a l&#8217;alumnat amb les seves perspectives i interessos de formaci\u00f3.<\/p>\n<p>A l\u2019institut Tarragona es poden cursar les modalitats de:<\/p>\n<ul>\n<li><strong>Ci\u00e8ncies i tecnologia<\/strong><\/li>\n<li><strong>Humanitats i ci\u00e8ncies socials.<\/strong><\/li>\n<\/ul>\n<h5 style=\"text-align: center;\"><span style=\"color: #808000;\">Presentaci\u00f3 dels estudis de Batxillerat:<\/span><\/h5>\n<div><\/div>\n<p style=\"text-align: center;\"><a href=\"https:\/\/drive.google.com\/file\/d\/1_cRBctscAdLtFeL4uW2wEWp_rCc2XRq9\/view?usp=sharing\" target=\"_blank\" rel=\"noopener\"><img loading=\"lazy\" decoding=\"async\" class=\"aligncenter wp-image-6880 \" src=\"https:\/\/agora.xtec.cat\/instarragona\/wp-content\/uploads\/usu484\/2026\/03\/Captura-de-pantalla-2026-03-26-135506.jpg\" alt=\"\" width=\"626\" height=\"358\" srcset=\"https:\/\/agora.xtec.cat\/instarragona\/wp-content\/uploads\/usu484\/2026\/03\/Captura-de-pantalla-2026-03-26-135506.jpg 877w, https:\/\/agora.xtec.cat\/instarragona\/wp-content\/uploads\/usu484\/2026\/03\/Captura-de-pantalla-2026-03-26-135506-300x172.jpg 300w, https:\/\/agora.xtec.cat\/instarragona\/wp-content\/uploads\/usu484\/2026\/03\/Captura-de-pantalla-2026-03-26-135506-768x440.jpg 768w\" sizes=\"auto, (max-width: 626px) 100vw, 626px\" \/><\/a><\/p>\n<p style=\"text-align: center;\"><a href=\"https:\/\/drive.google.com\/file\/d\/15nrhdSlTdfF6-xE8EQhnXzRn0JGpCByU\/view\"><img loading=\"lazy\" decoding=\"async\" class=\"aligncenter wp-image-6092\" src=\"https:\/\/agora.xtec.cat\/instarragona\/wp-content\/uploads\/usu484\/2025\/04\/video-po.png\" alt=\"\" width=\"664\" height=\"375\" srcset=\"https:\/\/agora.xtec.cat\/instarragona\/wp-content\/uploads\/usu484\/2025\/04\/video-po.png 1174w, https:\/\/agora.xtec.cat\/instarragona\/wp-content\/uploads\/usu484\/2025\/04\/video-po-300x169.png 300w, https:\/\/agora.xtec.cat\/instarragona\/wp-content\/uploads\/usu484\/2025\/04\/video-po-1024x578.png 1024w, https:\/\/agora.xtec.cat\/instarragona\/wp-content\/uploads\/usu484\/2025\/04\/video-po-768x434.png 768w\" sizes=\"auto, (max-width: 664px) 100vw, 664px\" \/><\/a><\/p>\n<h4 style=\"text-align: left;\"><\/h4>\n<div style=\"text-align: center;\">\n<p>&nbsp;<\/p>\n<\/div>\n","protected":false},"excerpt":{"rendered":"<p>El batxillerat forma part de l&#8217;educaci\u00f3 secund\u00e0ria postobligat\u00f2ria i es distribueix en dos cursos acad\u00e8mics. Es desenvolupa en diverses modalitats, per tal d&#8217;oferir un itinerari personalitzat a l&#8217;alumnat amb les seves perspectives i interessos de formaci\u00f3.<br \/>\nA l\u2019institut Tarragona es poden cursar les modalitats de:<\/p>\n<ul>\n<li>Ci\u00e8ncies i&hellip;  <a href=\"https:\/\/agora.xtec.cat\/instarragona\/estudis\/batxillerat\/\" title=\"Read Batxillerat\">Llegeix m\u00e9s\u00bb<\/a><br \/>\n","protected":false},"author":1,"featured_media":0,"parent":195,"menu_order":0,"comment_status":"closed","ping_status":"closed","template":"page-templates\/side-menu.php","meta":{"_bbp_topic_count":0,"_bbp_reply_count":0,"_bbp_total_topic_count":0,"_bbp_total_reply_count":0,"_bbp_voice_count":0,"_bbp_anonymous_reply_count":0,"_bbp_topic_count_hidden":0,"_bbp_reply_count_hidden":0,"_bbp_forum_subforum_count":0,"footnotes":""},"class_list":["post-682","page","type-page","status-publish","hentry"],"post_mailing_queue_ids":[],"_links":{"self":[{"href":"https:\/\/agora.xtec.cat\/instarragona\/wp-json\/wp\/v2\/pages\/682","targetHints":{"allow":["GET"]}}],"collection":[{"href":"https:\/\/agora.xtec.cat\/instarragona\/wp-json\/wp\/v2\/pages"}],"about":[{"href":"https:\/\/agora.xtec.cat\/instarragona\/wp-json\/wp\/v2\/types\/page"}],"author":[{"embeddable":true,"href":"https:\/\/agora.xtec.cat\/instarragona\/wp-json\/wp\/v2\/users\/1"}],"replies":[{"embeddable":true,"href":"https:\/\/agora.xtec.cat\/instarragona\/wp-json\/wp\/v2\/comments?post=682"}],"version-history":[{"count":7,"href":"https:\/\/agora.xtec.cat\/instarragona\/wp-json\/wp\/v2\/pages\/682\/revisions"}],"predecessor-version":[{"id":6881,"href":"https:\/\/agora.xtec.cat\/instarragona\/wp-json\/wp\/v2\/pages\/682\/revisions\/6881"}],"up":[{"embeddable":true,"href":"https:\/\/agora.xtec.cat\/instarragona\/wp-json\/wp\/v2\/pages\/195"}],"wp:attachment":[{"href":"https:\/\/agora.xtec.cat\/instarragona\/wp-json\/wp\/v2\/media?parent=682"}],"curies":[{"name":"wp","href":"https:\/\/api.w.org\/{rel}","templated":true}]}}