{"id":680,"date":"2018-11-15T12:16:28","date_gmt":"2018-11-15T11:16:28","guid":{"rendered":"http:\/\/agora.xtec.cat\/instarragona\/?page_id=680"},"modified":"2026-02-27T12:12:49","modified_gmt":"2026-02-27T11:12:49","slug":"eso","status":"publish","type":"page","link":"https:\/\/agora.xtec.cat\/instarragona\/estudis\/eso\/","title":{"rendered":"ESO"},"content":{"rendered":"<h3 style=\"text-align: center;\"><span style=\"color: #808000;\"><strong>Presentaci\u00f3 dels estudis d&#8217;ESO<\/strong><\/span><\/h3>\n<p>Amb motiu de les jornades de portes obertes de l\u2019ESO, el centre va preparar aquesta presentaci\u00f3 informativa adre\u00e7ada a les noves fam\u00edlies interessades a con\u00e8ixer el nostre projecte.<\/p>\n<div style=\"text-align: center;\"><a href=\"https:\/\/drive.google.com\/file\/d\/1TrsQ_Low_RreFjL0OuFPHo5LKgxqzBhA\/view?usp=drive_link\" target=\"_blank\" rel=\"noopener\"><img loading=\"lazy\" decoding=\"async\" class=\"aligncenter wp-image-6802\" src=\"https:\/\/agora.xtec.cat\/instarragona\/wp-content\/uploads\/usu484\/2026\/02\/Captura.png\" alt=\"\" width=\"604\" height=\"344\" srcset=\"https:\/\/agora.xtec.cat\/instarragona\/wp-content\/uploads\/usu484\/2026\/02\/Captura.png 1141w, https:\/\/agora.xtec.cat\/instarragona\/wp-content\/uploads\/usu484\/2026\/02\/Captura-300x171.png 300w, https:\/\/agora.xtec.cat\/instarragona\/wp-content\/uploads\/usu484\/2026\/02\/Captura-1024x583.png 1024w, https:\/\/agora.xtec.cat\/instarragona\/wp-content\/uploads\/usu484\/2026\/02\/Captura-768x438.png 768w\" sizes=\"auto, (max-width: 604px) 100vw, 604px\" \/><\/a><\/div>\n<div>\n<p>&nbsp;<\/p>\n<p><strong>L\u2019alumnat de l\u2019aula d\u2019acollida presenta el seu v\u00eddeo de l\u2019institut<\/strong><\/p>\n<p>L\u2019alumnat de l\u2019aula d\u2019acollida ha elaborat un v\u00eddeo de presentaci\u00f3 del nostre institut on mostren, a trav\u00e9s d\u2019un recorregut complet, totes les instal\u00b7lacions del centre.<\/p>\n<p>Amb molta il\u00b7lusi\u00f3 i treball en equip, s\u2019han convertit en guies per ensenyar espais com les aules, els laboratoris, la biblioteca, el gimn\u00e0s o els patis. Aquesta iniciativa ha estat una oportunitat per practicar la llengua, con\u00e8ixer millor l\u2019institut i sentir-se part activa de la comunitat educativa.<\/p>\n<p>Us convidem a veure el v\u00eddeo i a descobrir el centre des de la seva mirada. Enhorabona a tot l\u2019alumnat de l\u2019aula d\u2019acollida per la feina feta!.<\/p>\n<p style=\"text-align: center;\"><iframe loading=\"lazy\" title=\"YouTube video player\" src=\"https:\/\/www.youtube.com\/embed\/ds4Vu0G0bdM?si=YSh1RyKN-lVvTBWN\" width=\"560\" height=\"315\" frameborder=\"0\" allowfullscreen=\"allowfullscreen\"><\/iframe><\/p>\n<p><strong>V\u00eddeo de presentaci\u00f3 de l\u2019institut<\/strong><\/p>\n<p>Us presentem el v\u00eddeo de presentaci\u00f3 que vam elaborar per a les portes obertes de 1r d\u2019ESO en un moment en qu\u00e8 no era possible visitar el centre de manera presencial.<\/p>\n<p>Tot i que des d\u2019aleshores el dia a dia a l\u2019institut ha evolucionat \u2014l\u2019alumnat per sort ja no porta mascareta i s\u2019han incorporat nous projectes i activitats\u2014, mantenim aquest v\u00eddeo a la nostra p\u00e0gina web perqu\u00e8 continua essent una bona manera de con\u00e8ixer els espais, l\u2019ambient i el funcionament del centre.<\/p>\n<p style=\"text-align: center;\"><iframe loading=\"lazy\" src=\"https:\/\/www.youtube.com\/embed\/CY3dX0LlXMQ\" width=\"560\" height=\"315\" frameborder=\"0\"><\/iframe><\/p>\n<h5><\/h5>\n<h5><\/h5>\n<\/div>\n","protected":false},"excerpt":{"rendered":"<p>Presentaci\u00f3 dels estudis d&#8217;ESO<br \/>\nAmb motiu de les jornades de portes obertes de l\u2019ESO, el centre va preparar aquesta presentaci\u00f3 informativa adre\u00e7ada a les noves fam\u00edlies interessades a con\u00e8ixer el nostre projecte.<br \/>\n<a href=\"https:\/\/drive.google.com\/file\/d\/1TrsQ_Low_RreFjL0OuFPHo5LKgxqzBhA\/view?usp=drive_link\" target=\"_blank\" rel=\"noopener\"><\/a><\/p>\n<p>&nbsp;<br \/>\nL\u2019alumnat de l\u2019aula d\u2019acollida presenta el seu v\u00eddeo de l\u2019institut<br \/>\nL\u2019alumnat de l\u2019aula&hellip;  <a href=\"https:\/\/agora.xtec.cat\/instarragona\/estudis\/eso\/\" title=\"Read ESO\">Llegeix m\u00e9s\u00bb<\/a><\/p>\n","protected":false},"author":1,"featured_media":0,"parent":195,"menu_order":0,"comment_status":"closed","ping_status":"closed","template":"page-templates\/side-menu.php","meta":{"_bbp_topic_count":0,"_bbp_reply_count":0,"_bbp_total_topic_count":0,"_bbp_total_reply_count":0,"_bbp_voice_count":0,"_bbp_anonymous_reply_count":0,"_bbp_topic_count_hidden":0,"_bbp_reply_count_hidden":0,"_bbp_forum_subforum_count":0,"footnotes":""},"class_list":["post-680","page","type-page","status-publish","hentry"],"post_mailing_queue_ids":[],"_links":{"self":[{"href":"https:\/\/agora.xtec.cat\/instarragona\/wp-json\/wp\/v2\/pages\/680","targetHints":{"allow":["GET"]}}],"collection":[{"href":"https:\/\/agora.xtec.cat\/instarragona\/wp-json\/wp\/v2\/pages"}],"about":[{"href":"https:\/\/agora.xtec.cat\/instarragona\/wp-json\/wp\/v2\/types\/page"}],"author":[{"embeddable":true,"href":"https:\/\/agora.xtec.cat\/instarragona\/wp-json\/wp\/v2\/users\/1"}],"replies":[{"embeddable":true,"href":"https:\/\/agora.xtec.cat\/instarragona\/wp-json\/wp\/v2\/comments?post=680"}],"version-history":[{"count":6,"href":"https:\/\/agora.xtec.cat\/instarragona\/wp-json\/wp\/v2\/pages\/680\/revisions"}],"predecessor-version":[{"id":6803,"href":"https:\/\/agora.xtec.cat\/instarragona\/wp-json\/wp\/v2\/pages\/680\/revisions\/6803"}],"up":[{"embeddable":true,"href":"https:\/\/agora.xtec.cat\/instarragona\/wp-json\/wp\/v2\/pages\/195"}],"wp:attachment":[{"href":"https:\/\/agora.xtec.cat\/instarragona\/wp-json\/wp\/v2\/media?parent=680"}],"curies":[{"name":"wp","href":"https:\/\/api.w.org\/{rel}","templated":true}]}}

<h3 style="text-align: center;"><span style="color: #808000;"><strong>Presentació dels estudis d&#8217;ESO</strong></span></h3>
<p>Amb motiu de les jornades de portes obertes de l’ESO, el centre va preparar aquesta presentació informativa adreçada a les noves famílies interessades a conèixer el nostre projecte.</p>
<div style="text-align: center;"><a href="https://drive.google.com/file/d/1TrsQ_Low_RreFjL0OuFPHo5LKgxqzBhA/view?usp=drive_link" target="_blank" rel="noopener"><img loading="lazy" decoding="async" class="aligncenter wp-image-6802" src="https://agora.xtec.cat/instarragona/wp-content/uploads/usu484/2026/02/Captura.png" alt="" width="604" height="344" srcset="https://agora.xtec.cat/instarragona/wp-content/uploads/usu484/2026/02/Captura.png 1141w, https://agora.xtec.cat/instarragona/wp-content/uploads/usu484/2026/02/Captura-300x171.png 300w, https://agora.xtec.cat/instarragona/wp-content/uploads/usu484/2026/02/Captura-1024x583.png 1024w, https://agora.xtec.cat/instarragona/wp-content/uploads/usu484/2026/02/Captura-768x438.png 768w" sizes="auto, (max-width: 604px) 100vw, 604px" /></a></div>
<div>
<p>&nbsp;</p>
<p><strong>L’alumnat de l’aula d’acollida presenta el seu vídeo de l’institut</strong></p>
<p>L’alumnat de l’aula d’acollida ha elaborat un vídeo de presentació del nostre institut on mostren, a través d’un recorregut complet, totes les instal·lacions del centre.</p>
<p>Amb molta il·lusió i treball en equip, s’han convertit en guies per ensenyar espais com les aules, els laboratoris, la biblioteca, el gimnàs o els patis. Aquesta iniciativa ha estat una oportunitat per practicar la llengua, conèixer millor l’institut i sentir-se part activa de la comunitat educativa.</p>
<p>Us convidem a veure el vídeo i a descobrir el centre des de la seva mirada. Enhorabona a tot l’alumnat de l’aula d’acollida per la feina feta!.</p>
<p style="text-align: center;"><iframe loading="lazy" title="YouTube video player" src="https://www.youtube.com/embed/ds4Vu0G0bdM?si=YSh1RyKN-lVvTBWN" width="560" height="315" frameborder="0" allowfullscreen="allowfullscreen"></iframe></p>
<p><strong>Vídeo de presentació de l’institut</strong></p>
<p>Us presentem el vídeo de presentació que vam elaborar per a les portes obertes de 1r d’ESO en un moment en què no era possible visitar el centre de manera presencial.</p>
<p>Tot i que des d’aleshores el dia a dia a l’institut ha evolucionat —l’alumnat per sort ja no porta mascareta i s’han incorporat nous projectes i activitats—, mantenim aquest vídeo a la nostra pàgina web perquè continua essent una bona manera de conèixer els espais, l’ambient i el funcionament del centre.</p>
<p style="text-align: center;"><iframe loading="lazy" src="https://www.youtube.com/embed/CY3dX0LlXMQ" width="560" height="315" frameborder="0"></iframe></p>
<h5></h5>
<h5></h5>
</div>

<p>Presentació dels estudis d&#8217;ESO<br />
Amb motiu de les jornades de portes obertes de l’ESO, el centre va preparar aquesta presentació informativa adreçada a les noves famílies interessades a conèixer el nostre projecte.<br />
<a href="https://drive.google.com/file/d/1TrsQ_Low_RreFjL0OuFPHo5LKgxqzBhA/view?usp=drive_link" target="_blank" rel="noopener"></a></p>
<p>&nbsp;<br />
L’alumnat de l’aula d’acollida presenta el seu vídeo de l’institut<br />
L’alumnat de l’aula&hellip;  <a href="https://agora.xtec.cat/instarragona/estudis/eso/" title="Read ESO">Llegeix més»</a></p>
