{"id":6204,"date":"2025-04-27T10:54:46","date_gmt":"2025-04-27T08:54:46","guid":{"rendered":"https:\/\/agora.xtec.cat\/instarragona\/?page_id=6204"},"modified":"2025-09-03T16:54:14","modified_gmt":"2025-09-03T14:54:14","slug":"gfgb","status":"publish","type":"page","link":"https:\/\/agora.xtec.cat\/instarragona\/gfgb\/","title":{"rendered":"CFGB"},"content":{"rendered":"<h3>DESCRIPCI\u00d3 DELS ESTUDIS<\/h3>\n<p><b>Qu\u00e8 \u00e9s un cicle de Formaci\u00f3 Professional de Grau B\u00e0sic?<\/b><\/p>\n<p><span style=\"font-weight: 400;\">La Formaci\u00f3 Professional de Grau B\u00e0sic \u00e9s una opci\u00f3 educativa molt connectada amb el m\u00f3n laboral. Respon a la demanda de professionals qualificats i s\u2019adapta a les noves tend\u00e8ncies dels sectors productius.<\/span><\/p>\n<p><span style=\"font-weight: 400;\">Els cicles de grau b\u00e0sic formen part de l&#8217;educaci\u00f3 b\u00e0sica i s&#8217;organitzen en dos cursos acad\u00e8mics. Superant-los, es pot obtenir el t\u00edtol de Graduat en Educaci\u00f3 Secund\u00e0ria Obligat\u00f2ria (ESO) i el t\u00edtol de T\u00e8cnic o T\u00e8cnica B\u00e0sica.<\/span><\/p>\n<p><b>A qui va adre\u00e7at?<\/b><\/p>\n<p><span style=\"font-weight: 400;\">Aquest cicle est\u00e0 pensat per a joves motivats pels aprenentatges pr\u00e0ctics i professionals que:<\/span><\/p>\n<ul>\n<li style=\"font-weight: 400;\" aria-level=\"1\"><span style=\"font-weight: 400;\">Han cursat 3r d&#8217;ESO (o excepcionalment 2n d&#8217;ESO).<\/span><\/li>\n<li style=\"font-weight: 400;\" aria-level=\"1\"><span style=\"font-weight: 400;\">Tenen la proposta favorable de l&#8217;equip docent a trav\u00e9s del Consell Orientador.<\/span><\/li>\n<li style=\"font-weight: 400;\" aria-level=\"1\"><span style=\"font-weight: 400;\">Tenen 15 anys o els compleixen durant l&#8217;any.<\/span><\/li>\n<\/ul>\n<p><b>Durada:<\/b><span style=\"font-weight: 400;\"> 2 cursos acad\u00e8mics.<\/span><\/p>\n<p><b>Cicle Formatiu de Grau B\u00e0sic en Serveis Administratius (CFGB)<\/b><\/p>\n<p><span style=\"font-weight: 400;\">Aquest cicle capacita per fer tasques b\u00e0siques de gesti\u00f3 i administraci\u00f3 amb responsabilitat, autonomia i iniciativa. A m\u00e9s, es treballa la comunicaci\u00f3 oral i escrita en catal\u00e0, castell\u00e0 i angl\u00e8s b\u00e0sic, i s\u2019aprenen les normes de prevenci\u00f3 de riscos laborals i protecci\u00f3 mediambiental.<\/span><\/p>\n<p><b>Distribuci\u00f3 d\u2019hores:<\/b><\/p>\n<ul>\n<li style=\"font-weight: 400;\" aria-level=\"1\"><span style=\"font-weight: 400;\">1.584 hores de formaci\u00f3 a l\u2019institut Tarragona.<\/span><\/li>\n<li style=\"font-weight: 400;\" aria-level=\"1\"><span style=\"font-weight: 400;\">416 hores de formaci\u00f3 pr\u00e0ctica en empreses.<\/span><\/li>\n<\/ul>\n<p><b>Sortides acad\u00e8miques i professionals<\/b><\/p>\n<p><span style=\"font-weight: 400;\">Un cop superat el cicle, es pot:<\/span><\/p>\n<ul>\n<li style=\"font-weight: 400;\" aria-level=\"1\"><span style=\"font-weight: 400;\">Accedir a <\/span><b>qualsevol cicle formatiu de grau mitj\u00e0<\/b><span style=\"font-weight: 400;\">.<\/span><\/li>\n<li style=\"font-weight: 400;\" aria-level=\"1\"><span style=\"font-weight: 400;\">Incorporar-se al m\u00f3n laboral com a:<\/span>\n<ul>\n<li style=\"font-weight: 400;\" aria-level=\"2\"><span style=\"font-weight: 400;\">Auxiliar d&#8217;oficina<\/span><\/li>\n<li style=\"font-weight: 400;\" aria-level=\"2\"><span style=\"font-weight: 400;\">Auxiliar de serveis generals<\/span><\/li>\n<li style=\"font-weight: 400;\" aria-level=\"2\"><span style=\"font-weight: 400;\">Auxiliar d&#8217;arxiu<\/span><\/li>\n<li style=\"font-weight: 400;\" aria-level=\"2\"><span style=\"font-weight: 400;\">Telefonista<\/span><\/li>\n<li style=\"font-weight: 400;\" aria-level=\"2\"><span style=\"font-weight: 400;\">Gravador\/a de dades<\/span><\/li>\n<li style=\"font-weight: 400;\" aria-level=\"2\"><span style=\"font-weight: 400;\">Auxiliar de digitalitzaci\u00f3<\/span><\/li>\n<li style=\"font-weight: 400;\" aria-level=\"2\"><span style=\"font-weight: 400;\">Operador\/a documental<\/span><\/li>\n<li style=\"font-weight: 400;\" aria-level=\"2\"><span style=\"font-weight: 400;\">Auxiliar de venda o caixer\/a, entre d&#8217;altres.<\/span><\/li>\n<\/ul>\n<\/li>\n<\/ul>\n<p><b>Tr\u00e0mit<\/b><span style=\"font-weight: 400;\"><br \/>\n<\/span><span style=\"font-weight: 400;\">Per accedir-hi cal fer la preinscripci\u00f3, presentant una \u00fanica sol\u00b7licitud amb la documentaci\u00f3 requerida al mateix institut Tarragona.<\/span><\/p>\n","protected":false},"excerpt":{"rendered":"<p>DESCRIPCI\u00d3 DELS ESTUDIS<br \/>\nQu\u00e8 \u00e9s un cicle de Formaci\u00f3 Professional de Grau B\u00e0sic?<br \/>\nLa Formaci\u00f3 Professional de Grau B\u00e0sic \u00e9s una opci\u00f3 educativa molt connectada amb el m\u00f3n laboral. Respon a la demanda de professionals qualificats i s\u2019adapta a les noves tend\u00e8ncies dels sectors productius.<br \/>\nEls cicles de&hellip;  <a href=\"https:\/\/agora.xtec.cat\/instarragona\/gfgb\/\" title=\"Read CFGB\">Llegeix m\u00e9s\u00bb<\/a><\/p>\n","protected":false},"author":1,"featured_media":0,"parent":0,"menu_order":0,"comment_status":"closed","ping_status":"closed","template":"","meta":{"_bbp_topic_count":0,"_bbp_reply_count":0,"_bbp_total_topic_count":0,"_bbp_total_reply_count":0,"_bbp_voice_count":0,"_bbp_anonymous_reply_count":0,"_bbp_topic_count_hidden":0,"_bbp_reply_count_hidden":0,"_bbp_forum_subforum_count":0,"footnotes":""},"class_list":["post-6204","page","type-page","status-publish","hentry"],"post_mailing_queue_ids":[],"_links":{"self":[{"href":"https:\/\/agora.xtec.cat\/instarragona\/wp-json\/wp\/v2\/pages\/6204","targetHints":{"allow":["GET"]}}],"collection":[{"href":"https:\/\/agora.xtec.cat\/instarragona\/wp-json\/wp\/v2\/pages"}],"about":[{"href":"https:\/\/agora.xtec.cat\/instarragona\/wp-json\/wp\/v2\/types\/page"}],"author":[{"embeddable":true,"href":"https:\/\/agora.xtec.cat\/instarragona\/wp-json\/wp\/v2\/users\/1"}],"replies":[{"embeddable":true,"href":"https:\/\/agora.xtec.cat\/instarragona\/wp-json\/wp\/v2\/comments?post=6204"}],"version-history":[{"count":5,"href":"https:\/\/agora.xtec.cat\/instarragona\/wp-json\/wp\/v2\/pages\/6204\/revisions"}],"predecessor-version":[{"id":6510,"href":"https:\/\/agora.xtec.cat\/instarragona\/wp-json\/wp\/v2\/pages\/6204\/revisions\/6510"}],"wp:attachment":[{"href":"https:\/\/agora.xtec.cat\/instarragona\/wp-json\/wp\/v2\/media?parent=6204"}],"curies":[{"name":"wp","href":"https:\/\/api.w.org\/{rel}","templated":true}]}}