{"id":608,"date":"2018-10-31T13:55:55","date_gmt":"2018-10-31T12:55:55","guid":{"rendered":"http:\/\/agora.xtec.cat\/instarragona\/?page_id=608"},"modified":"2025-04-10T13:42:07","modified_gmt":"2025-04-10T11:42:07","slug":"documents","status":"publish","type":"page","link":"https:\/\/agora.xtec.cat\/instarragona\/documents\/","title":{"rendered":"Documents"},"content":{"rendered":"<p>&nbsp;<\/p>\n<table style=\"width: 100%; border-collapse: collapse; background-color: #99d649; border-color: #99d649;\">\n<tbody>\n<tr>\n<td style=\"width: 33.3333%; text-align: center;\"><a href=\"https:\/\/drive.google.com\/file\/d\/1BIldq71LqrtiImXGoaYo6YlkbG_ShK63\/view\" target=\"_blank\" rel=\"noopener\"><img loading=\"lazy\" decoding=\"async\" class=\"aligncenter size-full wp-image-6104\" src=\"https:\/\/agora.xtec.cat\/instarragona\/wp-content\/uploads\/usu484\/2025\/04\/1.png\" alt=\"\" width=\"402\" height=\"433\" srcset=\"https:\/\/agora.xtec.cat\/instarragona\/wp-content\/uploads\/usu484\/2025\/04\/1.png 402w, https:\/\/agora.xtec.cat\/instarragona\/wp-content\/uploads\/usu484\/2025\/04\/1-279x300.png 279w\" sizes=\"auto, (max-width: 402px) 100vw, 402px\" \/><\/a><\/td>\n<td style=\"width: 33.3333%; text-align: center;\"><a href=\"https:\/\/drive.google.com\/file\/d\/1XIy-b_MJ2p_q-jR9FSXynyU5LO9-anfg\/view?usp=sharing\" target=\"_blank\" rel=\"noopener\"><img loading=\"lazy\" decoding=\"async\" class=\"aligncenter wp-image-6105 size-full\" src=\"https:\/\/agora.xtec.cat\/instarragona\/wp-content\/uploads\/usu484\/2025\/04\/2.png\" alt=\"\" width=\"402\" height=\"433\" srcset=\"https:\/\/agora.xtec.cat\/instarragona\/wp-content\/uploads\/usu484\/2025\/04\/2.png 402w, https:\/\/agora.xtec.cat\/instarragona\/wp-content\/uploads\/usu484\/2025\/04\/2-279x300.png 279w\" sizes=\"auto, (max-width: 402px) 100vw, 402px\" \/><\/a><\/td>\n<td style=\"width: 33.3333%; text-align: center;\"><a href=\"https:\/\/drive.google.com\/file\/d\/1jCOx8loTCP99f0WTKSoVOm2eReN2CKmD\/view\" target=\"_blank\" rel=\"noopener\"><img loading=\"lazy\" decoding=\"async\" class=\"aligncenter size-full wp-image-6106\" src=\"https:\/\/agora.xtec.cat\/instarragona\/wp-content\/uploads\/usu484\/2025\/04\/3.png\" alt=\"\" width=\"400\" height=\"439\" srcset=\"https:\/\/agora.xtec.cat\/instarragona\/wp-content\/uploads\/usu484\/2025\/04\/3.png 400w, https:\/\/agora.xtec.cat\/instarragona\/wp-content\/uploads\/usu484\/2025\/04\/3-273x300.png 273w\" sizes=\"auto, (max-width: 400px) 100vw, 400px\" \/><\/a><\/td>\n<\/tr>\n<\/tbody>\n<\/table>\n<p>&nbsp;<\/p>\n<p><strong>\u2705 Aportaci\u00f3 volunt\u00e0ria de les fam\u00edlies:<\/strong><\/p>\n<p>L\u2019aportaci\u00f3 volunt\u00e0ria de les fam\u00edlies \u00e9s de 45 \u20ac per curs i alumne\/a en concepte de participaci\u00f3 en les despeses generals d\u2019\u00e0mbit acad\u00e8mic. Es fa efectiva en el moment de la matricula o confirmaci\u00f3 de pla\u00e7a.<\/p>\n<p>&nbsp;<\/p>\n","protected":false},"excerpt":{"rendered":"<p>&nbsp;<\/p>\n<p><a href=\"https:\/\/drive.google.com\/file\/d\/1BIldq71LqrtiImXGoaYo6YlkbG_ShK63\/view\" target=\"_blank\" rel=\"noopener\"><\/a><br \/>\n<a href=\"https:\/\/drive.google.com\/file\/d\/1XIy-b_MJ2p_q-jR9FSXynyU5LO9-anfg\/view?usp=sharing\" target=\"_blank\" rel=\"noopener\"><\/a><br \/>\n<a href=\"https:\/\/drive.google.com\/file\/d\/1jCOx8loTCP99f0WTKSoVOm2eReN2CKmD\/view\" target=\"_blank\" rel=\"noopener\"><\/a><\/p>\n<p>&nbsp;<br \/>\n\u2705 Aportaci\u00f3 volunt\u00e0ria de les fam\u00edlies:<br \/>\nL\u2019aportaci\u00f3 volunt\u00e0ria de les fam\u00edlies \u00e9s de 45 \u20ac per curs i alumne\/a en concepte de participaci\u00f3 en les despeses generals d\u2019\u00e0mbit acad\u00e8mic. Es fa efectiva en el moment de la&hellip;  <a href=\"https:\/\/agora.xtec.cat\/instarragona\/documents\/\" title=\"Read Documents\">Llegeix m\u00e9s\u00bb<\/a><\/p>\n","protected":false},"author":1,"featured_media":0,"parent":0,"menu_order":0,"comment_status":"closed","ping_status":"closed","template":"page-templates\/side-menu.php","meta":{"_bbp_topic_count":0,"_bbp_reply_count":0,"_bbp_total_topic_count":0,"_bbp_total_reply_count":0,"_bbp_voice_count":0,"_bbp_anonymous_reply_count":0,"_bbp_topic_count_hidden":0,"_bbp_reply_count_hidden":0,"_bbp_forum_subforum_count":0,"footnotes":""},"class_list":["post-608","page","type-page","status-publish","hentry"],"post_mailing_queue_ids":[],"_links":{"self":[{"href":"https:\/\/agora.xtec.cat\/instarragona\/wp-json\/wp\/v2\/pages\/608","targetHints":{"allow":["GET"]}}],"collection":[{"href":"https:\/\/agora.xtec.cat\/instarragona\/wp-json\/wp\/v2\/pages"}],"about":[{"href":"https:\/\/agora.xtec.cat\/instarragona\/wp-json\/wp\/v2\/types\/page"}],"author":[{"embeddable":true,"href":"https:\/\/agora.xtec.cat\/instarragona\/wp-json\/wp\/v2\/users\/1"}],"replies":[{"embeddable":true,"href":"https:\/\/agora.xtec.cat\/instarragona\/wp-json\/wp\/v2\/comments?post=608"}],"version-history":[{"count":7,"href":"https:\/\/agora.xtec.cat\/instarragona\/wp-json\/wp\/v2\/pages\/608\/revisions"}],"predecessor-version":[{"id":6122,"href":"https:\/\/agora.xtec.cat\/instarragona\/wp-json\/wp\/v2\/pages\/608\/revisions\/6122"}],"wp:attachment":[{"href":"https:\/\/agora.xtec.cat\/instarragona\/wp-json\/wp\/v2\/media?parent=608"}],"curies":[{"name":"wp","href":"https:\/\/api.w.org\/{rel}","templated":true}]}}