{"id":5279,"date":"2024-06-04T13:01:49","date_gmt":"2024-06-04T11:01:49","guid":{"rendered":"https:\/\/agora.xtec.cat\/instarragona\/?page_id=5279"},"modified":"2025-01-30T18:53:16","modified_gmt":"2025-01-30T17:53:16","slug":"departament-de-matematiques","status":"publish","type":"page","link":"https:\/\/agora.xtec.cat\/instarragona\/departament-de-matematiques\/","title":{"rendered":"Matem\u00e0tiques"},"content":{"rendered":"<p>&nbsp;<\/p>\n<table style=\"width: 100%; border-collapse: collapse; border-color: #385913; border-style: solid;\">\n<tbody>\n<tr>\n<td style=\"width: 21.8637%;\"><img loading=\"lazy\" decoding=\"async\" class=\"aligncenter size-full wp-image-5282\" src=\"https:\/\/agora.xtec.cat\/instarragona\/wp-content\/uploads\/usu484\/2024\/06\/matematicas_1200_800.webp\" alt=\"\" width=\"1200\" height=\"800\" srcset=\"https:\/\/agora.xtec.cat\/instarragona\/wp-content\/uploads\/usu484\/2024\/06\/matematicas_1200_800.webp 1200w, https:\/\/agora.xtec.cat\/instarragona\/wp-content\/uploads\/usu484\/2024\/06\/matematicas_1200_800-300x200.webp 300w, https:\/\/agora.xtec.cat\/instarragona\/wp-content\/uploads\/usu484\/2024\/06\/matematicas_1200_800-1024x683.webp 1024w, https:\/\/agora.xtec.cat\/instarragona\/wp-content\/uploads\/usu484\/2024\/06\/matematicas_1200_800-768x512.webp 768w\" sizes=\"auto, (max-width: 1200px) 100vw, 1200px\" \/><\/td>\n<td style=\"width: 78.1363%; border-style: solid; border-color: #807777;\">\n<h2><span style=\"color: #008000;\"><strong>LA MAT\u00c8RIA<\/strong><\/span><\/h2>\n<p>Les matem\u00e0tiques estan presents en totes les activitats humanes, des de la ci\u00e8ncia fins a les arts, formant part del nostre patrimoni cultural. El domini de l\u2019espai i del temps, organitzaci\u00f3 de recursos, la capacitat de previsi\u00f3 i l&amp;#39;\u00fas de la tecnologia digital s\u00f3n aspectes matem\u00e0tics importants, aix\u00ed com el raonament, L&#8217;argumentaci\u00f3, la comunicaci\u00f3, la presa de decisions i la creativitat. \u00c9s crucial que els estudiants desenvolupin aquestes habilitats per actuar amb coneixement en diversos contextos.<br \/>\nEl curr\u00edculum matem\u00e0tic es basa en objectius educatius enfocats a compet\u00e8ncies clau, essencials per al desenvolupament personal, social i professional. Les principals compet\u00e8ncies inclouen la resoluci\u00f3 de problemes, les habilitats socioemocionals, el raonament matem\u00e0tic i la comunicaci\u00f3. Superar les barreres i prejudicis sobre les matem\u00e0tiques pot millorar el rendiment estudiantil. Aix\u00ed, el pensament computacional i l&#8217;an\u00e0lisi de dades tamb\u00e9 s\u00f3n fonamentals per resoldre problemes i utilitzar eines tecnol\u00f2giques eficientment.<\/td>\n<\/tr>\n<\/tbody>\n<\/table>\n<table style=\"width: 100%; border-collapse: collapse; border-color: #385913; border-style: solid;\">\n<tbody>\n<tr>\n<td style=\"width: 21.9988%; background-color: #a9d4ad; vertical-align: top;\">\n<h4><span style=\"color: #808080;\">AULES ESPEC\u00cdFIQUES<\/span><\/h4>\n<p>La mat\u00e8ria s&#8217;imparteix generalment en les aules pr\u00f2pies dels diferents grups.<\/p>\n<p>&nbsp;<\/p>\n<p>&nbsp;<\/td>\n<td style=\"width: 55.9018%; border-style: solid; border-color: #807777; vertical-align: top;\">\n<h4><span style=\"color: #808080;\">PROJECTES PROPIS, SORTIDES I ACTIVITATS HABITUALS<\/span><\/h4>\n<p>El departament de matem\u00e0tiques participa activament en concursos per incentivar a aquells alumnes que senten passi\u00f3 per la mat\u00e8ria.<\/p>\n<p>Habitualment s\u00f3n:<\/p>\n<ul>\n<li>La Copa Cangur<\/li>\n<li>Els Problemes a l\u2019esprint<\/li>\n<li>Fem Matem\u00e0tiques<\/li>\n<li>Les Proves Cangur<\/li>\n<\/ul>\n<\/td>\n<td style=\"width: 22.0994%; border-style: solid; border-color: #807777; background-color: #a9d4ad; vertical-align: top;\">\n<h4><span style=\"color: #808080;\">RECURSOS DIGITALS<\/span><\/h4>\n<p>Habitualment el professorat del departament organitza les seves classes en diferents entorns virtuals.<\/p>\n<p><img loading=\"lazy\" decoding=\"async\" class=\"\" src=\"https:\/\/upload.wikimedia.org\/wikipedia\/commons\/thumb\/1\/19\/Google_Classroom_Logo.svg\/1200px-Google_Classroom_Logo.svg.png\" alt=\"Google Classroom - Wikipedia, la enciclopedia libre\" width=\"51\" height=\"44\" \/>\u00a0 Classroom<\/p>\n<p><img loading=\"lazy\" decoding=\"async\" class=\"wp-image-4641 alignleft\" src=\"https:\/\/agora.xtec.cat\/instarragona\/wp-content\/uploads\/usu484\/2023\/10\/2-2.jpg\" alt=\"\" width=\"47\" height=\"47\" srcset=\"https:\/\/agora.xtec.cat\/instarragona\/wp-content\/uploads\/usu484\/2023\/10\/2-2.jpg 287w, https:\/\/agora.xtec.cat\/instarragona\/wp-content\/uploads\/usu484\/2023\/10\/2-2-150x150.jpg 150w\" sizes=\"auto, (max-width: 47px) 100vw, 47px\" \/><\/p>\n<p>&nbsp;<\/p>\n<p><span style=\"font-family: inherit; font-size: 1em;\">Moodle<\/span><\/p>\n<p><a href=\"https:\/\/sites.google.com\/xtec.cat\/edcinstarragona\/cultura-digital\" target=\"_blank\" rel=\"noopener\"><strong>Aqu\u00ed<\/strong> <\/a>trobar\u00e0s m\u00e9s informaci\u00f3.<\/td>\n<\/tr>\n<\/tbody>\n<\/table>\n<p>&nbsp;<\/p>\n","protected":false},"excerpt":{"rendered":"<p>&nbsp;<\/p>\n<p>LA MAT\u00c8RIA<br \/>\nLes matem\u00e0tiques estan presents en totes les activitats humanes, des de la ci\u00e8ncia fins a les arts, formant part del nostre patrimoni cultural. El domini de l\u2019espai i del temps, organitzaci\u00f3 de recursos, la capacitat de previsi\u00f3 i l&amp;#39;\u00fas de la tecnologia digital s\u00f3n&hellip;  <a href=\"https:\/\/agora.xtec.cat\/instarragona\/departament-de-matematiques\/\" title=\"Read Matem\u00e0tiques\">Llegeix m\u00e9s\u00bb<\/a><\/p>\n","protected":false},"author":1,"featured_media":0,"parent":0,"menu_order":0,"comment_status":"closed","ping_status":"closed","template":"","meta":{"_bbp_topic_count":0,"_bbp_reply_count":0,"_bbp_total_topic_count":0,"_bbp_total_reply_count":0,"_bbp_voice_count":0,"_bbp_anonymous_reply_count":0,"_bbp_topic_count_hidden":0,"_bbp_reply_count_hidden":0,"_bbp_forum_subforum_count":0,"footnotes":""},"class_list":["post-5279","page","type-page","status-publish","hentry"],"post_mailing_queue_ids":[],"_links":{"self":[{"href":"https:\/\/agora.xtec.cat\/instarragona\/wp-json\/wp\/v2\/pages\/5279","targetHints":{"allow":["GET"]}}],"collection":[{"href":"https:\/\/agora.xtec.cat\/instarragona\/wp-json\/wp\/v2\/pages"}],"about":[{"href":"https:\/\/agora.xtec.cat\/instarragona\/wp-json\/wp\/v2\/types\/page"}],"author":[{"embeddable":true,"href":"https:\/\/agora.xtec.cat\/instarragona\/wp-json\/wp\/v2\/users\/1"}],"replies":[{"embeddable":true,"href":"https:\/\/agora.xtec.cat\/instarragona\/wp-json\/wp\/v2\/comments?post=5279"}],"version-history":[{"count":3,"href":"https:\/\/agora.xtec.cat\/instarragona\/wp-json\/wp\/v2\/pages\/5279\/revisions"}],"predecessor-version":[{"id":5767,"href":"https:\/\/agora.xtec.cat\/instarragona\/wp-json\/wp\/v2\/pages\/5279\/revisions\/5767"}],"wp:attachment":[{"href":"https:\/\/agora.xtec.cat\/instarragona\/wp-json\/wp\/v2\/media?parent=5279"}],"curies":[{"name":"wp","href":"https:\/\/api.w.org\/{rel}","templated":true}]}}

Matemàtiques

<p>&nbsp;</p>
<table style="width: 100%; border-collapse: collapse; border-color: #385913; border-style: solid;">
<tbody>
<tr>
<td style="width: 21.8637%;"><img loading="lazy" decoding="async" class="aligncenter size-full wp-image-5282" src="https://agora.xtec.cat/instarragona/wp-content/uploads/usu484/2024/06/matematicas_1200_800.webp" alt="" width="1200" height="800" srcset="https://agora.xtec.cat/instarragona/wp-content/uploads/usu484/2024/06/matematicas_1200_800.webp 1200w, https://agora.xtec.cat/instarragona/wp-content/uploads/usu484/2024/06/matematicas_1200_800-300x200.webp 300w, https://agora.xtec.cat/instarragona/wp-content/uploads/usu484/2024/06/matematicas_1200_800-1024x683.webp 1024w, https://agora.xtec.cat/instarragona/wp-content/uploads/usu484/2024/06/matematicas_1200_800-768x512.webp 768w" sizes="auto, (max-width: 1200px) 100vw, 1200px" /></td>
<td style="width: 78.1363%; border-style: solid; border-color: #807777;">
<h2><span style="color: #008000;"><strong>LA MATÈRIA</strong></span></h2>
<p>Les matemàtiques estan presents en totes les activitats humanes, des de la ciència fins a les arts, formant part del nostre patrimoni cultural. El domini de l’espai i del temps, organització de recursos, la capacitat de previsió i l&amp;#39;ús de la tecnologia digital són aspectes matemàtics importants, així com el raonament, L&#8217;argumentació, la comunicació, la presa de decisions i la creativitat. És crucial que els estudiants desenvolupin aquestes habilitats per actuar amb coneixement en diversos contextos.<br />
El currículum matemàtic es basa en objectius educatius enfocats a competències clau, essencials per al desenvolupament personal, social i professional. Les principals competències inclouen la resolució de problemes, les habilitats socioemocionals, el raonament matemàtic i la comunicació. Superar les barreres i prejudicis sobre les matemàtiques pot millorar el rendiment estudiantil. Així, el pensament computacional i l&#8217;anàlisi de dades també són fonamentals per resoldre problemes i utilitzar eines tecnològiques eficientment.</td>
</tr>
</tbody>
</table>
<table style="width: 100%; border-collapse: collapse; border-color: #385913; border-style: solid;">
<tbody>
<tr>
<td style="width: 21.9988%; background-color: #a9d4ad; vertical-align: top;">
<h4><span style="color: #808080;">AULES ESPECÍFIQUES</span></h4>
<p>La matèria s&#8217;imparteix generalment en les aules pròpies dels diferents grups.</p>
<p>&nbsp;</p>
<p>&nbsp;</td>
<td style="width: 55.9018%; border-style: solid; border-color: #807777; vertical-align: top;">
<h4><span style="color: #808080;">PROJECTES PROPIS, SORTIDES I ACTIVITATS HABITUALS</span></h4>
<p>El departament de matemàtiques participa activament en concursos per incentivar a aquells alumnes que senten passió per la matèria.</p>
<p>Habitualment són:</p>
<ul>
<li>La Copa Cangur</li>
<li>Els Problemes a l’esprint</li>
<li>Fem Matemàtiques</li>
<li>Les Proves Cangur</li>
</ul>
</td>
<td style="width: 22.0994%; border-style: solid; border-color: #807777; background-color: #a9d4ad; vertical-align: top;">
<h4><span style="color: #808080;">RECURSOS DIGITALS</span></h4>
<p>Habitualment el professorat del departament organitza les seves classes en diferents entorns virtuals.</p>
<p><img loading="lazy" decoding="async" class="" src="https://upload.wikimedia.org/wikipedia/commons/thumb/1/19/Google_Classroom_Logo.svg/1200px-Google_Classroom_Logo.svg.png" alt="Google Classroom - Wikipedia, la enciclopedia libre" width="51" height="44" />  Classroom</p>
<p><img loading="lazy" decoding="async" class="wp-image-4641 alignleft" src="https://agora.xtec.cat/instarragona/wp-content/uploads/usu484/2023/10/2-2.jpg" alt="" width="47" height="47" srcset="https://agora.xtec.cat/instarragona/wp-content/uploads/usu484/2023/10/2-2.jpg 287w, https://agora.xtec.cat/instarragona/wp-content/uploads/usu484/2023/10/2-2-150x150.jpg 150w" sizes="auto, (max-width: 47px) 100vw, 47px" /></p>
<p>&nbsp;</p>
<p><span style="font-family: inherit; font-size: 1em;">Moodle</span></p>
<p><a href="https://sites.google.com/xtec.cat/edcinstarragona/cultura-digital" target="_blank" rel="noopener"><strong>Aquí</strong> </a>trobaràs més informació.</td>
</tr>
</tbody>
</table>
<p>&nbsp;</p>

<p>&nbsp;</p>
<p>LA MATÈRIA<br />
Les matemàtiques estan presents en totes les activitats humanes, des de la ciència fins a les arts, formant part del nostre patrimoni cultural. El domini de l’espai i del temps, organització de recursos, la capacitat de previsió i l&amp;#39;ús de la tecnologia digital són&hellip;  <a href="https://agora.xtec.cat/instarragona/departament-de-matematiques/" title="Read Matemàtiques">Llegeix més»</a></p>
