{"id":4723,"date":"2024-05-21T09:45:01","date_gmt":"2024-05-21T07:45:01","guid":{"rendered":"https:\/\/agora.xtec.cat\/instarragona\/?page_id=4723"},"modified":"2025-01-30T18:58:46","modified_gmt":"2025-01-30T17:58:46","slug":"departament-dorientacio","status":"publish","type":"page","link":"https:\/\/agora.xtec.cat\/instarragona\/departament-dorientacio\/","title":{"rendered":"Orientaci\u00f3"},"content":{"rendered":"<p>&nbsp;<\/p>\n<table style=\"width: 100%; border-collapse: collapse; border-color: #385913; border-style: solid;\">\n<tbody>\n<tr>\n<td style=\"width: 21.8637%;\"><img decoding=\"async\" src=\"https:\/\/site.educa.madrid.org\/ies.gonzaloanes.colladomediano\/\/wp-content\/uploads\/ies.gonzaloanes.colladomediano\/2021\/04\/orientacion.jpg\" alt=\"ORIENTACI\u00d3N ACAD\u00c9MICA 4\u00baESO \u2013 IES GONZALO ANES\" \/><\/td>\n<td style=\"width: 78.1363%; border-style: solid; border-color: #807777;\">\n<h3><strong><span style=\"color: #008000;\">UN DEPARTAMENT DIFERENT<\/span><\/strong><\/h3>\n<p>El Departament d&#8217;Orientaci\u00f3 no \u00e9s un Departament did\u00e0ctic, \u00e9s l&#8217;equip de professionals especialistes en psicopedagogia al servei de l&#8217;\u00e8xit escolar dels i de les alumnes. Les seves funcions es distribueixen entre l&#8217;atenci\u00f3 directa a l&#8217;alumnat, el suport a la comunitat educativa i suport t\u00e8cnic a l&#8217;equip directiu quant a la coordinaci\u00f3 i col\u00b7laboraci\u00f3 en l&#8217;orientaci\u00f3 educativa acad\u00e8mica i professional, coordinaci\u00f3 amb els serveis externs i en general en l&#8217;atenci\u00f3 educativa inclusiva.<\/p>\n<p>El nostre centre disposa de dues orientadores educatives, una orientadora dona resposta a primer cicle de l&#8217;ESO (de 1r a 3r) i una altra a segon cicle de l&#8217;ESO (4t) i Batxillerat. La mestra de pedagogia terap\u00e8utica, imparteix doc\u00e8ncia als grups ordinaris i forma part del SIEI (Suport intensiu per a l&#8217;escolaritzaci\u00f3 inclusiva). Dues professores centren la seva intervenci\u00f3 en el suport intensiu per a l&#8217;escolaritzaci\u00f3 inclusiva, participant en totes les actuacions que faciliten el progr\u00e9s de l&#8217;alumnat en el desenvolupament competencial i promouen la participaci\u00f3 dels i de les alumnes amb necessitats espec\u00edfiques de suport educatiu. L&#8217;educadora d&#8217;educaci\u00f3 especial dona suport a l&#8217;alumnat amb necessitats educatives especials perqu\u00e8 pugui participar en les activitats del centre i el monitor de suport acompanya a l&#8217;alumnat amb necessitats educatives especials associades a l&#8217;autonomia i a la regulaci\u00f3 de la conducta per afavorir la seva participaci\u00f3, autonomia personal i l&#8217;autoregulaci\u00f3.<\/p>\n<div><\/div>\n<\/td>\n<\/tr>\n<\/tbody>\n<\/table>\n<table style=\"width: 100%; border-collapse: collapse; border-color: #385913; border-style: solid;\">\n<tbody>\n<tr>\n<td style=\"width: 21.8637%; background-color: #a9d4ad; vertical-align: top;\">\n<h4><span style=\"color: #808080;\">AULES I ESPAIS ESPEC\u00cdFICS:<\/span><\/h4>\n<p>Es disposa de tres espais diferenciats: l&#8217;aula del SIEI on s&#8217;acull l&#8217;alumnat de NESE en petits grups per treballar aspectes espec\u00edfics i refor\u00e7ar la tasca de l&#8217;aula ordin\u00e0ria, l&#8217;espai del Departament d&#8217;Orientaci\u00f3 on es realitzen les entrevistes individuals i les avaluacions psicopedag\u00f2giques i el despatx de l&#8217;EAP, actualment compartit per la Infermera del programa Salut i Escola.<\/td>\n<td style=\"width: 56.0369%; border-style: solid; border-color: #807777; vertical-align: top;\">\n<h4><span style=\"color: #808080;\">PROJECTES PROPIS, SORTIDES I ACTIVITATS HABITUALS\u00a0<\/span><\/h4>\n<div><\/div>\n<div><\/div>\n<p>Col\u00b7laborem amb la Fundaci\u00f3 Bertelsmann en el projecte d&#8217;orientaci\u00f3\u00a0<i>Xcelence-escoles que inspiren\u00a0<\/i>incorporant un model orientador integral i de qualitat amb l&#8217;objectiu de connectar el centre educatiu amb l&#8217;ecosistema professional i els centre i institucions de formaci\u00f3.<\/p>\n<p>Pr\u00f2ximament, es participar\u00e0 en un projecte intergeneracional amb la resid\u00e8ncia de grans SANITAS i en un projecte de menjador solidari amb C\u00e0ritas.<\/p>\n<p>&nbsp;<\/td>\n<td style=\"width: 22.0994%; border-style: solid; border-color: #807777; background-color: #a9d4ad; vertical-align: top;\">\n<h4><span style=\"color: #808080;\">RECURSOS DIGITALS<\/span><\/h4>\n<p>Aqu\u00ed teniu l&#8217;enlla\u00e7 al <a href=\"https:\/\/agora.xtec.cat\/instarragona\/orientacio\/\" target=\"_blank\" rel=\"noopener\"><strong>servei d&#8217;orientaci\u00f3<\/strong><\/a> de l&#8217;alumnat del nostre centre.<\/p>\n<p>Hi trobareu recomanacions, recursos i enlla\u00e7os a tota mena d&#8217;informaci\u00f3 i serveis.<\/td>\n<\/tr>\n<\/tbody>\n<\/table>\n<p>&nbsp;<\/p>\n","protected":false},"excerpt":{"rendered":"<p>&nbsp;<\/p>\n<p>UN DEPARTAMENT DIFERENT<br \/>\nEl Departament d&#8217;Orientaci\u00f3 no \u00e9s un Departament did\u00e0ctic, \u00e9s l&#8217;equip de professionals especialistes en psicopedagogia al servei de l&#8217;\u00e8xit escolar dels i de les alumnes. Les seves funcions es distribueixen entre l&#8217;atenci\u00f3 directa a l&#8217;alumnat, el suport a la comunitat educativa i suport&hellip;  <a href=\"https:\/\/agora.xtec.cat\/instarragona\/departament-dorientacio\/\" title=\"Read Orientaci\u00f3\">Llegeix m\u00e9s\u00bb<\/a><\/p>\n","protected":false},"author":1,"featured_media":0,"parent":0,"menu_order":0,"comment_status":"closed","ping_status":"closed","template":"","meta":{"_bbp_topic_count":0,"_bbp_reply_count":0,"_bbp_total_topic_count":0,"_bbp_total_reply_count":0,"_bbp_voice_count":0,"_bbp_anonymous_reply_count":0,"_bbp_topic_count_hidden":0,"_bbp_reply_count_hidden":0,"_bbp_forum_subforum_count":0,"footnotes":""},"class_list":["post-4723","page","type-page","status-publish","hentry"],"post_mailing_queue_ids":[],"_links":{"self":[{"href":"https:\/\/agora.xtec.cat\/instarragona\/wp-json\/wp\/v2\/pages\/4723","targetHints":{"allow":["GET"]}}],"collection":[{"href":"https:\/\/agora.xtec.cat\/instarragona\/wp-json\/wp\/v2\/pages"}],"about":[{"href":"https:\/\/agora.xtec.cat\/instarragona\/wp-json\/wp\/v2\/types\/page"}],"author":[{"embeddable":true,"href":"https:\/\/agora.xtec.cat\/instarragona\/wp-json\/wp\/v2\/users\/1"}],"replies":[{"embeddable":true,"href":"https:\/\/agora.xtec.cat\/instarragona\/wp-json\/wp\/v2\/comments?post=4723"}],"version-history":[{"count":6,"href":"https:\/\/agora.xtec.cat\/instarragona\/wp-json\/wp\/v2\/pages\/4723\/revisions"}],"predecessor-version":[{"id":5777,"href":"https:\/\/agora.xtec.cat\/instarragona\/wp-json\/wp\/v2\/pages\/4723\/revisions\/5777"}],"wp:attachment":[{"href":"https:\/\/agora.xtec.cat\/instarragona\/wp-json\/wp\/v2\/media?parent=4723"}],"curies":[{"name":"wp","href":"https:\/\/api.w.org\/{rel}","templated":true}]}}

Orientació

<p>&nbsp;</p>
<table style="width: 100%; border-collapse: collapse; border-color: #385913; border-style: solid;">
<tbody>
<tr>
<td style="width: 21.8637%;"><img decoding="async" src="https://site.educa.madrid.org/ies.gonzaloanes.colladomediano//wp-content/uploads/ies.gonzaloanes.colladomediano/2021/04/orientacion.jpg" alt="ORIENTACIÓN ACADÉMICA 4ºESO – IES GONZALO ANES" /></td>
<td style="width: 78.1363%; border-style: solid; border-color: #807777;">
<h3><strong><span style="color: #008000;">UN DEPARTAMENT DIFERENT</span></strong></h3>
<p>El Departament d&#8217;Orientació no és un Departament didàctic, és l&#8217;equip de professionals especialistes en psicopedagogia al servei de l&#8217;èxit escolar dels i de les alumnes. Les seves funcions es distribueixen entre l&#8217;atenció directa a l&#8217;alumnat, el suport a la comunitat educativa i suport tècnic a l&#8217;equip directiu quant a la coordinació i col·laboració en l&#8217;orientació educativa acadèmica i professional, coordinació amb els serveis externs i en general en l&#8217;atenció educativa inclusiva.</p>
<p>El nostre centre disposa de dues orientadores educatives, una orientadora dona resposta a primer cicle de l&#8217;ESO (de 1r a 3r) i una altra a segon cicle de l&#8217;ESO (4t) i Batxillerat. La mestra de pedagogia terapèutica, imparteix docència als grups ordinaris i forma part del SIEI (Suport intensiu per a l&#8217;escolarització inclusiva). Dues professores centren la seva intervenció en el suport intensiu per a l&#8217;escolarització inclusiva, participant en totes les actuacions que faciliten el progrés de l&#8217;alumnat en el desenvolupament competencial i promouen la participació dels i de les alumnes amb necessitats específiques de suport educatiu. L&#8217;educadora d&#8217;educació especial dona suport a l&#8217;alumnat amb necessitats educatives especials perquè pugui participar en les activitats del centre i el monitor de suport acompanya a l&#8217;alumnat amb necessitats educatives especials associades a l&#8217;autonomia i a la regulació de la conducta per afavorir la seva participació, autonomia personal i l&#8217;autoregulació.</p>
<div></div>
</td>
</tr>
</tbody>
</table>
<table style="width: 100%; border-collapse: collapse; border-color: #385913; border-style: solid;">
<tbody>
<tr>
<td style="width: 21.8637%; background-color: #a9d4ad; vertical-align: top;">
<h4><span style="color: #808080;">AULES I ESPAIS ESPECÍFICS:</span></h4>
<p>Es disposa de tres espais diferenciats: l&#8217;aula del SIEI on s&#8217;acull l&#8217;alumnat de NESE en petits grups per treballar aspectes específics i reforçar la tasca de l&#8217;aula ordinària, l&#8217;espai del Departament d&#8217;Orientació on es realitzen les entrevistes individuals i les avaluacions psicopedagògiques i el despatx de l&#8217;EAP, actualment compartit per la Infermera del programa Salut i Escola.</td>
<td style="width: 56.0369%; border-style: solid; border-color: #807777; vertical-align: top;">
<h4><span style="color: #808080;">PROJECTES PROPIS, SORTIDES I ACTIVITATS HABITUALS </span></h4>
<div></div>
<div></div>
<p>Col·laborem amb la Fundació Bertelsmann en el projecte d&#8217;orientació <i>Xcelence-escoles que inspiren </i>incorporant un model orientador integral i de qualitat amb l&#8217;objectiu de connectar el centre educatiu amb l&#8217;ecosistema professional i els centre i institucions de formació.</p>
<p>Pròximament, es participarà en un projecte intergeneracional amb la residència de grans SANITAS i en un projecte de menjador solidari amb Càritas.</p>
<p>&nbsp;</td>
<td style="width: 22.0994%; border-style: solid; border-color: #807777; background-color: #a9d4ad; vertical-align: top;">
<h4><span style="color: #808080;">RECURSOS DIGITALS</span></h4>
<p>Aquí teniu l&#8217;enllaç al <a href="https://agora.xtec.cat/instarragona/orientacio/" target="_blank" rel="noopener"><strong>servei d&#8217;orientació</strong></a> de l&#8217;alumnat del nostre centre.</p>
<p>Hi trobareu recomanacions, recursos i enllaços a tota mena d&#8217;informació i serveis.</td>
</tr>
</tbody>
</table>
<p>&nbsp;</p>

<p>&nbsp;</p>
<p>UN DEPARTAMENT DIFERENT<br />
El Departament d&#8217;Orientació no és un Departament didàctic, és l&#8217;equip de professionals especialistes en psicopedagogia al servei de l&#8217;èxit escolar dels i de les alumnes. Les seves funcions es distribueixen entre l&#8217;atenció directa a l&#8217;alumnat, el suport a la comunitat educativa i suport&hellip;  <a href="https://agora.xtec.cat/instarragona/departament-dorientacio/" title="Read Orientació">Llegeix més»</a></p>
