{"id":4702,"date":"2024-05-21T09:44:42","date_gmt":"2024-05-21T07:44:42","guid":{"rendered":"https:\/\/agora.xtec.cat\/instarragona\/?page_id=4702"},"modified":"2025-01-30T18:56:40","modified_gmt":"2025-01-30T17:56:40","slug":"departament-deducacio-fisica","status":"publish","type":"page","link":"https:\/\/agora.xtec.cat\/instarragona\/departament-deducacio-fisica\/","title":{"rendered":"Educaci\u00f3 f\u00edsica"},"content":{"rendered":"<table style=\"width: 100%; border-collapse: collapse; border-color: #385913; border-style: solid;\">\n<tbody>\n<tr>\n<td style=\"width: 21.8637%;\"><img decoding=\"async\" src=\"https:\/\/www.mouelcos.cat\/wp-content\/uploads\/2012\/07\/detall_cartell_dia_mundial_fisica.jpg\" alt=\"Activitat f\u00edsica i salut - Mou el cos, desvetlla la ment\" \/><\/td>\n<td style=\"width: 78.1363%; border-style: solid; border-color: #807777;\">\n<h2><span style=\"color: #008000;\"><strong>LA MAT\u00c8RIA<\/strong><\/span><\/h2>\n<p>A trav\u00e9s de l&#8217;educaci\u00f3 f\u00edsica l&#8217;alumnat coneix el seu cos i el gaudi amb les activitats de car\u00e0cter motriu, l&#8217;ocupaci\u00f3 del temps de lleure per combatre el sedentarisme i la consolidaci\u00f3 de valors c\u00edvics i habilitats socials que han de ser presents per conviure en societat.<\/p>\n<p>Tots aquests reptes contribueixen a construir i consolidar una s\u00e8rie de compet\u00e8ncies que utilitzen el cos i el moviment com a instruments d&#8217;aprenentatge amb la idea de consolidar un estil de vida actiu i saludable. En destaquem:<\/p>\n<ul>\n<li>\n<div><em>La<strong> vida activa i saludable<\/strong><\/em>. Relacionada amb la condici\u00f3 f\u00edsica, la pr\u00e0ctica d&#8217;activitat f\u00edsica regular i els h\u00e0bits saludables, l&#8217;alimentaci\u00f3, ergonomia, descans, primers auxilis i la prevenci\u00f3 de lesions, entre d&#8217;altres.<\/div>\n<\/li>\n<li>\n<div>La<strong><em> resoluci\u00f3 de problemes en situacions motrius.\u00a0 <\/em><\/strong>Presa de decisions, els processos de creativitat motriu i la resoluci\u00f3 de reptes i\/o el desenvolupament de projectes motrius.<\/div>\n<\/li>\n<li>\n<div>Les <strong><em>activitats motrius l\u00fadiques, culturals i expressives.\u00a0 <\/em><\/strong>Balls i danses populars i l&#8217;expressi\u00f3 i la comunicaci\u00f3 corporal.<\/div>\n<\/li>\n<li>\n<div>La <strong><em>interacci\u00f3 amb l&#8217;entorn en el temps de lleure. <\/em><\/strong>\u00a0Incideix sobre la interacci\u00f3 amb el medi natural i urb\u00e0 des d&#8217;una triple vessant: el seu \u00fas des de la motricitat, la seva conservaci\u00f3 des d&#8217;una visi\u00f3 sostenible i el seu car\u00e0cter compartit des d&#8217;una perspectiva comunit\u00e0ria de l&#8217;entorn.<\/div>\n<\/li>\n<li>\n<div>Els <strong><em>valors, autoregulaci\u00f3 emocional i interacci\u00f3 social en situacions motrius<\/em><\/strong>, d&#8217;una banda, se centra en el fet que l&#8217;alumnat desenvolupi els processos dirigits a regular la seva resposta emocional davant de situacions derivades de la pr\u00e0ctica d&#8217;activitat f\u00edsica i esportiva, mentre que, d&#8217;altra banda, incideix sobre el desenvolupament de les habilitats socials i el foment dels valors de les relacions constructives entre els participants en aquest tipus de contextos motrius.<\/div>\n<\/li>\n<\/ul>\n<\/td>\n<\/tr>\n<\/tbody>\n<\/table>\n<table style=\"width: 100%; border-collapse: collapse; border-color: #385913; border-style: solid;\">\n<tbody>\n<tr>\n<td style=\"width: 21.8637%; background-color: #a9d4ad; vertical-align: top;\">\n<h4><span style=\"color: #808080;\">AULES ESPEC\u00cdFIQUES<\/span><\/h4>\n<p>El Departament d&#8217;educaci\u00f3 f\u00edsica utilitza els <strong>patis<\/strong> i el <strong>gimn\u00e0s<\/strong> de l&#8217;Institut en els cursos de 1r, 2n i 3r d&#8217;ESO\u00a0i el <strong>Pavell\u00f3 del Serrallo<\/strong> per als cursos de 4t d&#8217;ESO\u00a0i 1r de Batxillerat.<\/p>\n<p>Els patis de l&#8217;Institut compten amb dos petits camps de futbol sala i b\u00e0squet integrat i tamb\u00e9 disposen de quatre taules de tennis taula.<\/td>\n<td style=\"width: 56.0369%; border-style: solid; border-color: #807777; vertical-align: top;\">\n<h4><span style=\"color: #808080;\">PROJECTES PROPIS, SORTIDES I ACTIVITATS HABITUALS\u00a0<\/span><\/h4>\n<ul>\n<li>\n<div><strong>Projecte\u00a0Insfira&#8217;t:<\/strong> un dia a l&#8217;any, tot l&#8217;alumnat de la ESO realitza una jornada ludicoesportiva al Parc Francol\u00ed de Tarragona que consta d&#8217;una gimcana supervisada pels alumnes de 3r i 4t d&#8217;ESO i realitzada pels alumnes de 1r i 2n d&#8217;ESO. Tamb\u00e9 s&#8217;organitza un Cros per cursos i diferents jocs esportius com beisbol, futbol sala i b\u00e0squet.<\/div>\n<\/li>\n<li>\n<div><strong>Esquiada:\u00a0<\/strong>Els alumnes de 2n d&#8217;ESO dins del bloc &#8220;<em>interacci\u00f3 amb l&#8217;entorn en el temps de lleure<\/em>&#8221; participen en una sortida a la neu, per aprendre l&#8217;esport de l&#8217;esqu\u00ed a la Cerdanya.<\/div>\n<\/li>\n<li>\n<div><strong>Nataci\u00f3:<\/strong> els alumnes de 4t d&#8217;ESO fan nataci\u00f3 al gimn\u00e0s Viding de Tarragona.<\/div>\n<\/li>\n<li>\n<div><strong>Classes Dirigides de Gimn\u00e0s:\u00a0<\/strong>els alumnes de Batxillerat realitzen activitats <wbr \/>dirigides de gimn\u00e0s al Viding de Tarragona, en diferents disciplines: Crossfit, Ciclo <wbr \/>Indoor, Pilates,\u00a0BodyCombat\u00a0i\u00a0<wbr \/>BodyPump.<\/div>\n<\/li>\n<li><strong>Activitats al club N\u00e0utic<\/strong>: amb l&#8217;alumnat de batxillerat.<\/li>\n<\/ul>\n<\/td>\n<td style=\"width: 22.0994%; border-style: solid; border-color: #807777; background-color: #a9d4ad; vertical-align: top;\">\n<h4><span style=\"color: #808080;\">RECURSOS DIGITALS<\/span><\/h4>\n<p>Habitualment el professorat del departament organitza les seves classes en diferents entorns virtuals.<\/p>\n<p><img loading=\"lazy\" decoding=\"async\" class=\"\" src=\"https:\/\/upload.wikimedia.org\/wikipedia\/commons\/thumb\/1\/19\/Google_Classroom_Logo.svg\/1200px-Google_Classroom_Logo.svg.png\" alt=\"Google Classroom - Wikipedia, la enciclopedia libre\" width=\"51\" height=\"44\" \/>\u00a0 Classroom<\/p>\n<p><img loading=\"lazy\" decoding=\"async\" class=\"wp-image-4641 alignleft\" src=\"https:\/\/agora.xtec.cat\/instarragona\/wp-content\/uploads\/usu484\/2023\/10\/2-2.jpg\" alt=\"\" width=\"47\" height=\"47\" srcset=\"https:\/\/agora.xtec.cat\/instarragona\/wp-content\/uploads\/usu484\/2023\/10\/2-2.jpg 287w, https:\/\/agora.xtec.cat\/instarragona\/wp-content\/uploads\/usu484\/2023\/10\/2-2-150x150.jpg 150w\" sizes=\"auto, (max-width: 47px) 100vw, 47px\" \/><\/p>\n<p>&nbsp;<\/p>\n<p><span style=\"font-family: inherit; font-size: 1em;\">Moodle<\/span><\/p>\n<p><a href=\"https:\/\/sites.google.com\/xtec.cat\/edcinstarragona\/cultura-digital\" target=\"_blank\" rel=\"noopener\"><strong>Aqu\u00ed<\/strong> <\/a>trobar\u00e0s m\u00e9s informaci\u00f3.<\/td>\n<\/tr>\n<\/tbody>\n<\/table>\n<p>&nbsp;<\/p>\n","protected":false},"excerpt":{"rendered":"<p>LA MAT\u00c8RIA<br \/>\nA trav\u00e9s de l&#8217;educaci\u00f3 f\u00edsica l&#8217;alumnat coneix el seu cos i el gaudi amb les activitats de car\u00e0cter motriu, l&#8217;ocupaci\u00f3 del temps de lleure per combatre el sedentarisme i la consolidaci\u00f3 de valors c\u00edvics i habilitats socials que han de ser presents per conviure&hellip;  <a href=\"https:\/\/agora.xtec.cat\/instarragona\/departament-deducacio-fisica\/\" title=\"Read Educaci\u00f3 f\u00edsica\">Llegeix m\u00e9s\u00bb<\/a><\/p>\n","protected":false},"author":1,"featured_media":0,"parent":0,"menu_order":0,"comment_status":"closed","ping_status":"closed","template":"","meta":{"_bbp_topic_count":0,"_bbp_reply_count":0,"_bbp_total_topic_count":0,"_bbp_total_reply_count":0,"_bbp_voice_count":0,"_bbp_anonymous_reply_count":0,"_bbp_topic_count_hidden":0,"_bbp_reply_count_hidden":0,"_bbp_forum_subforum_count":0,"footnotes":""},"class_list":["post-4702","page","type-page","status-publish","hentry"],"post_mailing_queue_ids":[],"_links":{"self":[{"href":"https:\/\/agora.xtec.cat\/instarragona\/wp-json\/wp\/v2\/pages\/4702","targetHints":{"allow":["GET"]}}],"collection":[{"href":"https:\/\/agora.xtec.cat\/instarragona\/wp-json\/wp\/v2\/pages"}],"about":[{"href":"https:\/\/agora.xtec.cat\/instarragona\/wp-json\/wp\/v2\/types\/page"}],"author":[{"embeddable":true,"href":"https:\/\/agora.xtec.cat\/instarragona\/wp-json\/wp\/v2\/users\/1"}],"replies":[{"embeddable":true,"href":"https:\/\/agora.xtec.cat\/instarragona\/wp-json\/wp\/v2\/comments?post=4702"}],"version-history":[{"count":6,"href":"https:\/\/agora.xtec.cat\/instarragona\/wp-json\/wp\/v2\/pages\/4702\/revisions"}],"predecessor-version":[{"id":5773,"href":"https:\/\/agora.xtec.cat\/instarragona\/wp-json\/wp\/v2\/pages\/4702\/revisions\/5773"}],"wp:attachment":[{"href":"https:\/\/agora.xtec.cat\/instarragona\/wp-json\/wp\/v2\/media?parent=4702"}],"curies":[{"name":"wp","href":"https:\/\/api.w.org\/{rel}","templated":true}]}}

Educació física

<table style="width: 100%; border-collapse: collapse; border-color: #385913; border-style: solid;">
<tbody>
<tr>
<td style="width: 21.8637%;"><img decoding="async" src="https://www.mouelcos.cat/wp-content/uploads/2012/07/detall_cartell_dia_mundial_fisica.jpg" alt="Activitat física i salut - Mou el cos, desvetlla la ment" /></td>
<td style="width: 78.1363%; border-style: solid; border-color: #807777;">
<h2><span style="color: #008000;"><strong>LA MATÈRIA</strong></span></h2>
<p>A través de l&#8217;educació física l&#8217;alumnat coneix el seu cos i el gaudi amb les activitats de caràcter motriu, l&#8217;ocupació del temps de lleure per combatre el sedentarisme i la consolidació de valors cívics i habilitats socials que han de ser presents per conviure en societat.</p>
<p>Tots aquests reptes contribueixen a construir i consolidar una sèrie de competències que utilitzen el cos i el moviment com a instruments d&#8217;aprenentatge amb la idea de consolidar un estil de vida actiu i saludable. En destaquem:</p>
<ul>
<li>
<div><em>La<strong> vida activa i saludable</strong></em>. Relacionada amb la condició física, la pràctica d&#8217;activitat física regular i els hàbits saludables, l&#8217;alimentació, ergonomia, descans, primers auxilis i la prevenció de lesions, entre d&#8217;altres.</div>
</li>
<li>
<div>La<strong><em> resolució de problemes en situacions motrius.  </em></strong>Presa de decisions, els processos de creativitat motriu i la resolució de reptes i/o el desenvolupament de projectes motrius.</div>
</li>
<li>
<div>Les <strong><em>activitats motrius lúdiques, culturals i expressives.  </em></strong>Balls i danses populars i l&#8217;expressió i la comunicació corporal.</div>
</li>
<li>
<div>La <strong><em>interacció amb l&#8217;entorn en el temps de lleure. </em></strong> Incideix sobre la interacció amb el medi natural i urbà des d&#8217;una triple vessant: el seu ús des de la motricitat, la seva conservació des d&#8217;una visió sostenible i el seu caràcter compartit des d&#8217;una perspectiva comunitària de l&#8217;entorn.</div>
</li>
<li>
<div>Els <strong><em>valors, autoregulació emocional i interacció social en situacions motrius</em></strong>, d&#8217;una banda, se centra en el fet que l&#8217;alumnat desenvolupi els processos dirigits a regular la seva resposta emocional davant de situacions derivades de la pràctica d&#8217;activitat física i esportiva, mentre que, d&#8217;altra banda, incideix sobre el desenvolupament de les habilitats socials i el foment dels valors de les relacions constructives entre els participants en aquest tipus de contextos motrius.</div>
</li>
</ul>
</td>
</tr>
</tbody>
</table>
<table style="width: 100%; border-collapse: collapse; border-color: #385913; border-style: solid;">
<tbody>
<tr>
<td style="width: 21.8637%; background-color: #a9d4ad; vertical-align: top;">
<h4><span style="color: #808080;">AULES ESPECÍFIQUES</span></h4>
<p>El Departament d&#8217;educació física utilitza els <strong>patis</strong> i el <strong>gimnàs</strong> de l&#8217;Institut en els cursos de 1r, 2n i 3r d&#8217;ESO i el <strong>Pavelló del Serrallo</strong> per als cursos de 4t d&#8217;ESO i 1r de Batxillerat.</p>
<p>Els patis de l&#8217;Institut compten amb dos petits camps de futbol sala i bàsquet integrat i també disposen de quatre taules de tennis taula.</td>
<td style="width: 56.0369%; border-style: solid; border-color: #807777; vertical-align: top;">
<h4><span style="color: #808080;">PROJECTES PROPIS, SORTIDES I ACTIVITATS HABITUALS </span></h4>
<ul>
<li>
<div><strong>Projecte Insfira&#8217;t:</strong> un dia a l&#8217;any, tot l&#8217;alumnat de la ESO realitza una jornada ludicoesportiva al Parc Francolí de Tarragona que consta d&#8217;una gimcana supervisada pels alumnes de 3r i 4t d&#8217;ESO i realitzada pels alumnes de 1r i 2n d&#8217;ESO. També s&#8217;organitza un Cros per cursos i diferents jocs esportius com beisbol, futbol sala i bàsquet.</div>
</li>
<li>
<div><strong>Esquiada: </strong>Els alumnes de 2n d&#8217;ESO dins del bloc &#8220;<em>interacció amb l&#8217;entorn en el temps de lleure</em>&#8221; participen en una sortida a la neu, per aprendre l&#8217;esport de l&#8217;esquí a la Cerdanya.</div>
</li>
<li>
<div><strong>Natació:</strong> els alumnes de 4t d&#8217;ESO fan natació al gimnàs Viding de Tarragona.</div>
</li>
<li>
<div><strong>Classes Dirigides de Gimnàs: </strong>els alumnes de Batxillerat realitzen activitats <wbr />dirigides de gimnàs al Viding de Tarragona, en diferents disciplines: Crossfit, Ciclo <wbr />Indoor, Pilates, BodyCombat i <wbr />BodyPump.</div>
</li>
<li><strong>Activitats al club Nàutic</strong>: amb l&#8217;alumnat de batxillerat.</li>
</ul>
</td>
<td style="width: 22.0994%; border-style: solid; border-color: #807777; background-color: #a9d4ad; vertical-align: top;">
<h4><span style="color: #808080;">RECURSOS DIGITALS</span></h4>
<p>Habitualment el professorat del departament organitza les seves classes en diferents entorns virtuals.</p>
<p><img loading="lazy" decoding="async" class="" src="https://upload.wikimedia.org/wikipedia/commons/thumb/1/19/Google_Classroom_Logo.svg/1200px-Google_Classroom_Logo.svg.png" alt="Google Classroom - Wikipedia, la enciclopedia libre" width="51" height="44" />  Classroom</p>
<p><img loading="lazy" decoding="async" class="wp-image-4641 alignleft" src="https://agora.xtec.cat/instarragona/wp-content/uploads/usu484/2023/10/2-2.jpg" alt="" width="47" height="47" srcset="https://agora.xtec.cat/instarragona/wp-content/uploads/usu484/2023/10/2-2.jpg 287w, https://agora.xtec.cat/instarragona/wp-content/uploads/usu484/2023/10/2-2-150x150.jpg 150w" sizes="auto, (max-width: 47px) 100vw, 47px" /></p>
<p>&nbsp;</p>
<p><span style="font-family: inherit; font-size: 1em;">Moodle</span></p>
<p><a href="https://sites.google.com/xtec.cat/edcinstarragona/cultura-digital" target="_blank" rel="noopener"><strong>Aquí</strong> </a>trobaràs més informació.</td>
</tr>
</tbody>
</table>
<p>&nbsp;</p>

<p>LA MATÈRIA<br />
A través de l&#8217;educació física l&#8217;alumnat coneix el seu cos i el gaudi amb les activitats de caràcter motriu, l&#8217;ocupació del temps de lleure per combatre el sedentarisme i la consolidació de valors cívics i habilitats socials que han de ser presents per conviure&hellip;  <a href="https://agora.xtec.cat/instarragona/departament-deducacio-fisica/" title="Read Educació física">Llegeix més»</a></p>
