{"id":4665,"date":"2024-05-21T09:47:42","date_gmt":"2024-05-21T07:47:42","guid":{"rendered":"https:\/\/agora.xtec.cat\/instarragona\/?page_id=4665"},"modified":"2025-01-30T18:55:40","modified_gmt":"2025-01-30T17:55:40","slug":"departament-de-tecnologia","status":"publish","type":"page","link":"https:\/\/agora.xtec.cat\/instarragona\/departament-de-tecnologia\/","title":{"rendered":"Tecnologia"},"content":{"rendered":"<table style=\"width: 100%; border-collapse: collapse; border-color: #385913; border-style: solid;\">\n<tbody>\n<tr>\n<td style=\"width: 20.5584%;\"><img decoding=\"async\" src=\"https:\/\/blogs.iadb.org\/conocimiento-abierto\/wp-content\/uploads\/sites\/10\/2017\/11\/technology-banner.jpg\" alt=\"3 herramientas abiertas y gratuitas para integrar la tecnolog\u00eda en organizaciones de sociedad civil - Abierto al P\u00fablico\" \/><\/td>\n<td style=\"width: 79.4416%; border-style: solid; border-color: #807777;\">\n<h2><span style=\"color: #008000;\"><strong>LA MAT\u00c8RIA<\/strong><\/span><\/h2>\n<p>La mat\u00e8ria de Tecnologia contribueix a donar resposta a les necessitats de la societat davant els desafiaments i reptes tecnol\u00f2gics actuals, especialment la digitalitzaci\u00f3 creixent. \u00c9s vital que l&#8217;alumnat actu\u00ef per ell mateix amb prou criteri t\u00e8cnic, cient\u00edfic i \u00e8tic, en l\u2019exercici d\u2019una ciutadania responsable i activa.<\/p>\n<p>Contribueix a fomentar vocacions dins de l\u2019\u00e0mbit cientificotecnol\u00f2gic i matem\u00e0tic, donant l\u2019oportunitat a l\u2019alumnat d\u2019identificar problemes del m\u00f3n real, valorar les solucions existents o trobar-ne de noves, fomentant la creativitat, la curiositat, l\u2019an\u00e0lisi i l\u2019intercanvi d\u2019idees.<\/p>\n<p>El departament treballa amb les mat\u00e8ries seg\u00fcents:<\/p>\n<ul>\n<li><strong>Tecnologia i digitalitzaci\u00f3.\u00a0<\/strong>Mat\u00e8ria comuna que s&#8217;oferta de 1r a 3r d&#8217;ESO amb un contingut t\u00e8cnic molt ampli i lligat a camps molt diversos: els materials, els sistemes el\u00e8ctrics i electr\u00f2nics, les m\u00e0quines&#8230; sota un criteri de sostenibilitat en l\u2019\u00fas de materials, el disseny de processos i energia.<\/li>\n<li><strong>Tecnologia i enginyeria.<\/strong> Per l&#8217;alumnat del batxillerat tecnol\u00f2gic.<\/li>\n<li><strong>Rob\u00f2tica i programaci\u00f3<\/strong>. Mat\u00e8ria optativa, a l&#8217;ESO i al batxillerat a diferents nivells. Pret\u00e9n que l\u2019alumnat desenvolupi compet\u00e8ncies per plantejar solucions innovadores i creatives en la resoluci\u00f3 de problemes mitjan\u00e7ant el disseny, la programaci\u00f3 i prototipatge de sistemes automatitzats i robots.<\/li>\n<li><strong>Digitalitzaci\u00f3. <\/strong>Inclou sobretot la inform\u00e0tica de sempre, aplicable a tota mena de camps professionals i tamb\u00e9 aquells coneixements m\u00e9s t\u00e8cnics segons l&#8217;alumnat que assisteix. La seguretat digital i l&#8217;\u00fas \u00e8tic dels continguts \u00e9s un tema clau de la mat\u00e8ria.<\/li>\n<\/ul>\n<\/td>\n<\/tr>\n<\/tbody>\n<\/table>\n<table style=\"width: 100%; border-collapse: collapse; border-color: #385913; border-style: solid;\">\n<tbody>\n<tr>\n<td style=\"width: 20.7034%; background-color: #a9d4ad; vertical-align: top;\">\n<h4><span style=\"color: #808080;\">AULES ESPEC\u00cdFIQUES<\/span><\/h4>\n<p>A m\u00e9s a m\u00e9s del treball a l&#8217;aula de cada grup, el departament de ci\u00e8ncies disposa del <strong>Taller de tecnologia<\/strong>, on es treballa la vessant m\u00e9s pr\u00e0ctica i manipulativa de la mat\u00e8ria.<\/p>\n<p>Tot l&#8217;alumnat de l&#8217;ESO passa pel taller un m\u00ednim d&#8217;una hora setmanal.<\/td>\n<td style=\"width: 43.1291%; border-style: solid; border-color: #807777; vertical-align: top;\">\n<h4><span style=\"color: #808080;\">PROJECTES PROPIS, SORTIDES I ACTIVITATS HABITUALS\u00a0<\/span><\/h4>\n<p>El departament de tecnologia realitza habitualment les activitats seg\u00fcents:<\/p>\n<ul>\n<li>Al taller es <strong>treballa per projectes<\/strong>.<\/li>\n<li><strong>Sortides de la Modalitat Tecnol\u00f2gica a Batxillerat<\/strong>, habitualment a Val\u00e8ncia.<\/li>\n<li>Participaci\u00f3 en els 3 <strong>projectes STEM de centre<\/strong>, &#8220;Projecte No m&#8217;escalfis, Projecte Rius i Projecte Quins fums&#8221;.<\/li>\n<li><strong>Visites t\u00e8cniques a empreses o centres de recerca<\/strong> amb l&#8217;ESO o juntament amb la mat\u00e8ria de F\u00edsica i\/o Qu\u00edmica a batxillerat.<\/li>\n<li><strong>Xerrades i tallers<\/strong> al centre o a altres espais, per exemple a la URV.<\/li>\n<li>Sortides a CaixaF\u00f3rum, aprofitant la proximitat i les activitats que ofereixen lligades a la mat\u00e8ria.<\/li>\n<\/ul>\n<\/td>\n<td style=\"width: 36.1675%; border-style: solid; border-color: #807777; background-color: #a9d4ad; vertical-align: top;\">\n<h4><span style=\"color: #808080;\">RECURSOS DIGITALS<\/span><\/h4>\n<p>Habitualment el professorat del departament organitza les seves classes en diferents entorns virtuals.<\/p>\n<p><img loading=\"lazy\" decoding=\"async\" class=\"\" src=\"https:\/\/upload.wikimedia.org\/wikipedia\/commons\/thumb\/1\/19\/Google_Classroom_Logo.svg\/1200px-Google_Classroom_Logo.svg.png\" alt=\"Google Classroom - Wikipedia, la enciclopedia libre\" width=\"51\" height=\"44\" \/>\u00a0 Classroom<\/p>\n<p><img loading=\"lazy\" decoding=\"async\" class=\"wp-image-4641 alignleft\" src=\"https:\/\/agora.xtec.cat\/instarragona\/wp-content\/uploads\/usu484\/2023\/10\/2-2.jpg\" alt=\"\" width=\"47\" height=\"47\" srcset=\"https:\/\/agora.xtec.cat\/instarragona\/wp-content\/uploads\/usu484\/2023\/10\/2-2.jpg 287w, https:\/\/agora.xtec.cat\/instarragona\/wp-content\/uploads\/usu484\/2023\/10\/2-2-150x150.jpg 150w\" sizes=\"auto, (max-width: 47px) 100vw, 47px\" \/><\/p>\n<p>&nbsp;<\/p>\n<p><span style=\"font-family: inherit; font-size: 1em;\">Moodle<\/span><\/p>\n<p><a href=\"https:\/\/sites.google.com\/xtec.cat\/edcinstarragona\/cultura-digital\" target=\"_blank\" rel=\"noopener\"><strong>Aqu\u00ed<\/strong> <\/a>trobar\u00e0s m\u00e9s informaci\u00f3.<\/td>\n<\/tr>\n<\/tbody>\n<\/table>\n<p>&nbsp;<\/p>\n","protected":false},"excerpt":{"rendered":"<p>LA MAT\u00c8RIA<br \/>\nLa mat\u00e8ria de Tecnologia contribueix a donar resposta a les necessitats de la societat davant els desafiaments i reptes tecnol\u00f2gics actuals, especialment la digitalitzaci\u00f3 creixent. \u00c9s vital que l&#8217;alumnat actu\u00ef per ell mateix amb prou criteri t\u00e8cnic, cient\u00edfic i \u00e8tic, en l\u2019exercici d\u2019una ciutadania&hellip;  <a href=\"https:\/\/agora.xtec.cat\/instarragona\/departament-de-tecnologia\/\" title=\"Read Tecnologia\">Llegeix m\u00e9s\u00bb<\/a><\/p>\n","protected":false},"author":1,"featured_media":0,"parent":0,"menu_order":0,"comment_status":"closed","ping_status":"closed","template":"","meta":{"_bbp_topic_count":0,"_bbp_reply_count":0,"_bbp_total_topic_count":0,"_bbp_total_reply_count":0,"_bbp_voice_count":0,"_bbp_anonymous_reply_count":0,"_bbp_topic_count_hidden":0,"_bbp_reply_count_hidden":0,"_bbp_forum_subforum_count":0,"footnotes":""},"class_list":["post-4665","page","type-page","status-publish","hentry"],"post_mailing_queue_ids":[],"_links":{"self":[{"href":"https:\/\/agora.xtec.cat\/instarragona\/wp-json\/wp\/v2\/pages\/4665","targetHints":{"allow":["GET"]}}],"collection":[{"href":"https:\/\/agora.xtec.cat\/instarragona\/wp-json\/wp\/v2\/pages"}],"about":[{"href":"https:\/\/agora.xtec.cat\/instarragona\/wp-json\/wp\/v2\/types\/page"}],"author":[{"embeddable":true,"href":"https:\/\/agora.xtec.cat\/instarragona\/wp-json\/wp\/v2\/users\/1"}],"replies":[{"embeddable":true,"href":"https:\/\/agora.xtec.cat\/instarragona\/wp-json\/wp\/v2\/comments?post=4665"}],"version-history":[{"count":4,"href":"https:\/\/agora.xtec.cat\/instarragona\/wp-json\/wp\/v2\/pages\/4665\/revisions"}],"predecessor-version":[{"id":5771,"href":"https:\/\/agora.xtec.cat\/instarragona\/wp-json\/wp\/v2\/pages\/4665\/revisions\/5771"}],"wp:attachment":[{"href":"https:\/\/agora.xtec.cat\/instarragona\/wp-json\/wp\/v2\/media?parent=4665"}],"curies":[{"name":"wp","href":"https:\/\/api.w.org\/{rel}","templated":true}]}}

<table style="width: 100%; border-collapse: collapse; border-color: #385913; border-style: solid;">
<tbody>
<tr>
<td style="width: 20.5584%;"><img decoding="async" src="https://blogs.iadb.org/conocimiento-abierto/wp-content/uploads/sites/10/2017/11/technology-banner.jpg" alt="3 herramientas abiertas y gratuitas para integrar la tecnología en organizaciones de sociedad civil - Abierto al Público" /></td>
<td style="width: 79.4416%; border-style: solid; border-color: #807777;">
<h2><span style="color: #008000;"><strong>LA MATÈRIA</strong></span></h2>
<p>La matèria de Tecnologia contribueix a donar resposta a les necessitats de la societat davant els desafiaments i reptes tecnològics actuals, especialment la digitalització creixent. És vital que l&#8217;alumnat actuï per ell mateix amb prou criteri tècnic, científic i ètic, en l’exercici d’una ciutadania responsable i activa.</p>
<p>Contribueix a fomentar vocacions dins de l’àmbit cientificotecnològic i matemàtic, donant l’oportunitat a l’alumnat d’identificar problemes del món real, valorar les solucions existents o trobar-ne de noves, fomentant la creativitat, la curiositat, l’anàlisi i l’intercanvi d’idees.</p>
<p>El departament treballa amb les matèries següents:</p>
<ul>
<li><strong>Tecnologia i digitalització. </strong>Matèria comuna que s&#8217;oferta de 1r a 3r d&#8217;ESO amb un contingut tècnic molt ampli i lligat a camps molt diversos: els materials, els sistemes elèctrics i electrònics, les màquines&#8230; sota un criteri de sostenibilitat en l’ús de materials, el disseny de processos i energia.</li>
<li><strong>Tecnologia i enginyeria.</strong> Per l&#8217;alumnat del batxillerat tecnològic.</li>
<li><strong>Robòtica i programació</strong>. Matèria optativa, a l&#8217;ESO i al batxillerat a diferents nivells. Pretén que l’alumnat desenvolupi competències per plantejar solucions innovadores i creatives en la resolució de problemes mitjançant el disseny, la programació i prototipatge de sistemes automatitzats i robots.</li>
<li><strong>Digitalització. </strong>Inclou sobretot la informàtica de sempre, aplicable a tota mena de camps professionals i també aquells coneixements més tècnics segons l&#8217;alumnat que assisteix. La seguretat digital i l&#8217;ús ètic dels continguts és un tema clau de la matèria.</li>
</ul>
</td>
</tr>
</tbody>
</table>
<table style="width: 100%; border-collapse: collapse; border-color: #385913; border-style: solid;">
<tbody>
<tr>
<td style="width: 20.7034%; background-color: #a9d4ad; vertical-align: top;">
<h4><span style="color: #808080;">AULES ESPECÍFIQUES</span></h4>
<p>A més a més del treball a l&#8217;aula de cada grup, el departament de ciències disposa del <strong>Taller de tecnologia</strong>, on es treballa la vessant més pràctica i manipulativa de la matèria.</p>
<p>Tot l&#8217;alumnat de l&#8217;ESO passa pel taller un mínim d&#8217;una hora setmanal.</td>
<td style="width: 43.1291%; border-style: solid; border-color: #807777; vertical-align: top;">
<h4><span style="color: #808080;">PROJECTES PROPIS, SORTIDES I ACTIVITATS HABITUALS </span></h4>
<p>El departament de tecnologia realitza habitualment les activitats següents:</p>
<ul>
<li>Al taller es <strong>treballa per projectes</strong>.</li>
<li><strong>Sortides de la Modalitat Tecnològica a Batxillerat</strong>, habitualment a València.</li>
<li>Participació en els 3 <strong>projectes STEM de centre</strong>, &#8220;Projecte No m&#8217;escalfis, Projecte Rius i Projecte Quins fums&#8221;.</li>
<li><strong>Visites tècniques a empreses o centres de recerca</strong> amb l&#8217;ESO o juntament amb la matèria de Física i/o Química a batxillerat.</li>
<li><strong>Xerrades i tallers</strong> al centre o a altres espais, per exemple a la URV.</li>
<li>Sortides a CaixaFórum, aprofitant la proximitat i les activitats que ofereixen lligades a la matèria.</li>
</ul>
</td>
<td style="width: 36.1675%; border-style: solid; border-color: #807777; background-color: #a9d4ad; vertical-align: top;">
<h4><span style="color: #808080;">RECURSOS DIGITALS</span></h4>
<p>Habitualment el professorat del departament organitza les seves classes en diferents entorns virtuals.</p>
<p><img loading="lazy" decoding="async" class="" src="https://upload.wikimedia.org/wikipedia/commons/thumb/1/19/Google_Classroom_Logo.svg/1200px-Google_Classroom_Logo.svg.png" alt="Google Classroom - Wikipedia, la enciclopedia libre" width="51" height="44" />  Classroom</p>
<p><img loading="lazy" decoding="async" class="wp-image-4641 alignleft" src="https://agora.xtec.cat/instarragona/wp-content/uploads/usu484/2023/10/2-2.jpg" alt="" width="47" height="47" srcset="https://agora.xtec.cat/instarragona/wp-content/uploads/usu484/2023/10/2-2.jpg 287w, https://agora.xtec.cat/instarragona/wp-content/uploads/usu484/2023/10/2-2-150x150.jpg 150w" sizes="auto, (max-width: 47px) 100vw, 47px" /></p>
<p>&nbsp;</p>
<p><span style="font-family: inherit; font-size: 1em;">Moodle</span></p>
<p><a href="https://sites.google.com/xtec.cat/edcinstarragona/cultura-digital" target="_blank" rel="noopener"><strong>Aquí</strong> </a>trobaràs més informació.</td>
</tr>
</tbody>
</table>
<p>&nbsp;</p>

<p>LA MATÈRIA<br />
La matèria de Tecnologia contribueix a donar resposta a les necessitats de la societat davant els desafiaments i reptes tecnològics actuals, especialment la digitalització creixent. És vital que l&#8217;alumnat actuï per ell mateix amb prou criteri tècnic, científic i ètic, en l’exercici d’una ciutadania&hellip;  <a href="https://agora.xtec.cat/instarragona/departament-de-tecnologia/" title="Read Tecnologia">Llegeix més»</a></p>
