{"id":4637,"date":"2024-05-21T09:46:50","date_gmt":"2024-05-21T07:46:50","guid":{"rendered":"https:\/\/agora.xtec.cat\/instarragona\/?page_id=4637"},"modified":"2025-01-30T18:54:02","modified_gmt":"2025-01-30T17:54:02","slug":"departament-de-llengua-i-literatura-catalanes","status":"publish","type":"page","link":"https:\/\/agora.xtec.cat\/instarragona\/departament-de-llengua-i-literatura-catalanes\/","title":{"rendered":"Llengua i literatura catalanes"},"content":{"rendered":"<table style=\"width: 100%; border-collapse: collapse; border-color: #385913; border-style: solid;\">\n<tbody>\n<tr>\n<td style=\"width: 21.8637%;\"><img loading=\"lazy\" decoding=\"async\" class=\"aligncenter size-full wp-image-4625\" src=\"https:\/\/agora.xtec.cat\/instarragona\/wp-content\/uploads\/usu484\/2023\/10\/imatge-Rics-en-paraules.jpg\" alt=\"\" width=\"780\" height=\"514\" srcset=\"https:\/\/agora.xtec.cat\/instarragona\/wp-content\/uploads\/usu484\/2023\/10\/imatge-Rics-en-paraules.jpg 780w, https:\/\/agora.xtec.cat\/instarragona\/wp-content\/uploads\/usu484\/2023\/10\/imatge-Rics-en-paraules-300x198.jpg 300w, https:\/\/agora.xtec.cat\/instarragona\/wp-content\/uploads\/usu484\/2023\/10\/imatge-Rics-en-paraules-768x506.jpg 768w\" sizes=\"auto, (max-width: 780px) 100vw, 780px\" \/><\/td>\n<td style=\"width: 78.1363%; border-style: solid; border-color: #807777;\">\n<h2><span style=\"color: #008000;\"><strong>LA MAT\u00c8RIA<\/strong><\/span><\/h2>\n<p style=\"text-align: left;\">L&#8217;objectiu prioritari \u00e9s dotar tot l\u2019alumnat de les m\u00e0ximes habilitats en llengua catalana oral, escrita i llegida. Per aix\u00f2 els estudis des de 1r a 4t d\u2019ESO i Batxillerat se centren en l\u2019estudi de la llengua i el seu \u00fas i variaci\u00f3. Aquests estudis van acompanyats de lectures d&#8217;obres liter\u00e0ries obligat\u00f2ries tant pel gust per la lectura com pel coneixement d\u2019algunes de les obres cl\u00e0ssiques del panorama literari catal\u00e0. Insistim tamb\u00e9 en la necessitat d\u2019aprendre a autocorregir-se els textos orals i escrits i afavorim l\u2019autonomia perqu\u00e8 tendeixin a enriquir els seus textos i el seu coneixement sobre la llengua.<\/p>\n<p dir=\"auto\" style=\"text-align: left;\">&#8220;L\u2019objectiu de les \u00e0rees ling\u00fc\u00edstiques \u00e9s preparar l\u2019alumnat perqu\u00e8 sigui capa\u00e7 de participar en la societat plural, pluriling\u00fce i pluricultural del segle XXI i actuar en diferents contextos, per aconseguir un b\u00e9 individual, col\u00b7lectiu i global.<\/p>\n<p dir=\"auto\" style=\"text-align: left;\">La compet\u00e8ncia comunicativa i ling\u00fc\u00edstica els ha de donar les eines imprescindibles per desenvolupar les compet\u00e8ncies globals que recomana la UNESCO i que els permetran arribar a ser persones cultes, cr\u00edtiques i ben informades, que sabran fer un \u00fas efica\u00e7 i \u00e8tic dels llenguatges, respectuoses amb la diversitat, capaces de transformar la informaci\u00f3 en coneixement i d\u2019aprendre per elles mateixes, d\u2019informar-se, de col\u00b7laborar i de treballar en equip, creatives i emprenedores, i compromeses amb el desenvolupament sostenible, la defensa dels drets humans i la conviv\u00e8ncia inclusiva, pac\u00edfica i democr\u00e0tica.\u201d<\/p>\n<\/td>\n<\/tr>\n<\/tbody>\n<\/table>\n<table style=\"width: 100%; border-collapse: collapse; border-color: #385913; border-style: solid;\">\n<tbody>\n<tr>\n<td style=\"width: 21.8637%; background-color: #a9d4ad; vertical-align: top;\">\n<h4><span style=\"color: #808080;\">AULES ESPEC\u00cdFIQUES<\/span><\/h4>\n<p>La mat\u00e8ria de llengua i literatura catalana s&#8217;imparteix generalment en les aules pr\u00f2pies dels diferents grups.<\/p>\n<p>&nbsp;<\/p>\n<p>&nbsp;<\/td>\n<td style=\"width: 56.0369%; border-style: solid; border-color: #807777; vertical-align: top;\">\n<h4><span style=\"color: #808080;\">PROJECTES PROPIS, SORTIDES I ACTIVITATS HABITUALS\u00a0<\/span><\/h4>\n<ul>\n<li>Premiem l\u2019excel\u00b7l\u00e8ncia participant en <strong>concursos<\/strong> literaris com el de narrativa dels Amics de la Catedral, el veter\u00e0 concurs de narrativa de la Coca-cola, el concurs de poesia de la ciutat Olga Xirinacs, entre altres.<\/li>\n<\/ul>\n<ul>\n<li>Cada curs tamb\u00e9 s\u2019apropa a l\u2019<strong>activitat teatral<\/strong>, segons l\u2019oferta de Tarragona mateix o b\u00e9 amb l\u2019oferta de Barcelona (TNC, Poliorama, Lliure, Villarroel).<\/li>\n<\/ul>\n<ul>\n<li>Tamb\u00e9 \u00e9s habitual concretar <strong>visites amb escriptors<\/strong> de llibres, llegits o no per l&#8217;alumnat.<\/li>\n<\/ul>\n<h4><\/h4>\n<\/td>\n<td style=\"width: 22.0994%; border-style: solid; border-color: #807777; background-color: #a9d4ad; vertical-align: top;\">\n<h4><span style=\"color: #808080;\">RECURSOS DIGITALS<\/span><\/h4>\n<p>Habitualment el professorat del departament organitza les seves classes en diferents entorns virtuals.<\/p>\n<p><img loading=\"lazy\" decoding=\"async\" class=\"\" src=\"https:\/\/upload.wikimedia.org\/wikipedia\/commons\/thumb\/1\/19\/Google_Classroom_Logo.svg\/1200px-Google_Classroom_Logo.svg.png\" alt=\"Google Classroom - Wikipedia, la enciclopedia libre\" width=\"51\" height=\"44\" \/>\u00a0 Classroom<\/p>\n<p><img loading=\"lazy\" decoding=\"async\" class=\"wp-image-4641 alignleft\" src=\"https:\/\/agora.xtec.cat\/instarragona\/wp-content\/uploads\/usu484\/2023\/10\/2-2.jpg\" alt=\"\" width=\"47\" height=\"47\" srcset=\"https:\/\/agora.xtec.cat\/instarragona\/wp-content\/uploads\/usu484\/2023\/10\/2-2.jpg 287w, https:\/\/agora.xtec.cat\/instarragona\/wp-content\/uploads\/usu484\/2023\/10\/2-2-150x150.jpg 150w\" sizes=\"auto, (max-width: 47px) 100vw, 47px\" \/><\/p>\n<p>&nbsp;<\/p>\n<p><span style=\"font-family: inherit; font-size: 1em;\">Moodle<\/span><\/p>\n<p><a href=\"https:\/\/sites.google.com\/xtec.cat\/edcinstarragona\/cultura-digital\" target=\"_blank\" rel=\"noopener\"><strong>Aqu\u00ed<\/strong> <\/a>trobar\u00e0s m\u00e9s informaci\u00f3.<\/td>\n<\/tr>\n<\/tbody>\n<\/table>\n<p>&nbsp;<\/p>\n","protected":false},"excerpt":{"rendered":"<p>LA MAT\u00c8RIA<br \/>\nL&#8217;objectiu prioritari \u00e9s dotar tot l\u2019alumnat de les m\u00e0ximes habilitats en llengua catalana oral, escrita i llegida. Per aix\u00f2 els estudis des de 1r a 4t d\u2019ESO i Batxillerat se centren en l\u2019estudi de la llengua i el seu \u00fas i variaci\u00f3. Aquests estudis&hellip;  <a href=\"https:\/\/agora.xtec.cat\/instarragona\/departament-de-llengua-i-literatura-catalanes\/\" title=\"Read Llengua i literatura catalanes\">Llegeix m\u00e9s\u00bb<\/a><\/p>\n","protected":false},"author":1,"featured_media":0,"parent":0,"menu_order":0,"comment_status":"closed","ping_status":"closed","template":"","meta":{"_bbp_topic_count":0,"_bbp_reply_count":0,"_bbp_total_topic_count":0,"_bbp_total_reply_count":0,"_bbp_voice_count":0,"_bbp_anonymous_reply_count":0,"_bbp_topic_count_hidden":0,"_bbp_reply_count_hidden":0,"_bbp_forum_subforum_count":0,"footnotes":""},"class_list":["post-4637","page","type-page","status-publish","hentry"],"post_mailing_queue_ids":[],"_links":{"self":[{"href":"https:\/\/agora.xtec.cat\/instarragona\/wp-json\/wp\/v2\/pages\/4637","targetHints":{"allow":["GET"]}}],"collection":[{"href":"https:\/\/agora.xtec.cat\/instarragona\/wp-json\/wp\/v2\/pages"}],"about":[{"href":"https:\/\/agora.xtec.cat\/instarragona\/wp-json\/wp\/v2\/types\/page"}],"author":[{"embeddable":true,"href":"https:\/\/agora.xtec.cat\/instarragona\/wp-json\/wp\/v2\/users\/1"}],"replies":[{"embeddable":true,"href":"https:\/\/agora.xtec.cat\/instarragona\/wp-json\/wp\/v2\/comments?post=4637"}],"version-history":[{"count":5,"href":"https:\/\/agora.xtec.cat\/instarragona\/wp-json\/wp\/v2\/pages\/4637\/revisions"}],"predecessor-version":[{"id":5768,"href":"https:\/\/agora.xtec.cat\/instarragona\/wp-json\/wp\/v2\/pages\/4637\/revisions\/5768"}],"wp:attachment":[{"href":"https:\/\/agora.xtec.cat\/instarragona\/wp-json\/wp\/v2\/media?parent=4637"}],"curies":[{"name":"wp","href":"https:\/\/api.w.org\/{rel}","templated":true}]}}

<table style="width: 100%; border-collapse: collapse; border-color: #385913; border-style: solid;">
<tbody>
<tr>
<td style="width: 21.8637%;"><img loading="lazy" decoding="async" class="aligncenter size-full wp-image-4625" src="https://agora.xtec.cat/instarragona/wp-content/uploads/usu484/2023/10/imatge-Rics-en-paraules.jpg" alt="" width="780" height="514" srcset="https://agora.xtec.cat/instarragona/wp-content/uploads/usu484/2023/10/imatge-Rics-en-paraules.jpg 780w, https://agora.xtec.cat/instarragona/wp-content/uploads/usu484/2023/10/imatge-Rics-en-paraules-300x198.jpg 300w, https://agora.xtec.cat/instarragona/wp-content/uploads/usu484/2023/10/imatge-Rics-en-paraules-768x506.jpg 768w" sizes="auto, (max-width: 780px) 100vw, 780px" /></td>
<td style="width: 78.1363%; border-style: solid; border-color: #807777;">
<h2><span style="color: #008000;"><strong>LA MATÈRIA</strong></span></h2>
<p style="text-align: left;">L&#8217;objectiu prioritari és dotar tot l’alumnat de les màximes habilitats en llengua catalana oral, escrita i llegida. Per això els estudis des de 1r a 4t d’ESO i Batxillerat se centren en l’estudi de la llengua i el seu ús i variació. Aquests estudis van acompanyats de lectures d&#8217;obres literàries obligatòries tant pel gust per la lectura com pel coneixement d’algunes de les obres clàssiques del panorama literari català. Insistim també en la necessitat d’aprendre a autocorregir-se els textos orals i escrits i afavorim l’autonomia perquè tendeixin a enriquir els seus textos i el seu coneixement sobre la llengua.</p>
<p dir="auto" style="text-align: left;">&#8220;L’objectiu de les àrees lingüístiques és preparar l’alumnat perquè sigui capaç de participar en la societat plural, plurilingüe i pluricultural del segle XXI i actuar en diferents contextos, per aconseguir un bé individual, col·lectiu i global.</p>
<p dir="auto" style="text-align: left;">La competència comunicativa i lingüística els ha de donar les eines imprescindibles per desenvolupar les competències globals que recomana la UNESCO i que els permetran arribar a ser persones cultes, crítiques i ben informades, que sabran fer un ús eficaç i ètic dels llenguatges, respectuoses amb la diversitat, capaces de transformar la informació en coneixement i d’aprendre per elles mateixes, d’informar-se, de col·laborar i de treballar en equip, creatives i emprenedores, i compromeses amb el desenvolupament sostenible, la defensa dels drets humans i la convivència inclusiva, pacífica i democràtica.”</p>
</td>
</tr>
</tbody>
</table>
<table style="width: 100%; border-collapse: collapse; border-color: #385913; border-style: solid;">
<tbody>
<tr>
<td style="width: 21.8637%; background-color: #a9d4ad; vertical-align: top;">
<h4><span style="color: #808080;">AULES ESPECÍFIQUES</span></h4>
<p>La matèria de llengua i literatura catalana s&#8217;imparteix generalment en les aules pròpies dels diferents grups.</p>
<p>&nbsp;</p>
<p>&nbsp;</td>
<td style="width: 56.0369%; border-style: solid; border-color: #807777; vertical-align: top;">
<h4><span style="color: #808080;">PROJECTES PROPIS, SORTIDES I ACTIVITATS HABITUALS </span></h4>
<ul>
<li>Premiem l’excel·lència participant en <strong>concursos</strong> literaris com el de narrativa dels Amics de la Catedral, el veterà concurs de narrativa de la Coca-cola, el concurs de poesia de la ciutat Olga Xirinacs, entre altres.</li>
</ul>
<ul>
<li>Cada curs també s’apropa a l’<strong>activitat teatral</strong>, segons l’oferta de Tarragona mateix o bé amb l’oferta de Barcelona (TNC, Poliorama, Lliure, Villarroel).</li>
</ul>
<ul>
<li>També és habitual concretar <strong>visites amb escriptors</strong> de llibres, llegits o no per l&#8217;alumnat.</li>
</ul>
<h4></h4>
</td>
<td style="width: 22.0994%; border-style: solid; border-color: #807777; background-color: #a9d4ad; vertical-align: top;">
<h4><span style="color: #808080;">RECURSOS DIGITALS</span></h4>
<p>Habitualment el professorat del departament organitza les seves classes en diferents entorns virtuals.</p>
<p><img loading="lazy" decoding="async" class="" src="https://upload.wikimedia.org/wikipedia/commons/thumb/1/19/Google_Classroom_Logo.svg/1200px-Google_Classroom_Logo.svg.png" alt="Google Classroom - Wikipedia, la enciclopedia libre" width="51" height="44" />  Classroom</p>
<p><img loading="lazy" decoding="async" class="wp-image-4641 alignleft" src="https://agora.xtec.cat/instarragona/wp-content/uploads/usu484/2023/10/2-2.jpg" alt="" width="47" height="47" srcset="https://agora.xtec.cat/instarragona/wp-content/uploads/usu484/2023/10/2-2.jpg 287w, https://agora.xtec.cat/instarragona/wp-content/uploads/usu484/2023/10/2-2-150x150.jpg 150w" sizes="auto, (max-width: 47px) 100vw, 47px" /></p>
<p>&nbsp;</p>
<p><span style="font-family: inherit; font-size: 1em;">Moodle</span></p>
<p><a href="https://sites.google.com/xtec.cat/edcinstarragona/cultura-digital" target="_blank" rel="noopener"><strong>Aquí</strong> </a>trobaràs més informació.</td>
</tr>
</tbody>
</table>
<p>&nbsp;</p>

<p>LA MATÈRIA<br />
L&#8217;objectiu prioritari és dotar tot l’alumnat de les màximes habilitats en llengua catalana oral, escrita i llegida. Per això els estudis des de 1r a 4t d’ESO i Batxillerat se centren en l’estudi de la llengua i el seu ús i variació. Aquests estudis&hellip;  <a href="https://agora.xtec.cat/instarragona/departament-de-llengua-i-literatura-catalanes/" title="Read Llengua i literatura catalanes">Llegeix més»</a></p>
