{"id":43,"date":"2014-09-17T16:45:07","date_gmt":"2014-09-17T16:45:07","guid":{"rendered":"http:\/\/agora.xtec.cat\/instarragona\/?page_id=43"},"modified":"2025-01-30T19:04:05","modified_gmt":"2025-01-30T18:04:05","slug":"consell-escolar","status":"publish","type":"page","link":"https:\/\/agora.xtec.cat\/instarragona\/linstitut\/consell-escolar\/","title":{"rendered":"Consell escolar"},"content":{"rendered":"<p>El consell escolar del centre \u00e9s l&#8217;<strong>\u00f2rgan col\u00b7legiat de participaci\u00f3<\/strong>\u00a0de la comunitat escolar. En ell hi ha representats tots els col\u00b7lectius que intervenen en la comunitat educativa.<\/p>\n<p>La funci\u00f3 principal del consell escolar \u00e9s participar en la presa de decisions en relaci\u00f3 amb aquells temes importants per al funcionament i l&#8217;organitzaci\u00f3 del centre. Els membres del consell escolar s\u00f3n elegits per un per\u00edode de quatre anys i es renoven per meitats cada dos anys.<\/p>\n<p>Actualment el Consell Escolar del centre est\u00e0 format per les seg\u00fcents persones:<\/p>\n<p><span style=\"color: #008000;\"><strong>REPRESENTANTS DE DIRECCI\u00d3<\/strong><\/span><\/p>\n<table style=\"border-collapse: collapse; width: 47.0874%; height: 82px;\" border=\"1\">\n<tbody>\n<tr style=\"height: 30px;\">\n<td style=\"width: 50%; height: 30px; border-style: solid; border-color: #515b5e; background-color: #e3d3d3;\"><strong>Directora<\/strong><\/td>\n<td style=\"width: 50%; height: 30px; border-style: solid; border-color: #515b5e; background-color: #e3d3d3;\">Marta Vallinoto Juncosa<\/td>\n<\/tr>\n<tr style=\"height: 30px;\">\n<td style=\"width: 50%; height: 30px; border-style: solid; border-color: #515b5e; background-color: #e3d3d3;\"><strong>Cap d&#8217;estudis<\/strong><\/td>\n<td style=\"width: 50%; height: 30px; border-style: solid; border-color: #515b5e; background-color: #e3d3d3;\">Adri\u00e0 Soriano Moreno<\/td>\n<\/tr>\n<tr style=\"height: 30px;\">\n<td style=\"width: 50%; height: 30px; border-style: solid; border-color: #515b5e; background-color: #e3d3d3;\"><strong>Secret\u00e0ria<\/strong><\/td>\n<td style=\"width: 50%; height: 30px; border-style: solid; border-color: #515b5e; background-color: #e3d3d3;\">Elena Soberanas Boada<\/td>\n<\/tr>\n<\/tbody>\n<\/table>\n<p><span style=\"color: #008000;\"><strong>REPRESENTANTS DEL CLAUSTRE DE PROFESSORAT<\/strong><\/span><\/p>\n<table style=\"border-collapse: collapse; width: 46.7233%; height: 166px;\" border=\"1\">\n<tbody>\n<tr style=\"height: 30px;\">\n<td style=\"width: 100%; height: 30px; border-style: solid; border-color: #515b5e; background-color: #e3d3d3;\">Maite Navarro Roig<\/td>\n<\/tr>\n<tr style=\"height: 30px;\">\n<td style=\"width: 100%; height: 30px; border-style: solid; border-color: #515b5e; background-color: #e3d3d3;\">David Vallverd\u00fa Parera<\/td>\n<\/tr>\n<tr style=\"height: 30px;\">\n<td style=\"width: 100%; height: 30px; border-style: solid; border-color: #515b5e; background-color: #e3d3d3;\">Marta Prat Filella<\/td>\n<\/tr>\n<tr style=\"height: 30px;\">\n<td style=\"width: 100%; height: 30px; border-style: solid; border-color: #515b5e; background-color: #e3d3d3;\"><span style=\"font-weight: 400;\">No\u00e9 Pascual V\u00e9lez<\/span><\/td>\n<\/tr>\n<tr style=\"height: 32px;\">\n<td style=\"width: 100%; border-style: solid; border-color: #515b5e; background-color: #e3d3d3; height: 32px;\"><span style=\"font-weight: 400;\">M\u00f3nica Meseguer Ayuso<\/span><\/td>\n<\/tr>\n<tr style=\"height: 30px;\">\n<td style=\"width: 100%; height: 14px; border-style: solid; border-color: #515b5e; background-color: #e3d3d3;\">Zenaida Llorens Pujol<\/td>\n<\/tr>\n<\/tbody>\n<\/table>\n<p><span style=\"color: #008000;\"><strong>REPRESENTANTS DE PARES I MARES<\/strong><\/span><\/p>\n<table style=\"border-collapse: collapse; width: 46.4073%; height: 72px;\" border=\"1\">\n<tbody>\n<tr style=\"height: 30px;\">\n<td style=\"width: 100%; height: 30px; border-style: solid; border-color: #515b5e; background-color: #e3d3d3;\"><span style=\"font-weight: 400;\">N\u00faria Comas Lou<\/span><\/td>\n<\/tr>\n<tr style=\"height: 32px;\">\n<td style=\"width: 100%; border-style: solid; border-color: #515b5e; background-color: #e3d3d3; height: 32px;\"><span style=\"font-weight: 400;\">\u00d2scar Biesa Vicente<\/span><\/td>\n<\/tr>\n<tr style=\"height: 30px;\">\n<td style=\"width: 100%; height: 10px; border-style: solid; border-color: #515b5e; background-color: #e3d3d3;\">Tha\u00eds Mart\u00edn Af\u00e1n<\/td>\n<\/tr>\n<\/tbody>\n<\/table>\n<p><span style=\"color: #008000;\"><strong>REPRESENTANTS DE L&#8217;ALUMNAT<\/strong><\/span><\/p>\n<table style=\"border-collapse: collapse; width: 46.4073%; height: 53px;\" border=\"1\">\n<tbody>\n<tr style=\"height: 32px;\">\n<td style=\"width: 100%; border-style: solid; border-color: #515b5e; background-color: #e3d3d3; height: 32px;\">Lola Gonz\u00e1lez Herrera<\/td>\n<\/tr>\n<tr style=\"height: 30px;\">\n<td style=\"width: 100%; height: 10px; border-style: solid; border-color: #515b5e; background-color: #e3d3d3;\">Paula Turrens Garcia<\/td>\n<\/tr>\n<tr style=\"height: 30px;\">\n<td style=\"width: 100%; height: 10px; border-style: solid; border-color: #515b5e; background-color: #e3d3d3;\">Nil Duat Pajuelo<\/td>\n<\/tr>\n<\/tbody>\n<\/table>\n<p><span style=\"color: #3366ff;\"><strong><span style=\"color: #008000;\">REPRESENTANT DEL PERSONAL D&#8217;ADMINISTRACI\u00d3 I SERVEIS<\/span><\/strong><\/span><\/p>\n<table style=\"border-collapse: collapse; width: 46.4799%; height: 19px;\" border=\"1\">\n<tbody>\n<tr style=\"height: 30px;\">\n<td style=\"width: 100%; height: 30px; border-style: solid; border-color: #515b5e; background-color: #e3d3d3;\"><span style=\"font-weight: 400;\">Ana Molina Aliaga<\/span><\/td>\n<\/tr>\n<\/tbody>\n<\/table>\n<p><span style=\"color: #008000;\"><strong>REPRESENTANT DE L&#8217;AMPA<\/strong><\/span><\/p>\n<table style=\"border-collapse: collapse; width: 46.4799%; height: 19px;\" border=\"1\">\n<tbody>\n<tr style=\"height: 30px;\">\n<td style=\"width: 100%; height: 30px; border-style: solid; border-color: #515b5e; background-color: #e3d3d3;\">Yolanda Puerto Casanovas<\/td>\n<\/tr>\n<\/tbody>\n<\/table>\n<p><span style=\"color: #008000;\"><strong>REPRESENTANT DE L&#8217;AJUNTAMENT<\/strong><\/span><\/p>\n<table style=\"border-collapse: collapse; width: 46.4799%; height: 19px;\" border=\"1\">\n<tbody>\n<tr style=\"height: 30px;\">\n<td style=\"width: 100%; height: 30px; border-style: solid; border-color: #515b5e; background-color: #e3d3d3;\">\u00a0Maite Velayos Esplugas<\/td>\n<\/tr>\n<\/tbody>\n<\/table>\n<p>Trobareu m\u00e9s informaci\u00f3 sobre les funcions, composici\u00f3 i funcionament al seg\u00fcent <a title=\"Definici\u00f3 de consell escolar (gencat)\" href=\"http:\/\/ensenyament.gencat.cat\/ca\/arees-actuacio\/centres-serveis-educatius\/centres\/consells-escolars-centres\/centres-publics\/\" target=\"_blank\" rel=\"noopener noreferrer\">enlla\u00e7<\/a>.<\/p>\n<p>Des de la Direcci\u00f3 del centre animem a l&#8217;alumnat, professorat i a les fam\u00edlies a la seva participaci\u00f3.<\/p>\n","protected":false},"excerpt":{"rendered":"<p>El consell escolar del centre \u00e9s l&#8217;\u00f2rgan col\u00b7legiat de participaci\u00f3\u00a0de la comunitat escolar. En ell hi ha representats tots els col\u00b7lectius que intervenen en la comunitat educativa.<br \/>\nLa funci\u00f3 principal del consell escolar \u00e9s participar en la presa de decisions en relaci\u00f3 amb aquells temes importants&hellip;  <a href=\"https:\/\/agora.xtec.cat\/instarragona\/linstitut\/consell-escolar\/\" title=\"Read Consell escolar\">Llegeix m\u00e9s\u00bb<\/a><\/p>\n","protected":false},"author":1,"featured_media":0,"parent":19,"menu_order":3,"comment_status":"closed","ping_status":"closed","template":"page-templates\/side-menu.php","meta":{"_bbp_topic_count":0,"_bbp_reply_count":0,"_bbp_total_topic_count":0,"_bbp_total_reply_count":0,"_bbp_voice_count":0,"_bbp_anonymous_reply_count":0,"_bbp_topic_count_hidden":0,"_bbp_reply_count_hidden":0,"_bbp_forum_subforum_count":0,"footnotes":""},"class_list":["post-43","page","type-page","status-publish","hentry"],"post_mailing_queue_ids":[],"_links":{"self":[{"href":"https:\/\/agora.xtec.cat\/instarragona\/wp-json\/wp\/v2\/pages\/43","targetHints":{"allow":["GET"]}}],"collection":[{"href":"https:\/\/agora.xtec.cat\/instarragona\/wp-json\/wp\/v2\/pages"}],"about":[{"href":"https:\/\/agora.xtec.cat\/instarragona\/wp-json\/wp\/v2\/types\/page"}],"author":[{"embeddable":true,"href":"https:\/\/agora.xtec.cat\/instarragona\/wp-json\/wp\/v2\/users\/1"}],"replies":[{"embeddable":true,"href":"https:\/\/agora.xtec.cat\/instarragona\/wp-json\/wp\/v2\/comments?post=43"}],"version-history":[{"count":7,"href":"https:\/\/agora.xtec.cat\/instarragona\/wp-json\/wp\/v2\/pages\/43\/revisions"}],"predecessor-version":[{"id":5787,"href":"https:\/\/agora.xtec.cat\/instarragona\/wp-json\/wp\/v2\/pages\/43\/revisions\/5787"}],"up":[{"embeddable":true,"href":"https:\/\/agora.xtec.cat\/instarragona\/wp-json\/wp\/v2\/pages\/19"}],"wp:attachment":[{"href":"https:\/\/agora.xtec.cat\/instarragona\/wp-json\/wp\/v2\/media?parent=43"}],"curies":[{"name":"wp","href":"https:\/\/api.w.org\/{rel}","templated":true}]}}

<p>El consell escolar del centre és l&#8217;<strong>òrgan col·legiat de participació</strong> de la comunitat escolar. En ell hi ha representats tots els col·lectius que intervenen en la comunitat educativa.</p>
<p>La funció principal del consell escolar és participar en la presa de decisions en relació amb aquells temes importants per al funcionament i l&#8217;organització del centre. Els membres del consell escolar són elegits per un període de quatre anys i es renoven per meitats cada dos anys.</p>
<p>Actualment el Consell Escolar del centre està format per les següents persones:</p>
<p><span style="color: #008000;"><strong>REPRESENTANTS DE DIRECCIÓ</strong></span></p>
<table style="border-collapse: collapse; width: 47.0874%; height: 82px;" border="1">
<tbody>
<tr style="height: 30px;">
<td style="width: 50%; height: 30px; border-style: solid; border-color: #515b5e; background-color: #e3d3d3;"><strong>Directora</strong></td>
<td style="width: 50%; height: 30px; border-style: solid; border-color: #515b5e; background-color: #e3d3d3;">Marta Vallinoto Juncosa</td>
</tr>
<tr style="height: 30px;">
<td style="width: 50%; height: 30px; border-style: solid; border-color: #515b5e; background-color: #e3d3d3;"><strong>Cap d&#8217;estudis</strong></td>
<td style="width: 50%; height: 30px; border-style: solid; border-color: #515b5e; background-color: #e3d3d3;">Adrià Soriano Moreno</td>
</tr>
<tr style="height: 30px;">
<td style="width: 50%; height: 30px; border-style: solid; border-color: #515b5e; background-color: #e3d3d3;"><strong>Secretària</strong></td>
<td style="width: 50%; height: 30px; border-style: solid; border-color: #515b5e; background-color: #e3d3d3;">Elena Soberanas Boada</td>
</tr>
</tbody>
</table>
<p><span style="color: #008000;"><strong>REPRESENTANTS DEL CLAUSTRE DE PROFESSORAT</strong></span></p>
<table style="border-collapse: collapse; width: 46.7233%; height: 166px;" border="1">
<tbody>
<tr style="height: 30px;">
<td style="width: 100%; height: 30px; border-style: solid; border-color: #515b5e; background-color: #e3d3d3;">Maite Navarro Roig</td>
</tr>
<tr style="height: 30px;">
<td style="width: 100%; height: 30px; border-style: solid; border-color: #515b5e; background-color: #e3d3d3;">David Vallverdú Parera</td>
</tr>
<tr style="height: 30px;">
<td style="width: 100%; height: 30px; border-style: solid; border-color: #515b5e; background-color: #e3d3d3;">Marta Prat Filella</td>
</tr>
<tr style="height: 30px;">
<td style="width: 100%; height: 30px; border-style: solid; border-color: #515b5e; background-color: #e3d3d3;"><span style="font-weight: 400;">Noé Pascual Vélez</span></td>
</tr>
<tr style="height: 32px;">
<td style="width: 100%; border-style: solid; border-color: #515b5e; background-color: #e3d3d3; height: 32px;"><span style="font-weight: 400;">Mónica Meseguer Ayuso</span></td>
</tr>
<tr style="height: 30px;">
<td style="width: 100%; height: 14px; border-style: solid; border-color: #515b5e; background-color: #e3d3d3;">Zenaida Llorens Pujol</td>
</tr>
</tbody>
</table>
<p><span style="color: #008000;"><strong>REPRESENTANTS DE PARES I MARES</strong></span></p>
<table style="border-collapse: collapse; width: 46.4073%; height: 72px;" border="1">
<tbody>
<tr style="height: 30px;">
<td style="width: 100%; height: 30px; border-style: solid; border-color: #515b5e; background-color: #e3d3d3;"><span style="font-weight: 400;">Núria Comas Lou</span></td>
</tr>
<tr style="height: 32px;">
<td style="width: 100%; border-style: solid; border-color: #515b5e; background-color: #e3d3d3; height: 32px;"><span style="font-weight: 400;">Òscar Biesa Vicente</span></td>
</tr>
<tr style="height: 30px;">
<td style="width: 100%; height: 10px; border-style: solid; border-color: #515b5e; background-color: #e3d3d3;">Thaís Martín Afán</td>
</tr>
</tbody>
</table>
<p><span style="color: #008000;"><strong>REPRESENTANTS DE L&#8217;ALUMNAT</strong></span></p>
<table style="border-collapse: collapse; width: 46.4073%; height: 53px;" border="1">
<tbody>
<tr style="height: 32px;">
<td style="width: 100%; border-style: solid; border-color: #515b5e; background-color: #e3d3d3; height: 32px;">Lola González Herrera</td>
</tr>
<tr style="height: 30px;">
<td style="width: 100%; height: 10px; border-style: solid; border-color: #515b5e; background-color: #e3d3d3;">Paula Turrens Garcia</td>
</tr>
<tr style="height: 30px;">
<td style="width: 100%; height: 10px; border-style: solid; border-color: #515b5e; background-color: #e3d3d3;">Nil Duat Pajuelo</td>
</tr>
</tbody>
</table>
<p><span style="color: #3366ff;"><strong><span style="color: #008000;">REPRESENTANT DEL PERSONAL D&#8217;ADMINISTRACIÓ I SERVEIS</span></strong></span></p>
<table style="border-collapse: collapse; width: 46.4799%; height: 19px;" border="1">
<tbody>
<tr style="height: 30px;">
<td style="width: 100%; height: 30px; border-style: solid; border-color: #515b5e; background-color: #e3d3d3;"><span style="font-weight: 400;">Ana Molina Aliaga</span></td>
</tr>
</tbody>
</table>
<p><span style="color: #008000;"><strong>REPRESENTANT DE L&#8217;AMPA</strong></span></p>
<table style="border-collapse: collapse; width: 46.4799%; height: 19px;" border="1">
<tbody>
<tr style="height: 30px;">
<td style="width: 100%; height: 30px; border-style: solid; border-color: #515b5e; background-color: #e3d3d3;">Yolanda Puerto Casanovas</td>
</tr>
</tbody>
</table>
<p><span style="color: #008000;"><strong>REPRESENTANT DE L&#8217;AJUNTAMENT</strong></span></p>
<table style="border-collapse: collapse; width: 46.4799%; height: 19px;" border="1">
<tbody>
<tr style="height: 30px;">
<td style="width: 100%; height: 30px; border-style: solid; border-color: #515b5e; background-color: #e3d3d3;"> Maite Velayos Esplugas</td>
</tr>
</tbody>
</table>
<p>Trobareu més informació sobre les funcions, composició i funcionament al següent <a title="Definició de consell escolar (gencat)" href="http://ensenyament.gencat.cat/ca/arees-actuacio/centres-serveis-educatius/centres/consells-escolars-centres/centres-publics/" target="_blank" rel="noopener noreferrer">enllaç</a>.</p>
<p>Des de la Direcció del centre animem a l&#8217;alumnat, professorat i a les famílies a la seva participació.</p>

<p>El consell escolar del centre és l&#8217;òrgan col·legiat de participació de la comunitat escolar. En ell hi ha representats tots els col·lectius que intervenen en la comunitat educativa.<br />
La funció principal del consell escolar és participar en la presa de decisions en relació amb aquells temes importants&hellip;  <a href="https://agora.xtec.cat/instarragona/linstitut/consell-escolar/" title="Read Consell escolar">Llegeix més»</a></p>
