{"id":19,"date":"2014-09-17T14:56:56","date_gmt":"2014-09-17T14:56:56","guid":{"rendered":"http:\/\/agora.xtec.cat\/instarragona\/?page_id=19"},"modified":"2019-03-27T15:38:02","modified_gmt":"2019-03-27T14:38:02","slug":"linstitut","status":"publish","type":"page","link":"https:\/\/agora.xtec.cat\/instarragona\/linstitut\/","title":{"rendered":"L&#8217;INSTITUT"},"content":{"rendered":"<p>L&#8217;Institut Tarragona neix el curs 2009-2010 amb una primera promoci\u00f3 de 90 alumnes. Despr\u00e9s d&#8217;uns quants cursos, estem plenament consolidats, amb m\u00e9s de 600 alumnes i vora 70 professionals, entre docents i PAS.<\/p>\n<p>Som un centre p\u00fablic de la Generalitat de Catalunya, i fem nostres els principis de la Llei d&#8217;Educaci\u00f3: els valors propis duna societat democr\u00e0tica, igualtat d&#8217;oportunitats, pluralisme, inclusi\u00f3 i cohesi\u00f3 social, respecte a la conviv\u00e8ncia, arrelament al pa\u00eds, coeducaci\u00f3&#8230;<\/p>\n<p>La nostra funci\u00f3 \u00e9s molt clara: acollir nens i nenes de prim\u00e0ria i ajudar-los a fer el seu cam\u00ed fins a les portes dels ensenyaments superiors, convertits en ciutadans m\u00e9s c\u00edvics, amb m\u00e9s coneixements, m\u00e9s respectuosos, tolerants i competents. M\u00e9s lliures.<\/p>\n","protected":false},"excerpt":{"rendered":"<p>L&#8217;Institut Tarragona neix el curs 2009-2010 amb una primera promoci\u00f3 de 90 alumnes. Despr\u00e9s d&#8217;uns quants cursos, estem plenament consolidats, amb m\u00e9s de 600 alumnes i vora 70 professionals, entre docents i PAS.<br \/>\nSom un centre p\u00fablic de la Generalitat de Catalunya, i fem nostres els&hellip;  <a href=\"https:\/\/agora.xtec.cat\/instarragona\/linstitut\/\" title=\"Read L&#8217;INSTITUT\">Llegeix m\u00e9s\u00bb<\/a><\/p>\n","protected":false},"author":1,"featured_media":0,"parent":0,"menu_order":0,"comment_status":"closed","ping_status":"closed","template":"","meta":{"_bbp_topic_count":0,"_bbp_reply_count":0,"_bbp_total_topic_count":0,"_bbp_total_reply_count":0,"_bbp_voice_count":0,"_bbp_anonymous_reply_count":0,"_bbp_topic_count_hidden":0,"_bbp_reply_count_hidden":0,"_bbp_forum_subforum_count":0,"footnotes":""},"class_list":["post-19","page","type-page","status-publish","hentry"],"post_mailing_queue_ids":[],"_links":{"self":[{"href":"https:\/\/agora.xtec.cat\/instarragona\/wp-json\/wp\/v2\/pages\/19","targetHints":{"allow":["GET"]}}],"collection":[{"href":"https:\/\/agora.xtec.cat\/instarragona\/wp-json\/wp\/v2\/pages"}],"about":[{"href":"https:\/\/agora.xtec.cat\/instarragona\/wp-json\/wp\/v2\/types\/page"}],"author":[{"embeddable":true,"href":"https:\/\/agora.xtec.cat\/instarragona\/wp-json\/wp\/v2\/users\/1"}],"replies":[{"embeddable":true,"href":"https:\/\/agora.xtec.cat\/instarragona\/wp-json\/wp\/v2\/comments?post=19"}],"version-history":[{"count":3,"href":"https:\/\/agora.xtec.cat\/instarragona\/wp-json\/wp\/v2\/pages\/19\/revisions"}],"predecessor-version":[{"id":1021,"href":"https:\/\/agora.xtec.cat\/instarragona\/wp-json\/wp\/v2\/pages\/19\/revisions\/1021"}],"wp:attachment":[{"href":"https:\/\/agora.xtec.cat\/instarragona\/wp-json\/wp\/v2\/media?parent=19"}],"curies":[{"name":"wp","href":"https:\/\/api.w.org\/{rel}","templated":true}]}}

<p>L&#8217;Institut Tarragona neix el curs 2009-2010 amb una primera promoció de 90 alumnes. Després d&#8217;uns quants cursos, estem plenament consolidats, amb més de 600 alumnes i vora 70 professionals, entre docents i PAS.</p>
<p>Som un centre públic de la Generalitat de Catalunya, i fem nostres els principis de la Llei d&#8217;Educació: els valors propis duna societat democràtica, igualtat d&#8217;oportunitats, pluralisme, inclusió i cohesió social, respecte a la convivència, arrelament al país, coeducació&#8230;</p>
<p>La nostra funció és molt clara: acollir nens i nenes de primària i ajudar-los a fer el seu camí fins a les portes dels ensenyaments superiors, convertits en ciutadans més cívics, amb més coneixements, més respectuosos, tolerants i competents. Més lliures.</p>

<p>L&#8217;Institut Tarragona neix el curs 2009-2010 amb una primera promoció de 90 alumnes. Després d&#8217;uns quants cursos, estem plenament consolidats, amb més de 600 alumnes i vora 70 professionals, entre docents i PAS.<br />
Som un centre públic de la Generalitat de Catalunya, i fem nostres els&hellip;  <a href="https://agora.xtec.cat/instarragona/linstitut/" title="Read L&#8217;INSTITUT">Llegeix més»</a></p>
