{"id":1825,"date":"2020-07-06T16:33:43","date_gmt":"2020-07-06T14:33:43","guid":{"rendered":"http:\/\/agora.xtec.cat\/instarragona\/?page_id=1825"},"modified":"2025-02-04T13:12:33","modified_gmt":"2025-02-04T12:12:33","slug":"ampa-3","status":"publish","type":"page","link":"https:\/\/agora.xtec.cat\/instarragona\/ampa-3\/","title":{"rendered":"AMPA"},"content":{"rendered":"<p>Benvolgudes fam\u00edlies,<\/p>\n<p>A l&#8217;institut Tarragona, l&#8217;<span style=\"color: #008000;\"><strong>ASSOCIACI\u00d3 DE MARES I PARES D\u2019ALUMNES (AMPA)<\/strong><\/span> t\u00e9 un paper fornamental.<\/p>\n<p>La nostra col\u00b7laboraci\u00f3 es dirigeix a tots els nivells educatius i es reparteix en diferets tem\u00e0tiques, com ara subvencionant xerrades, activitats o sortides culturals, comprant material o llibres per a la biblioteca del centre, oferint la gratuitat de les orles o participant en les festes de graduaci\u00f3, gestionant la compra de llibres o dubtes d&#8217;Iddink, etc.<\/p>\n<p>La participaci\u00f3 de tots nosaltres \u00e9s decisiva, \u00e9s per aix\u00f2 que, pel b\u00e9 dels nostres fills i filles, us animem a fer-vos-en socis.<\/p>\n<p>Trobareu tota la informaci\u00f3 a la <a href=\"https:\/\/sites.google.com\/view\/ampa-institut-tarragona\/inicio\" target=\"_blank\" rel=\"noopener noreferrer\"><strong>WEB DE L&#8217;AMPA<\/strong><\/a>.<\/p>\n<p style=\"text-align: center;\"><a href=\"https:\/\/sites.google.com\/view\/ampa-institut-tarragona\/inicio\" target=\"_blank\" rel=\"noopener\"><img loading=\"lazy\" decoding=\"async\" class=\"aligncenter wp-image-5846 size-full\" src=\"https:\/\/agora.xtec.cat\/instarragona\/wp-content\/uploads\/usu484\/2025\/02\/Captura.png\" alt=\"\" width=\"1337\" height=\"406\" srcset=\"https:\/\/agora.xtec.cat\/instarragona\/wp-content\/uploads\/usu484\/2025\/02\/Captura.png 1337w, https:\/\/agora.xtec.cat\/instarragona\/wp-content\/uploads\/usu484\/2025\/02\/Captura-300x91.png 300w, https:\/\/agora.xtec.cat\/instarragona\/wp-content\/uploads\/usu484\/2025\/02\/Captura-1024x311.png 1024w, https:\/\/agora.xtec.cat\/instarragona\/wp-content\/uploads\/usu484\/2025\/02\/Captura-768x233.png 768w\" sizes=\"auto, (max-width: 1337px) 100vw, 1337px\" \/><\/a><\/p>\n","protected":false},"excerpt":{"rendered":"<p>Benvolgudes fam\u00edlies,<br \/>\nA l&#8217;institut Tarragona, l&#8217;ASSOCIACI\u00d3 DE MARES I PARES D\u2019ALUMNES (AMPA) t\u00e9 un paper fornamental.<br \/>\nLa nostra col\u00b7laboraci\u00f3 es dirigeix a tots els nivells educatius i es reparteix en diferets tem\u00e0tiques, com ara subvencionant xerrades, activitats o sortides culturals, comprant material o llibres per a la&hellip;  <a href=\"https:\/\/agora.xtec.cat\/instarragona\/ampa-3\/\" title=\"Read AMPA\">Llegeix m\u00e9s\u00bb<\/a><\/p>\n","protected":false},"author":1,"featured_media":0,"parent":0,"menu_order":0,"comment_status":"closed","ping_status":"closed","template":"","meta":{"_bbp_topic_count":0,"_bbp_reply_count":0,"_bbp_total_topic_count":0,"_bbp_total_reply_count":0,"_bbp_voice_count":0,"_bbp_anonymous_reply_count":0,"_bbp_topic_count_hidden":0,"_bbp_reply_count_hidden":0,"_bbp_forum_subforum_count":0,"footnotes":""},"class_list":["post-1825","page","type-page","status-publish","hentry"],"post_mailing_queue_ids":[],"_links":{"self":[{"href":"https:\/\/agora.xtec.cat\/instarragona\/wp-json\/wp\/v2\/pages\/1825","targetHints":{"allow":["GET"]}}],"collection":[{"href":"https:\/\/agora.xtec.cat\/instarragona\/wp-json\/wp\/v2\/pages"}],"about":[{"href":"https:\/\/agora.xtec.cat\/instarragona\/wp-json\/wp\/v2\/types\/page"}],"author":[{"embeddable":true,"href":"https:\/\/agora.xtec.cat\/instarragona\/wp-json\/wp\/v2\/users\/1"}],"replies":[{"embeddable":true,"href":"https:\/\/agora.xtec.cat\/instarragona\/wp-json\/wp\/v2\/comments?post=1825"}],"version-history":[{"count":4,"href":"https:\/\/agora.xtec.cat\/instarragona\/wp-json\/wp\/v2\/pages\/1825\/revisions"}],"predecessor-version":[{"id":5847,"href":"https:\/\/agora.xtec.cat\/instarragona\/wp-json\/wp\/v2\/pages\/1825\/revisions\/5847"}],"wp:attachment":[{"href":"https:\/\/agora.xtec.cat\/instarragona\/wp-json\/wp\/v2\/media?parent=1825"}],"curies":[{"name":"wp","href":"https:\/\/api.w.org\/{rel}","templated":true}]}}

<p>Benvolgudes famílies,</p>
<p>A l&#8217;institut Tarragona, l&#8217;<span style="color: #008000;"><strong>ASSOCIACIÓ DE MARES I PARES D’ALUMNES (AMPA)</strong></span> té un paper fornamental.</p>
<p>La nostra col·laboració es dirigeix a tots els nivells educatius i es reparteix en diferets temàtiques, com ara subvencionant xerrades, activitats o sortides culturals, comprant material o llibres per a la biblioteca del centre, oferint la gratuitat de les orles o participant en les festes de graduació, gestionant la compra de llibres o dubtes d&#8217;Iddink, etc.</p>
<p>La participació de tots nosaltres és decisiva, és per això que, pel bé dels nostres fills i filles, us animem a fer-vos-en socis.</p>
<p>Trobareu tota la informació a la <a href="https://sites.google.com/view/ampa-institut-tarragona/inicio" target="_blank" rel="noopener noreferrer"><strong>WEB DE L&#8217;AMPA</strong></a>.</p>
<p style="text-align: center;"><a href="https://sites.google.com/view/ampa-institut-tarragona/inicio" target="_blank" rel="noopener"><img loading="lazy" decoding="async" class="aligncenter wp-image-5846 size-full" src="https://agora.xtec.cat/instarragona/wp-content/uploads/usu484/2025/02/Captura.png" alt="" width="1337" height="406" srcset="https://agora.xtec.cat/instarragona/wp-content/uploads/usu484/2025/02/Captura.png 1337w, https://agora.xtec.cat/instarragona/wp-content/uploads/usu484/2025/02/Captura-300x91.png 300w, https://agora.xtec.cat/instarragona/wp-content/uploads/usu484/2025/02/Captura-1024x311.png 1024w, https://agora.xtec.cat/instarragona/wp-content/uploads/usu484/2025/02/Captura-768x233.png 768w" sizes="auto, (max-width: 1337px) 100vw, 1337px" /></a></p>

<p>Benvolgudes famílies,<br />
A l&#8217;institut Tarragona, l&#8217;ASSOCIACIÓ DE MARES I PARES D’ALUMNES (AMPA) té un paper fornamental.<br />
La nostra col·laboració es dirigeix a tots els nivells educatius i es reparteix en diferets temàtiques, com ara subvencionant xerrades, activitats o sortides culturals, comprant material o llibres per a la&hellip;  <a href="https://agora.xtec.cat/instarragona/ampa-3/" title="Read AMPA">Llegeix més»</a></p>
