{"id":2343,"date":"2020-05-29T13:38:00","date_gmt":"2020-05-29T11:38:00","guid":{"rendered":"http:\/\/agora.xtec.cat\/instaradell\/?page_id=2343"},"modified":"2020-06-23T11:35:55","modified_gmt":"2020-06-23T09:35:55","slug":"pla-dobertura-de-linstitut-taradell","status":"publish","type":"page","link":"https:\/\/agora.xtec.cat\/instaradell\/pla-dobertura-de-linstitut-taradell\/","title":{"rendered":"PLA D&#8217;OBERTURA DE L&#8217;INSTITUT TARADELL 2-19 juny 2020"},"content":{"rendered":"<p><a href=\"https:\/\/agora.xtec.cat\/instaradell\/wp-content\/uploads\/usu1552\/2020\/05\/PLA-DOBERTURA-2-19-JUNY-2020.jpg\"><img loading=\"lazy\" decoding=\"async\" class=\" wp-image-2474\" src=\"https:\/\/agora.xtec.cat\/instaradell\/wp-content\/uploads\/usu1552\/2020\/05\/PLA-DOBERTURA-2-19-JUNY-2020-1024x318.jpg\" alt=\"\" width=\"911\" height=\"283\" srcset=\"https:\/\/agora.xtec.cat\/instaradell\/wp-content\/uploads\/usu1552\/2020\/05\/PLA-DOBERTURA-2-19-JUNY-2020-1024x318.jpg 1024w, https:\/\/agora.xtec.cat\/instaradell\/wp-content\/uploads\/usu1552\/2020\/05\/PLA-DOBERTURA-2-19-JUNY-2020-300x93.jpg 300w, https:\/\/agora.xtec.cat\/instaradell\/wp-content\/uploads\/usu1552\/2020\/05\/PLA-DOBERTURA-2-19-JUNY-2020-768x238.jpg 768w\" sizes=\"auto, (max-width: 911px) 100vw, 911px\" \/><\/a><\/p>\n<table style=\"height: 39px; width: 912px;\" width=\"706\">\n<tbody>\n<tr>\n<td style=\"width: 450.117px; background-color: #d6d6d6; border-color: #ffffff;\">\n<h4><span lang=\"ca-ES\"><b>CURSOS ESO (1r a 4t)<\/b><\/span><\/h4>\n<h6><span lang=\"ca-ES\"><b>Acompanyament personalitzat:<\/b><\/span><\/h6>\n<ul>\n<li><span lang=\"ca-ES\">Un alumne\/un progenitor\/el tutor\/a<\/span><\/li>\n<li><span lang=\"ca-ES\">Amb cita pr\u00e8via<\/span><\/li>\n<\/ul>\n<h6><span lang=\"ca-ES\"><b>Orientaci\u00f3 acad\u00e8mica volunt\u00e0ria (a 4t d\u2019ESO)<\/b><\/span><\/h6>\n<\/td>\n<td style=\"width: 454.117px; background-color: #d6d6d6;\">\n<h4><span lang=\"ca-ES\"><b>CURSOS BATXILLERAT<\/b><\/span><\/h4>\n<h6><span lang=\"ca-ES\"><b>Acompanyament personalitzat:<\/b><\/span><\/h6>\n<ul>\n<li><span lang=\"ca-ES\">Un alumne\/un progenitor\/el tutor\/a<\/span><\/li>\n<li><span lang=\"ca-ES\">Amb cita pr\u00e8via<\/span><\/li>\n<\/ul>\n<h5><span lang=\"ca-ES\"><b>(2n Batxillerat)<\/b><\/span><\/h5>\n<h6><span lang=\"ca-ES\"><b>Orientaci\u00f3 acad\u00e8mica<\/b><\/span><\/h6>\n<h6><span lang=\"ca-ES\"><b>Suport a la matriculaci\u00f3 de les PAU<\/b><\/span><\/h6>\n<\/td>\n<\/tr>\n<\/tbody>\n<\/table>\n<h5><a href=\"https:\/\/agora.xtec.cat\/instaradell\/wp-content\/uploads\/usu1552\/2020\/05\/PLA-DOBERTURA-DE-LINSTITUT-TARADELL-2-19-juny-2020.pdf\" target=\"_blank\" rel=\"noopener noreferrer\"><strong>DOCUMENT_Pla d&#8217;obertura de l&#8217;Institut Taradell 2-19 juny 2020<\/strong><\/a><\/h5>\n<h5><a href=\"https:\/\/agora.xtec.cat\/instaradell\/wp-content\/uploads\/usu1552\/2020\/06\/MESURES-DE-SEGURETAT.pdf\" target=\"_blank\" rel=\"noopener noreferrer\"><strong>DOCUMENT_Mesures de seguretat<\/strong><\/a><\/h5>\n<table style=\"height: 363px; width: 745px; border-color: #ffffff;\" width=\"745\">\n<tbody>\n<tr style=\"height: 363px;\">\n<td style=\"width: 226.983px; height: 363px; border-color: #ffffff;\"><a href=\"https:\/\/agora.xtec.cat\/instaradell\/wp-content\/uploads\/usu1552\/2020\/05\/COVID.jpg\"><img loading=\"lazy\" decoding=\"async\" class=\"aligncenter wp-image-2454\" src=\"https:\/\/agora.xtec.cat\/instaradell\/wp-content\/uploads\/usu1552\/2020\/05\/COVID.jpg\" alt=\"\" width=\"215\" height=\"432\" srcset=\"https:\/\/agora.xtec.cat\/instaradell\/wp-content\/uploads\/usu1552\/2020\/05\/COVID.jpg 445w, https:\/\/agora.xtec.cat\/instaradell\/wp-content\/uploads\/usu1552\/2020\/05\/COVID-149x300.jpg 149w\" sizes=\"auto, (max-width: 215px) 100vw, 215px\" \/><\/a><\/td>\n<td style=\"width: 510.25px; height: 363px; background-color: #f2eded; border-color: #ffffff;\">\n<ul>\n<li>\n<h6><a href=\"https:\/\/agora.xtec.cat\/instaradell\/wp-content\/uploads\/usu1552\/2020\/05\/Annex1_Horari-Professorat.pdf\" target=\"_blank\" rel=\"noopener noreferrer\">Horari Professorat<\/a><\/h6>\n<\/li>\n<li>\n<h6><a href=\"https:\/\/agora.xtec.cat\/instaradell\/wp-content\/uploads\/usu1552\/2020\/06\/RESERVA-DE-REUNIONS-I-DESPAIS-PEL-DESENVOLUPAMENT-DE-TASQUES-DURANT-LOBERTURA-DEL-2-DDE-JUNY-AL-19-DE-JUNY-DJ-18-DE-JUNY.pdf\" target=\"_blank\" rel=\"noopener noreferrer\">Reserva de reunions d&#8217;espais 18 de juny<\/a><\/h6>\n<\/li>\n<li>\n<h6><a href=\"https:\/\/agora.xtec.cat\/instaradell\/wp-content\/uploads\/usu1552\/2020\/06\/RESERVA-DE-REUNIONS-I-DESPAIS-PEL-DESENVOLUPAMENT-DE-TASQUES-DURANT-LOBERTURA-DEL-2-DDE-JUNY-AL-19-DE-JUNY-DV-19-DE-JUNY.pdf\" target=\"_blank\" rel=\"noopener noreferrer\">Reserva de reunions i d&#8217;espais 19 juny<\/a><\/h6>\n<\/li>\n<li>\n<h6><a href=\"https:\/\/agora.xtec.cat\/instaradell\/wp-content\/uploads\/usu1552\/2020\/05\/Annex6_Declaraci\u00f3-responsable_alumnes-menors-18-anys.pdf\" target=\"_blank\" rel=\"noopener noreferrer\">Declaraci\u00f3 responsable_alumnes menors 18 anys<\/a><\/h6>\n<\/li>\n<li>\n<h6><a href=\"https:\/\/agora.xtec.cat\/instaradell\/wp-content\/uploads\/usu1552\/2020\/05\/Annex7_Declaraci\u00f3-responsable_alumnes-majors-18anys.pdf\" target=\"_blank\" rel=\"noopener noreferrer\">Declaraci\u00f3 responsable_alumnes majors 18 anys<\/a><\/h6>\n<\/li>\n<li>\n<h6><a href=\"https:\/\/youtu.be\/EKGO6SRjJWU\" target=\"_blank\" rel=\"noopener noreferrer\">Com posar i treure la mascareta correctament<\/a><\/h6>\n<\/li>\n<li>\n<h6><a href=\"https:\/\/agora.xtec.cat\/instaradell\/wp-content\/uploads\/usu1552\/2020\/05\/Annex9_0_Mesures-de-protecci\u00f3-i-prevenci\u00f3.pdf\" target=\"_blank\" rel=\"noopener noreferrer\">Mesures de protecci\u00f3 i prevenci\u00f3<\/a><\/h6>\n<\/li>\n<li>\n<h6><a href=\"https:\/\/agora.xtec.cat\/instaradell\/wp-content\/uploads\/usu1552\/2020\/05\/Annex9_1_rentat-de-mans-alcohol.pdf\" target=\"_blank\" rel=\"noopener noreferrer\">Rentat de mans alcohol<\/a><\/h6>\n<\/li>\n<li>\n<h6><a href=\"https:\/\/agora.xtec.cat\/instaradell\/wp-content\/uploads\/usu1552\/2020\/05\/Annex10_0_Ventilaci\u00f3neteja-i-desinfecci\u00f3-despais.pdf\" target=\"_blank\" rel=\"noopener noreferrer\">Ventilaci\u00f3, neteja i desinfecci\u00f3 d&#8217;espais<\/a><\/h6>\n<\/li>\n<li>\n<h6><a href=\"https:\/\/agora.xtec.cat\/instaradell\/wp-content\/uploads\/usu1552\/2020\/05\/Annex10_1_neteja-desinfeccio-espais-exteriors-concurrencia-humana.pdf\" target=\"_blank\" rel=\"noopener noreferrer\">Neteja desinfecci\u00f3 espais exteriors concurrencia humana<\/a><\/h6>\n<\/li>\n<li>\n<h6><a href=\"https:\/\/agora.xtec.cat\/instaradell\/wp-content\/uploads\/usu1552\/2020\/05\/Annex10_2_neteja-desinfeccio-establiments-locals-concurrencia-humana.pdf\" target=\"_blank\" rel=\"noopener noreferrer\">Neteja desinfecci\u00f3 establiments locals concurrencia humana<\/a><\/h6>\n<\/li>\n<li>\n<h6><a href=\"https:\/\/agora.xtec.cat\/instaradell\/wp-content\/uploads\/usu1552\/2020\/05\/Annex10_3_ventilacio-sistemes-climatitzacio.pdf\" target=\"_blank\" rel=\"noopener noreferrer\">Ventilaci\u00f3 sistemes climatitzaci\u00f3<\/a><\/h6>\n<\/li>\n<li>\n<h6><a href=\"https:\/\/agora.xtec.cat\/instaradell\/wp-content\/uploads\/usu1552\/2020\/05\/Annex11_Protocol-dactuaci\u00f3-en-cas-de-detecci\u00f3-daparici\u00f3-de-simptomatologia-compatible-amb-Covid.pdf\" target=\"_blank\" rel=\"noopener noreferrer\">Protocol d&#8217;actuaci\u00f3 en cas de detecci\u00f3 d&#8217;aparici\u00f3 de simptomatologia compatible amb Covid<\/a><\/h6>\n<\/li>\n<\/ul>\n<\/td>\n<\/tr>\n<\/tbody>\n<\/table>\n<p><iframe loading=\"lazy\" src=\"\/\/www.youtube.com\/embed\/EKGO6SRjJWU\" width=\"560\" height=\"315\" frameborder=\"0\"><\/iframe><\/p>\n<p>&nbsp;<\/p>\n<p>&nbsp;<\/p>\n<p>&nbsp;<\/p>\n<p>&nbsp;<\/p>\n<p>&nbsp;<\/p>\n","protected":false},"excerpt":{"rendered":"<p><a href=\"https:\/\/agora.xtec.cat\/instaradell\/wp-content\/uploads\/usu1552\/2020\/05\/PLA-DOBERTURA-2-19-JUNY-2020.jpg\"><\/a><\/p>\n<p>CURSOS ESO (1r a 4t)<br \/>\nAcompanyament personalitzat:<\/p>\n<ul>\n<li>Un alumne\/un progenitor\/el tutor\/a<\/li>\n<li>Amb cita pr\u00e8via<\/li>\n<\/ul>\n<p>Orientaci\u00f3 acad\u00e8mica volunt\u00e0ria (a 4t d\u2019ESO)<\/p>\n<p>CURSOS BATXILLERAT<br \/>\nAcompanyament personalitzat:<\/p>\n<ul>\n<li>Un alumne\/un progenitor\/el tutor\/a<\/li>\n<li>Amb cita pr\u00e8via<\/li>\n<\/ul>\n<p>(2n Batxillerat)<br \/>\nOrientaci\u00f3 acad\u00e8mica<br \/>\nSuport a la matriculaci\u00f3 de les PAU<\/p>\n<p><a href=\"https:\/\/agora.xtec.cat\/instaradell\/wp-content\/uploads\/usu1552\/2020\/05\/PLA-DOBERTURA-DE-LINSTITUT-TARADELL-2-19-juny-2020.pdf\" target=\"_blank\" rel=\"noopener noreferrer\">DOCUMENT_Pla d&#8217;obertura de l&#8217;Institut Taradell 2-19 juny 2020<\/a><br \/>\n<a href=\"https:\/\/agora.xtec.cat\/instaradell\/wp-content\/uploads\/usu1552\/2020\/06\/MESURES-DE-SEGURETAT.pdf\" target=\"_blank\"&hellip;  <a href=\"https:\/\/agora.xtec.cat\/instaradell\/pla-dobertura-de-linstitut-taradell\/\" title=\"Read PLA D&#8217;OBERTURA DE L&#8217;INSTITUT TARADELL 2-19 juny 2020\">Llegeix m\u00e9s\u00bb<\/a><\/p>\n","protected":false},"author":4,"featured_media":0,"parent":0,"menu_order":0,"comment_status":"closed","ping_status":"closed","template":"","meta":{"_bbp_topic_count":0,"_bbp_reply_count":0,"_bbp_total_topic_count":0,"_bbp_total_reply_count":0,"_bbp_voice_count":0,"_bbp_anonymous_reply_count":0,"_bbp_topic_count_hidden":0,"_bbp_reply_count_hidden":0,"_bbp_forum_subforum_count":0,"footnotes":""},"class_list":["post-2343","page","type-page","status-publish","hentry"],"post_mailing_queue_ids":[],"_links":{"self":[{"href":"https:\/\/agora.xtec.cat\/instaradell\/wp-json\/wp\/v2\/pages\/2343","targetHints":{"allow":["GET"]}}],"collection":[{"href":"https:\/\/agora.xtec.cat\/instaradell\/wp-json\/wp\/v2\/pages"}],"about":[{"href":"https:\/\/agora.xtec.cat\/instaradell\/wp-json\/wp\/v2\/types\/page"}],"author":[{"embeddable":true,"href":"https:\/\/agora.xtec.cat\/instaradell\/wp-json\/wp\/v2\/users\/4"}],"replies":[{"embeddable":true,"href":"https:\/\/agora.xtec.cat\/instaradell\/wp-json\/wp\/v2\/comments?post=2343"}],"version-history":[{"count":4,"href":"https:\/\/agora.xtec.cat\/instaradell\/wp-json\/wp\/v2\/pages\/2343\/revisions"}],"predecessor-version":[{"id":2686,"href":"https:\/\/agora.xtec.cat\/instaradell\/wp-json\/wp\/v2\/pages\/2343\/revisions\/2686"}],"wp:attachment":[{"href":"https:\/\/agora.xtec.cat\/instaradell\/wp-json\/wp\/v2\/media?parent=2343"}],"curies":[{"name":"wp","href":"https:\/\/api.w.org\/{rel}","templated":true}]}}