{"id":9781,"date":"2024-02-20T18:09:32","date_gmt":"2024-02-20T17:09:32","guid":{"rendered":"https:\/\/agora.xtec.cat\/inssolderiu\/?page_id=9781"},"modified":"2024-02-20T18:11:18","modified_gmt":"2024-02-20T17:11:18","slug":"objectius-del-projecte","status":"publish","type":"page","link":"https:\/\/agora.xtec.cat\/inssolderiu\/objectius-del-projecte\/","title":{"rendered":"Objectius del projecte"},"content":{"rendered":"<p><strong>PROJECTE GRUP IMPULSOR PLURILING\u00dcE<\/strong><\/p>\n<p style=\"text-align: justify;\">Aquest projecte de centre t\u00e9 com a fonament b\u00e0sic impulsar la lectura i l&#8217;expressi\u00f3 oral i escrita i, en general, el multiling\u00fcisme com a base per a l\u2019\u00e8xit escolar, fomentant especialment el gust per la lectura del nostre alumnat per consolidant l\u2019h\u00e0bit de lectura independent, diari i reflexiu, que formen lectors capa\u00e7os d\u2019accedir al contingut de qualsevol text. Prendre com a objectiu essencial la capacitat d&#8217;expressar-se correctament en altres lleng\u00fces.<\/p>\n<p style=\"text-align: justify;\">L&#8217;objectiu del centre pel que fa a l\u2019\u00fas de lleng\u00fces, ha d\u2019anar m\u00e9s enll\u00e0 del catal\u00e0 i castell\u00e0, i en lleng\u00fces estrangeres ha de ser ambici\u00f3s si pensem en termes de formaci\u00f3 de futurs ciutadans d\u2019un m\u00f3n m\u00e9s globalitzat que mai. Com \u00e9s conegut, la primera llengua estrangera d\u2019oferta educativa del centre \u00e9s l\u2019angl\u00e8s i la segona el franc\u00e8s. Cal orientar, per\u00f2, l\u2019ensenyament-aprenentatge de totes dues lleng\u00fces, enteses coma eines b\u00e0siques a nivell instrumental, com un proc\u00e9s m\u00e9s viu i menys academicista, m\u00e9s orientat a l\u2019\u00fas i ala pr\u00e0ctica que no al context restringit de l\u2019aula. Per aquest motiu es proposa en el nostre PEC:<\/p>\n<p style=\"text-align: justify; padding-left: 40px;\">a) La impartici\u00f3 d\u2019una part del curr\u00edculum en llengua estrangera. Metodologia AICLE.<br \/>\nb) La participaci\u00f3 en programes educatius internacionals i processos de certificaci\u00f3 ling\u00fc\u00edstica.<br \/>\nc) La cooperaci\u00f3 amb professorat nadiu de suport a la conversa.<br \/>\nd) El foment i la programaci\u00f3 d\u2019intercanvis i viatges a l\u2019estranger.<br \/>\ne) L\u2019impuls a la formaci\u00f3 en idiomes del professorat del centre<\/p>\n<p>Objectius Projecte GIP:<\/p>\n<ol>\n<li style=\"list-style-type: none;\">\n<ol>\n<li style=\"list-style-type: none;\">\n<ol>\n<li>Millorar la capacitat comunicativa en llengua anglesa de l\u2019alumnat<\/li>\n<li>Integraci\u00f3 curricular progressiva de mat\u00e8ries no ling\u00fc\u00edstiques en llengua anglesa<\/li>\n<li>Promoure la formaci\u00f3 en llengua anglesa del professorat del centre<\/li>\n<li>Fomentar el pluriling\u00fcisme al centre en el marc del PEC<\/li>\n<li>Promoure intercanvis educatius amb altres pa\u00efsos de la UE (iniciar eTwinning amb objectiu d&#8217;Erasmus +)<\/li>\n<\/ol>\n<\/li>\n<\/ol>\n<\/li>\n<\/ol>\n","protected":false},"excerpt":{"rendered":"<p>PROJECTE GRUP IMPULSOR PLURILING\u00dcE<br \/>\nAquest projecte de centre t\u00e9 com a fonament b\u00e0sic impulsar la lectura i l&#8217;expressi\u00f3 oral i escrita i, en general, el multiling\u00fcisme com a base per a l\u2019\u00e8xit escolar, fomentant especialment el gust per la lectura del nostre alumnat per consolidant l\u2019h\u00e0bit&hellip;  <a href=\"https:\/\/agora.xtec.cat\/inssolderiu\/objectius-del-projecte\/\" title=\"Read Objectius del projecte\">Llegeix m\u00e9s\u00bb<\/a><\/p>\n","protected":false},"author":1,"featured_media":0,"parent":0,"menu_order":0,"comment_status":"closed","ping_status":"closed","template":"","meta":{"_bbp_topic_count":0,"_bbp_reply_count":0,"_bbp_total_topic_count":0,"_bbp_total_reply_count":0,"_bbp_voice_count":0,"_bbp_anonymous_reply_count":0,"_bbp_topic_count_hidden":0,"_bbp_reply_count_hidden":0,"_bbp_forum_subforum_count":0,"footnotes":""},"class_list":["post-9781","page","type-page","status-publish","hentry"],"post_mailing_queue_ids":[],"_links":{"self":[{"href":"https:\/\/agora.xtec.cat\/inssolderiu\/wp-json\/wp\/v2\/pages\/9781","targetHints":{"allow":["GET"]}}],"collection":[{"href":"https:\/\/agora.xtec.cat\/inssolderiu\/wp-json\/wp\/v2\/pages"}],"about":[{"href":"https:\/\/agora.xtec.cat\/inssolderiu\/wp-json\/wp\/v2\/types\/page"}],"author":[{"embeddable":true,"href":"https:\/\/agora.xtec.cat\/inssolderiu\/wp-json\/wp\/v2\/users\/1"}],"replies":[{"embeddable":true,"href":"https:\/\/agora.xtec.cat\/inssolderiu\/wp-json\/wp\/v2\/comments?post=9781"}],"version-history":[{"count":2,"href":"https:\/\/agora.xtec.cat\/inssolderiu\/wp-json\/wp\/v2\/pages\/9781\/revisions"}],"predecessor-version":[{"id":9785,"href":"https:\/\/agora.xtec.cat\/inssolderiu\/wp-json\/wp\/v2\/pages\/9781\/revisions\/9785"}],"wp:attachment":[{"href":"https:\/\/agora.xtec.cat\/inssolderiu\/wp-json\/wp\/v2\/media?parent=9781"}],"curies":[{"name":"wp","href":"https:\/\/api.w.org\/{rel}","templated":true}]}}