{"id":9071,"date":"2023-04-20T14:31:10","date_gmt":"2023-04-20T12:31:10","guid":{"rendered":"https:\/\/agora.xtec.cat\/inssolderiu\/?page_id=9071"},"modified":"2023-04-20T14:36:24","modified_gmt":"2023-04-20T12:36:24","slug":"sistema-de-gestio-de-qualitat","status":"publish","type":"page","link":"https:\/\/agora.xtec.cat\/inssolderiu\/sistema-de-gestio-de-qualitat\/","title":{"rendered":"Sistema de gesti\u00f3 de qualitat"},"content":{"rendered":"<ul>\n<li><b>MISSI\u00d3, VISI\u00d3 I VALORS<\/b><\/li>\n<\/ul>\n<p>&nbsp;<\/p>\n<ul>\n<li style=\"list-style-type: none;\">\n<ul style=\"list-style-type: circle;\">\n<li><b>MISSI\u00d3 (Ra\u00f3 de ser).<\/b><\/li>\n<\/ul>\n<\/li>\n<\/ul>\n<p style=\"padding-left: 40px; text-align: justify;\"><span style=\"font-weight: 400;\">L&#8217;Institut S\u00f2l de Riu d&#8217;Alcanar \u00e9s un centre p\u00fablic que vol satisfer les necessitats de formaci\u00f3 dels alumnes de la poblaci\u00f3 i d&#8217;altres que venen de pobles ve\u00efns, oferint uns ensenyaments innovadors i de qualitat basats en valors humans, que garanteixen a l&#8217;alumnat l&#8217;adquisici\u00f3 de compet\u00e8ncies acad\u00e8miques, t\u00e8cniques i habilitats socials, que els faciliten tant el seu acc\u00e9s a estudis superiors com la seva inserci\u00f3 en el m\u00f3n laboral.<\/span><\/p>\n<p style=\"text-align: justify;\">\n<ul style=\"text-align: justify;\">\n<li style=\"list-style-type: none;\">\n<ul style=\"list-style-type: circle;\">\n<li><b>VISI\u00d3 (El que volem ser).<\/b><\/li>\n<\/ul>\n<\/li>\n<\/ul>\n<p style=\"padding-left: 40px; text-align: justify;\"><span style=\"font-weight: 400;\">Ser un centre de prestigi, reconegut en la seva zona d&#8217;influ\u00e8ncia per la seva oferta de formaci\u00f3 de qualitat i innovadora, aplicant sistemes d&#8217;aprenentatge i gesti\u00f3 avan\u00e7ats que faciliten la millora de les compet\u00e8ncies humanes, acad\u00e8miques i professionals dels seus alumnes.<\/span><\/p>\n<p style=\"padding-left: 40px; text-align: justify;\">\n<ul style=\"text-align: justify;\">\n<li style=\"list-style-type: none;\">\n<ul style=\"list-style-type: circle;\">\n<li><b>VALORS (Principis \u00e8tics i funcionament que guien la presa de decisions i el treball quotidi\u00e0 del centre educatiu).<\/b><\/li>\n<\/ul>\n<\/li>\n<\/ul>\n<p style=\"padding-left: 40px; text-align: justify;\"><span style=\"font-weight: 400;\">L\u2019objectiu \u00e9s la formaci\u00f3 integral de tot l\u2019alumnat i els valors a fomentar s\u00f3n: responsabilitat, esfor\u00e7, efic\u00e0cia, efici\u00e8ncia, rigor i comprom\u00eds social.<\/span><\/p>\n<p>&nbsp;<\/p>\n<ul>\n<li><b>POL\u00cdTICA I ABAST DEL SISTEMA DE GESTI\u00d3 DE QUALITAT<\/b><\/li>\n<\/ul>\n<p>&nbsp;<\/p>\n<p style=\"padding-left: 40px; text-align: justify;\"><span style=\"font-weight: 400;\">La Pol\u00edtica de Qualitat de l\u2019institut S\u00f2l de Riu \u00e9s un comprom\u00eds amb la societat en general per tal de satisfer les necessitats educatives dels nostres alumnes en particular, oferint-los uns ensenyaments d\u2019Educaci\u00f3 Secund\u00e0ria Obligat\u00f2ria, Batxillerat i Formaci\u00f3 Professional de qualitat tenint, com a repte primordial, la millora continua per assolir l\u2019excel\u00b7l\u00e8ncia educativa.<\/span><b>\u00a0<\/b><\/p>\n<p style=\"padding-left: 40px; text-align: justify;\">\n<p style=\"padding-left: 40px; text-align: justify;\"><span style=\"font-weight: 400;\">El Sistema de Gesti\u00f3 de la Qualitat (SGQ) de l&#8217;Institut S\u00f2l de Riu t\u00e9 el seg\u00fcent abast de certificaci\u00f3 quant a servei: Ensenyament i Aprenentatge de l\u2019alumnat a l&#8217;ESO, Batxillerat (BATX) i als cicles formatius de les fam\u00edlies Instal\u00b7laci\u00f3 i manteniment i Imatge i so (CFGM).<\/span><\/p>\n<p style=\"padding-left: 40px; text-align: justify;\">\n<p style=\"padding-left: 40px; text-align: justify;\"><span style=\"font-weight: 400;\">S&#8217;apliquen tots els punts de la Norma UNE-EN ISO 9001:2015 excepte el cap\u00edtol 8.3 Disseny i desenvolupament del servei ja que, per la naturalesa de l&#8217;organitzaci\u00f3 i del seu servei, no hi ha disseny de servei donat que \u00e9s el Departament d&#8217;Educaci\u00f3 qui estableix les directrius d\u2019aquest.<\/span><\/p>\n<p style=\"padding-left: 40px; text-align: justify;\">\n<p style=\"padding-left: 40px; text-align: justify;\"><span style=\"font-weight: 400;\">El cam\u00ed de la millora cont\u00ednua i satisfacci\u00f3 al nostre centre el podem concretar en els seg\u00fcents objectius:<\/span><\/p>\n<ul>\n<li style=\"list-style-type: none;\">\n<ul>\n<li style=\"list-style-type: none;\">\n<ul>\n<li style=\"list-style-type: none;\">\n<ul>\n<li style=\"font-weight: 400;\" aria-level=\"2\"><span style=\"font-weight: 400;\">Arribar a enriquir la dimensi\u00f3 personal i social de l\u2019alumnat satisfent les seves necessitats formatives objecte d\u2019inscripci\u00f3 al nostre centre.<\/span><\/li>\n<li style=\"font-weight: 400;\" aria-level=\"2\"><span style=\"font-weight: 400;\">Generar confian\u00e7a en les fam\u00edlies i obtenir el seu recolzament en el proc\u00e9s educatiu dels seus fills i filles.<\/span><\/li>\n<li style=\"font-weight: 400;\" aria-level=\"2\"><span style=\"font-weight: 400;\">Generar un clima de pertinen\u00e7a al centre que permeti augmentar la cohesi\u00f3 social, la conviv\u00e8ncia entre tots els agents implicats i reduir l\u2019abandonament prematur per assolir l\u2019\u00e8xit educatiu.<\/span><\/li>\n<li style=\"font-weight: 400;\" aria-level=\"2\"><span style=\"font-weight: 400;\">Oferir als professionals docents i al personal d\u2019administraci\u00f3 i serveis les eines que permetin desenvolupar al m\u00e0xim les seves compet\u00e8ncies i esdevenir satisfets amb la seva tasca al centre.<\/span><\/li>\n<li style=\"font-weight: 400;\" aria-level=\"2\"><span style=\"font-weight: 400;\">Col\u00b7laborar amb les institucions i empreses del sector m\u00e9s proper i af\u00ed per tal de dotar al nostre alumnat de les compet\u00e8ncies professionals que li permetin la integraci\u00f3 plena en societat.<\/span><span style=\"font-weight: 400;\">\u00a0<\/span><\/li>\n<\/ul>\n<\/li>\n<\/ul>\n<\/li>\n<\/ul>\n<\/li>\n<\/ul>\n<p style=\"padding-left: 40px; text-align: justify;\">\n<p style=\"padding-left: 40px; text-align: justify;\"><span style=\"font-weight: 400;\">Aquesta pol\u00edtica ha de ser difosa i coneguda pels membres de l\u2019organitzaci\u00f3 i del seu entorn.<\/span><\/p>\n<p style=\"padding-left: 40px; text-align: justify;\"><span style=\"font-weight: 400;\">Els responsables de la seva aplicaci\u00f3 han d\u2019afavorir la participaci\u00f3 de la comunitat educativa comptant amb la seva col\u00b7laboraci\u00f3 i comprom\u00eds.<\/span><\/p>\n","protected":false},"excerpt":{"rendered":"<ul>\n<li>MISSI\u00d3, VISI\u00d3 I VALORS<\/li>\n<\/ul>\n<p>&nbsp;<\/p>\n<ul>\n<li style=\"list-style-type: none;\">\n<ul style=\"list-style-type: circle;\">\n<li>MISSI\u00d3 (Ra\u00f3 de ser).<\/li>\n<\/ul>\n<\/li>\n<\/ul>\n<p>L&#8217;Institut S\u00f2l de Riu d&#8217;Alcanar \u00e9s un centre p\u00fablic que vol satisfer les necessitats de formaci\u00f3 dels alumnes de la poblaci\u00f3 i d&#8217;altres que venen de pobles ve\u00efns, oferint uns ensenyaments innovadors i de qualitat&hellip;  <a href=\"https:\/\/agora.xtec.cat\/inssolderiu\/sistema-de-gestio-de-qualitat\/\" title=\"Read Sistema de gesti\u00f3 de qualitat\">Llegeix m\u00e9s\u00bb<\/a><\/p>\n","protected":false},"author":1,"featured_media":0,"parent":0,"menu_order":0,"comment_status":"closed","ping_status":"closed","template":"","meta":{"_bbp_topic_count":0,"_bbp_reply_count":0,"_bbp_total_topic_count":0,"_bbp_total_reply_count":0,"_bbp_voice_count":0,"_bbp_anonymous_reply_count":0,"_bbp_topic_count_hidden":0,"_bbp_reply_count_hidden":0,"_bbp_forum_subforum_count":0,"footnotes":""},"class_list":["post-9071","page","type-page","status-publish","hentry"],"post_mailing_queue_ids":[],"_links":{"self":[{"href":"https:\/\/agora.xtec.cat\/inssolderiu\/wp-json\/wp\/v2\/pages\/9071","targetHints":{"allow":["GET"]}}],"collection":[{"href":"https:\/\/agora.xtec.cat\/inssolderiu\/wp-json\/wp\/v2\/pages"}],"about":[{"href":"https:\/\/agora.xtec.cat\/inssolderiu\/wp-json\/wp\/v2\/types\/page"}],"author":[{"embeddable":true,"href":"https:\/\/agora.xtec.cat\/inssolderiu\/wp-json\/wp\/v2\/users\/1"}],"replies":[{"embeddable":true,"href":"https:\/\/agora.xtec.cat\/inssolderiu\/wp-json\/wp\/v2\/comments?post=9071"}],"version-history":[{"count":3,"href":"https:\/\/agora.xtec.cat\/inssolderiu\/wp-json\/wp\/v2\/pages\/9071\/revisions"}],"predecessor-version":[{"id":9073,"href":"https:\/\/agora.xtec.cat\/inssolderiu\/wp-json\/wp\/v2\/pages\/9071\/revisions\/9073"}],"wp:attachment":[{"href":"https:\/\/agora.xtec.cat\/inssolderiu\/wp-json\/wp\/v2\/media?parent=9071"}],"curies":[{"name":"wp","href":"https:\/\/api.w.org\/{rel}","templated":true}]}}