{"id":7572,"date":"2025-07-10T17:24:54","date_gmt":"2025-07-10T15:24:54","guid":{"rendered":"https:\/\/agora.xtec.cat\/inssolderiu\/?page_id=7572"},"modified":"2025-09-29T20:05:25","modified_gmt":"2025-09-29T18:05:25","slug":"cfgb","status":"publish","type":"page","link":"https:\/\/agora.xtec.cat\/inssolderiu\/cfgb\/","title":{"rendered":"Cicle Formatiu de Grau B\u00e0sic Agrojardineria i composici\u00f3 floral"},"content":{"rendered":"<h4 style=\"text-align: center;\"><a href=\"https:\/\/docs.google.com\/forms\/d\/e\/1FAIpQLSdSTX5dEohPjLNxBDr3TRxwJFsctIv9qebbyyztjmX1sdv9Dg\/viewform?usp=preview\"><strong>ENLLA\u00c7 FORMULARI MATR\u00cdCULA CURS 25-26<\/strong><\/a><\/h4>\n<p><strong>QUE \u00c9S LA FP B\u00c0SICA?<\/strong><\/p>\n<div class=\"etapa\">\n<div class=\"padding-15\">\n<p style=\"text-align: justify;\">Els cicles formatius de grau b\u00e0sic complementen l&#8217;oferta formativa de la formaci\u00f3 professional, conjuntament amb els cicles formatius de grau mitj\u00e0 i de grau superior. L&#8217;educaci\u00f3 prim\u00e0ria, l&#8217;educaci\u00f3 secund\u00e0ria obligat\u00f2ria i els cicles formatius de grau b\u00e0sic (CFGB) constitueixen l&#8217;educaci\u00f3 b\u00e0sica. <a href=\"https:\/\/www.gencat.cat\/ensenyament\/eac\/pdf\/ETAPA_FPGB_CA.pdf\">Acc\u00e9s a la guia informativa<\/a>.<\/p>\n<p style=\"text-align: justify;\">Van dirigits a l&#8217;alumnat que ha cursat tercer curs d&#8217;educaci\u00f3 secund\u00e0ria obligat\u00f2ria (o, excepcionalment, segon curs), amb la proposta de l&#8217;equip docent mitjan\u00e7ant el Consell orientador.<\/p>\n<p style=\"text-align: justify;\">Els cicles formatius de grau b\u00e0sic tenen una durada de dos cursos acad\u00e8mics.<\/p>\n<p style=\"text-align: justify;\">Les persones que superen un cicle formatiu de grau b\u00e0sic poden accedir:<\/p>\n<p style=\"text-align: justify; padding-left: 40px;\">\u2022 als cicles formatius de grau mitj\u00e0,<br \/>\n\u2022 al batxillerat o<br \/>\n\u2022 al m\u00f3n laboral.<\/p>\n<p><strong>ACC\u00c9S<\/strong><\/p>\n<p>Per accedir a un cicle formatiu de grau b\u00e0sic, cal complir<br \/>\nsimult\u00e0niament els requisits seg\u00fcents:<\/p>\n<ul>\n<li style=\"list-style-type: none;\">\n<ul>\n<li style=\"list-style-type: none;\">\n<ul>\n<li>Tenir quinze anys complerts o complir-los durant l&#8217;any<br \/>\nnatural en el qual s&#8217;accedeix al cicle formatiu.<\/li>\n<li>Haver cursat tercer curs d&#8217;educaci\u00f3 secund\u00e0ria<br \/>\nobligat\u00f2ria. Excepcionalment, s&#8217;hi pot accedir despr\u00e9s de haver cursat el segon curs.<\/li>\n<li>Haver rebut, el Consell orientador, una recomanaci\u00f3 de<br \/>\nl&#8217;equip docent d&#8217;educaci\u00f3 secund\u00e0ria obligat\u00f2ria en aquest<br \/>\nsentit.<\/li>\n<\/ul>\n<\/li>\n<\/ul>\n<\/li>\n<\/ul>\n<p style=\"text-align: justify;\"><strong>FP B\u00e0sica\u00a0 A L&#8217;INS S\u00d2L-DE-RIU<\/strong><a href=\"https:\/\/agora.xtec.cat\/inssolderiu\/wp-content\/uploads\/usu1860\/2023\/03\/fpbasica-300x102-1.jpg\"><img loading=\"lazy\" decoding=\"async\" class=\"size-full wp-image-9025 aligncenter\" src=\"https:\/\/agora.xtec.cat\/inssolderiu\/wp-content\/uploads\/usu1860\/2023\/03\/fpbasica-300x102-1.jpg\" alt=\"\" width=\"300\" height=\"102\" \/><\/a>En el nostre centre oferim la FP B\u00e0sica d&#8217;Agrojardineria i composicions florals. Podeu trobar m\u00e9s informaci\u00f3 en aquest enlla\u00e7:<\/p>\n<p style=\"text-align: center;\"><a href=\"https:\/\/www.gencat.cat\/ensenyament\/eac\/pdf\/CFPB____AR10_CA.pdf\"><strong>FP B\u00e0sica d&#8217;Agrojardineria i composicions florals<\/strong><\/a><\/p>\n<p><strong>COM PUC PREINSCRIURE&#8217;M<\/strong><\/p>\n<p style=\"text-align: justify;\">Han de presentar la <strong>sol\u00b7licitud de preinscripci\u00f3 al centre<\/strong> tots els alumnes que volen accedir a qualsevol programa de formaci\u00f3 i inserci\u00f3. Les <a title=\"Ves-hi\" href=\"https:\/\/preinscripcio.gencat.cat\/ca\/estudis\/fp-basica\/inici\/\" target=\"_blank\" rel=\"noopener noreferrer\"><strong>sol\u00b7licituds de preinscripci\u00f3 als programes de formaci\u00f3 i inserci\u00f3<\/strong><\/a>. \u00c9s molt important respectar les dates, perqu\u00e8 totes les sol\u00b7licituds que es presentin fora d&#8217;aquest termini perdran qualsevol prioritat que tinguin a l&#8217;hora d&#8217;obtenir la pla\u00e7a.<\/p>\n<p style=\"text-align: justify;\"><strong>Cal descarregar-se la sol\u00b7licitud, emplenar-la i presentar-la al centre del programa demanat<\/strong> en primer lloc. Juntament amb la sol\u00b7licitud de preinscripci\u00f3 cal presentar la documentaci\u00f3 identificativa i acreditativa dels criteris al\u00b7legats (la falsedat o frau en les dades al\u00b7legades o la presentaci\u00f3 de m\u00e9s d&#8217;una sol\u00b7licitud de preinscripci\u00f3 comporten la invalidaci\u00f3 dels drets de prioritat que puguin correspondre).<\/p>\n<p style=\"text-align: center;\"><strong><a href=\"https:\/\/preinscripcio.gencat.cat\/ca\/estudis\/fp-basica\/preinscriute\/sollicitud\/\" target=\"_blank\" rel=\"noopener noreferrer\">ACC\u00c9S A LA SOL\u00b7LICITUD DE PREINSCRIPCI\u00d3<\/a><\/strong><\/p>\n<p style=\"text-align: justify;\"><strong>M\u00c9S INFORMACI\u00d3<\/strong><\/p>\n<p style=\"text-align: justify;\">En el seg\u00fcent enlla\u00e7 podreu accedir a tota la informaci\u00f3 relacionada a la <strong><a href=\"https:\/\/preinscripcio.gencat.cat\/ca\/estudis\/fp-basica\/inici\/\" target=\"_blank\" rel=\"noopener noreferrer\">\u00a0Formaci\u00f3 Professional de Grau B\u00e0sic<\/a>.<\/strong><\/p>\n<\/div>\n<\/div>\n","protected":false},"excerpt":{"rendered":"<p><a href=\"https:\/\/docs.google.com\/forms\/d\/e\/1FAIpQLSdSTX5dEohPjLNxBDr3TRxwJFsctIv9qebbyyztjmX1sdv9Dg\/viewform?usp=preview\">ENLLA\u00c7 FORMULARI MATR\u00cdCULA CURS 25-26<\/a><br \/>\nQUE \u00c9S LA FP B\u00c0SICA?<\/p>\n<p>Els cicles formatius de grau b\u00e0sic complementen l&#8217;oferta formativa de la formaci\u00f3 professional, conjuntament amb els cicles formatius de grau mitj\u00e0 i de grau superior. L&#8217;educaci\u00f3 prim\u00e0ria, l&#8217;educaci\u00f3 secund\u00e0ria obligat\u00f2ria i els cicles formatius de grau&hellip;  <a href=\"https:\/\/agora.xtec.cat\/inssolderiu\/cfgb\/\" title=\"Read Cicle Formatiu de Grau B\u00e0sic Agrojardineria i composici\u00f3 floral\">Llegeix m\u00e9s\u00bb<\/a><\/p>\n","protected":false},"author":1,"featured_media":0,"parent":0,"menu_order":0,"comment_status":"closed","ping_status":"closed","template":"","meta":{"_bbp_topic_count":0,"_bbp_reply_count":0,"_bbp_total_topic_count":0,"_bbp_total_reply_count":0,"_bbp_voice_count":0,"_bbp_anonymous_reply_count":0,"_bbp_topic_count_hidden":0,"_bbp_reply_count_hidden":0,"_bbp_forum_subforum_count":0,"footnotes":""},"class_list":["post-7572","page","type-page","status-publish","hentry"],"post_mailing_queue_ids":[],"_links":{"self":[{"href":"https:\/\/agora.xtec.cat\/inssolderiu\/wp-json\/wp\/v2\/pages\/7572","targetHints":{"allow":["GET"]}}],"collection":[{"href":"https:\/\/agora.xtec.cat\/inssolderiu\/wp-json\/wp\/v2\/pages"}],"about":[{"href":"https:\/\/agora.xtec.cat\/inssolderiu\/wp-json\/wp\/v2\/types\/page"}],"author":[{"embeddable":true,"href":"https:\/\/agora.xtec.cat\/inssolderiu\/wp-json\/wp\/v2\/users\/1"}],"replies":[{"embeddable":true,"href":"https:\/\/agora.xtec.cat\/inssolderiu\/wp-json\/wp\/v2\/comments?post=7572"}],"version-history":[{"count":7,"href":"https:\/\/agora.xtec.cat\/inssolderiu\/wp-json\/wp\/v2\/pages\/7572\/revisions"}],"predecessor-version":[{"id":10535,"href":"https:\/\/agora.xtec.cat\/inssolderiu\/wp-json\/wp\/v2\/pages\/7572\/revisions\/10535"}],"wp:attachment":[{"href":"https:\/\/agora.xtec.cat\/inssolderiu\/wp-json\/wp\/v2\/media?parent=7572"}],"curies":[{"name":"wp","href":"https:\/\/api.w.org\/{rel}","templated":true}]}}